{"id":8531,"date":"2024-06-18T10:45:07","date_gmt":"2024-06-18T08:45:07","guid":{"rendered":"http:\/\/agora-eoi.xtec.cat\/eoicalella\/?page_id=8531"},"modified":"2024-06-25T10:10:09","modified_gmt":"2024-06-25T08:10:09","slug":"c2-angles","status":"publish","type":"page","link":"https:\/\/agora-eoi.xtec.cat\/eoicalella\/secretaria\/matricula\/c2-angles\/","title":{"rendered":"Matr\u00edcula C2 d&#8217;angl\u00e8s"},"content":{"rendered":"<p><strong>ACC\u00c9S AL NIVELL C2 \u2013 CURS 2024-2025<\/strong><\/p>\n<p>Els alumnes que es vulguin cursar nivell C2 s&#8217;hauran de <a href=\"https:\/\/www.eoidigital.com\/eoicat\/alumnes\/\">preinscriure del 2 d&#8217;agost al 9 de setembre<\/a> (fins les 15 hores) de 2024. Per accedir als estudis de nivell C2 \u00e9s requisit indispensable estar en possessi\u00f3 del t\u00edtol de nivell C1. No s&#8217;hi pot accedir per test de nivell.<\/p>\n<p>Consulteu <a href=\"https:\/\/drive.google.com\/file\/d\/1pEdwkys7HN5ElphkxHTi1L-f-LU50Viw\/view?usp=sharing\">aquest document<\/a> per veure tota la informaci\u00f3.<\/p>\n<p><a href=\"https:\/\/www.eoidigital.com\/eoicat\/alumnes\/\">APLICATIU DE PREINSCRIPCI\u00d3<\/a><\/p>\n","protected":false},"excerpt":{"rendered":"<p>ACC\u00c9S AL NIVELL C2 \u2013 CURS 2024-2025<br \/>\nEls alumnes que es vulguin cursar nivell C2 s&#8217;hauran de <a href=\"https:\/\/www.eoidigital.com\/eoicat\/alumnes\/\">preinscriure del 2 d&#8217;agost al 9 de setembre<\/a> (fins les 15 hores) de 2024. Per accedir als estudis de nivell C2 \u00e9s requisit indispensable estar en possessi\u00f3 del&hellip;  <a href=\"https:\/\/agora-eoi.xtec.cat\/eoicalella\/secretaria\/matricula\/c2-angles\/\" title=\"Read Matr\u00edcula C2 d&#8217;angl\u00e8s\">Llegeix m\u00e9s\u00bb<\/a><\/p>\n","protected":false},"author":1,"featured_media":0,"parent":10186,"menu_order":0,"comment_status":"closed","ping_status":"closed","template":"page-templates\/side-menu.php","meta":{"_bbp_topic_count":0,"_bbp_reply_count":0,"_bbp_total_topic_count":0,"_bbp_total_reply_count":0,"_bbp_voice_count":0,"_bbp_anonymous_reply_count":0,"_bbp_topic_count_hidden":0,"_bbp_reply_count_hidden":0,"_bbp_forum_subforum_count":0,"footnotes":""},"class_list":["post-8531","page","type-page","status-publish","hentry"],"post_mailing_queue_ids":[],"_links":{"self":[{"href":"https:\/\/agora-eoi.xtec.cat\/eoicalella\/wp-json\/wp\/v2\/pages\/8531","targetHints":{"allow":["GET"]}}],"collection":[{"href":"https:\/\/agora-eoi.xtec.cat\/eoicalella\/wp-json\/wp\/v2\/pages"}],"about":[{"href":"https:\/\/agora-eoi.xtec.cat\/eoicalella\/wp-json\/wp\/v2\/types\/page"}],"author":[{"embeddable":true,"href":"https:\/\/agora-eoi.xtec.cat\/eoicalella\/wp-json\/wp\/v2\/users\/1"}],"replies":[{"embeddable":true,"href":"https:\/\/agora-eoi.xtec.cat\/eoicalella\/wp-json\/wp\/v2\/comments?post=8531"}],"version-history":[{"count":6,"href":"https:\/\/agora-eoi.xtec.cat\/eoicalella\/wp-json\/wp\/v2\/pages\/8531\/revisions"}],"predecessor-version":[{"id":10819,"href":"https:\/\/agora-eoi.xtec.cat\/eoicalella\/wp-json\/wp\/v2\/pages\/8531\/revisions\/10819"}],"up":[{"embeddable":true,"href":"https:\/\/agora-eoi.xtec.cat\/eoicalella\/wp-json\/wp\/v2\/pages\/10186"}],"wp:attachment":[{"href":"https:\/\/agora-eoi.xtec.cat\/eoicalella\/wp-json\/wp\/v2\/media?parent=8531"}],"curies":[{"name":"wp","href":"https:\/\/api.w.org\/{rel}","templated":true}]}}