{"id":10445,"date":"2025-06-20T12:00:00","date_gmt":"2025-06-20T10:00:00","guid":{"rendered":"https:\/\/agora-eoi.xtec.cat\/eoicalella\/?page_id=10445"},"modified":"2025-10-01T16:44:37","modified_gmt":"2025-10-01T14:44:37","slug":"devolucio-de-taxes-o-preus-publics","status":"publish","type":"page","link":"https:\/\/agora-eoi.xtec.cat\/eoicalella\/secretaria\/preus\/devolucio-de-taxes-o-preus-publics\/","title":{"rendered":"Devoluci\u00f3 de taxes o preus p\u00fablics"},"content":{"rendered":"<p><strong>Les taxes o els preus p\u00fablics de la matr\u00edcula a les EOI nom\u00e9s es poden retornar en els sup\u00f2sits que s&#8217;indiquen a continuaci\u00f3 i en els terminis que, quan escau, s&#8217;assenyalen:<\/strong><\/p>\n<ul>\n<li>\n<h4>Ren\u00fancia amb dret a devoluci\u00f3 de taxes per la matr\u00edcula: <strong>fins al 10 d&#8217;octubre del 2025. <\/strong><\/h4>\n<\/li>\n<li>Ren\u00fancia a la inscripci\u00f3 a les proves lliures per a l&#8217;obtenci\u00f3 del certificat de nivell intermedi B1, del certificat de nivell intermedi B2 o del certificat de nivell avan\u00e7at C1 quan la ren\u00fancia i la sol\u00b7licitud de retorn es produeixen<strong> abans de la data de publicaci\u00f3 de les llistes definitives d&#8217;admesos<\/strong>.<\/li>\n<li>Pagaments duplicats o per un import superior.<\/li>\n<li>No aplicaci\u00f3 de bonificacions o exempcions a les quals l&#8217;alumne o alumna t\u00e9 dret en el moment de la matr\u00edcula, per l&#8217;import corresponent.<\/li>\n<li aria-level=\"1\">Per\u00a0<strong>causes extraordin\u00e0ries<\/strong>\u00a0no imputables a l\u2019alumnat i degudament justificades, es pot sol\u00b7licitar la devoluci\u00f3 amb posterioritat a les dates esmentades (no seran considerats de for\u00e7a major els canvis en l\u2019horari laboral, ni els canvis de lloc de resid\u00e8ncia o similars).<\/li>\n<li>En cas de trasllat a una altra comunitat aut\u00f2noma, l&#8217;alumne o alumna pot sol\u00b7licitar el retorn de taxes o preus p\u00fablics<strong> abans del darrer dia h\u00e0bil de novembre<\/strong>.<\/li>\n<\/ul>\n<h2>Vies de sol\u00b7licitud:<\/h2>\n<ul>\n<li><strong>Preferiblement de manera telem\u00e0tica<\/strong>\u00a0a\u00a0<a href=\"https:\/\/web.gencat.cat\/ca\/tramits\/tramits-temes\/devolucio-ingressos-indeguts\">https:\/\/web.gencat.cat\/ca\/tramits\/tramits-temes\/devolucio-ingressos-indeguts<\/a><\/li>\n<li><strong>Per a tramitaci\u00f3 en l\u00ednia assistida<\/strong>\u00a0podeu adre\u00e7ar-vos presencialment a les Oficines de Registre de Serveis Centrals i dels Serveis Territorials del Departament d\u2019Educaci\u00f3.<\/li>\n<li><strong>De manera presencial<\/strong>, emplenant el formulari seg\u00fcent: <a href=\"https:\/\/drive.google.com\/file\/d\/1BdDbq9LsrwjVUm05R0BGqE4aUadC_jnF\/view?usp=drive_link\">Sol\u00b7licitud de devoluci\u00f3 de taxa en la prestaci\u00f3 de serveis docents de les escoles oficials d&#8217;idiomes (EOI) o per a la inscripci\u00f3 en les proves lliures<\/a>\u00a0 \u00a0a lliurar a la secretaria de l\u2019escola.<\/li>\n<\/ul>\n<h2>Documentaci\u00f3:<\/h2>\n<ul>\n<li>Sol\u00b7licitud emplenada i firmada\u00a0<i>\u00a0<\/i><\/li>\n<li>C\u00f2pia del resguard de matr\u00edcula<\/li>\n<li>C\u00f2pia del comprovant de pagament<\/li>\n<li>C\u00f2pia del document que acrediti la bonificaci\u00f3 i\/o exempci\u00f3, si s\u2019escau.<\/li>\n<\/ul>\n<p><span style=\"font-family: inherit; font-size: 1em;\">La ren\u00fancia a la matr\u00edcula oficial amb devoluci\u00f3 de taxa suposa l&#8217;anul\u00b7laci\u00f3 de la matr\u00edcula a tots els efectes i l&#8217;exclusi\u00f3 de la matr\u00edcula de l&#8217;expedient acad\u00e8mic de l&#8217;alumne o alumna i, per tant, la ren\u00fancia a la pla\u00e7a.<\/span><\/p>\n<p>El termini de resoluci\u00f3 del procediment no dep\u00e8n de l\u2019EOI, sin\u00f3 del \u201cServei de Gesti\u00f3 Pressupost\u00e0ria&#8221; del Departament d\u2019Educaci\u00f3, que \u00e9s qui en comunica la resoluci\u00f3 directament a l\u2019alumnat .<\/p>\n","protected":false},"excerpt":{"rendered":"<p>Les taxes o els preus p\u00fablics de la matr\u00edcula a les EOI nom\u00e9s es poden retornar en els sup\u00f2sits que s&#8217;indiquen a continuaci\u00f3 i en els terminis que, quan escau, s&#8217;assenyalen:<\/p>\n<ul>\n<li>\nRen\u00fancia amb dret a devoluci\u00f3 de taxes per la matr\u00edcula: fins al 10 d&#8217;octubre del&hellip;  <a href=\"https:\/\/agora-eoi.xtec.cat\/eoicalella\/secretaria\/preus\/devolucio-de-taxes-o-preus-publics\/\" title=\"Read Devoluci\u00f3 de taxes o preus p\u00fablics\">Llegeix m\u00e9s\u00bb<\/a><\/p>\n","protected":false},"author":1,"featured_media":0,"parent":8161,"menu_order":0,"comment_status":"closed","ping_status":"closed","template":"page-templates\/side-menu.php","meta":{"_bbp_topic_count":0,"_bbp_reply_count":0,"_bbp_total_topic_count":0,"_bbp_total_reply_count":0,"_bbp_voice_count":0,"_bbp_anonymous_reply_count":0,"_bbp_topic_count_hidden":0,"_bbp_reply_count_hidden":0,"_bbp_forum_subforum_count":0,"footnotes":""},"class_list":["post-10445","page","type-page","status-publish","hentry"],"post_mailing_queue_ids":[],"_links":{"self":[{"href":"https:\/\/agora-eoi.xtec.cat\/eoicalella\/wp-json\/wp\/v2\/pages\/10445","targetHints":{"allow":["GET"]}}],"collection":[{"href":"https:\/\/agora-eoi.xtec.cat\/eoicalella\/wp-json\/wp\/v2\/pages"}],"about":[{"href":"https:\/\/agora-eoi.xtec.cat\/eoicalella\/wp-json\/wp\/v2\/types\/page"}],"author":[{"embeddable":true,"href":"https:\/\/agora-eoi.xtec.cat\/eoicalella\/wp-json\/wp\/v2\/users\/1"}],"replies":[{"embeddable":true,"href":"https:\/\/agora-eoi.xtec.cat\/eoicalella\/wp-json\/wp\/v2\/comments?post=10445"}],"version-history":[{"count":7,"href":"https:\/\/agora-eoi.xtec.cat\/eoicalella\/wp-json\/wp\/v2\/pages\/10445\/revisions"}],"predecessor-version":[{"id":11099,"href":"https:\/\/agora-eoi.xtec.cat\/eoicalella\/wp-json\/wp\/v2\/pages\/10445\/revisions\/11099"}],"up":[{"embeddable":true,"href":"https:\/\/agora-eoi.xtec.cat\/eoicalella\/wp-json\/wp\/v2\/pages\/8161"}],"wp:attachment":[{"href":"https:\/\/agora-eoi.xtec.cat\/eoicalella\/wp-json\/wp\/v2\/media?parent=10445"}],"curies":[{"name":"wp","href":"https:\/\/api.w.org\/{rel}","templated":true}]}}