{"id":10183,"date":"2023-07-18T10:59:45","date_gmt":"2023-07-18T08:59:45","guid":{"rendered":"https:\/\/agora-eoi.xtec.cat\/eoicalella\/?page_id=10183"},"modified":"2024-06-20T12:52:38","modified_gmt":"2024-06-20T10:52:38","slug":"matricula-dactualitzacio","status":"publish","type":"page","link":"https:\/\/agora-eoi.xtec.cat\/eoicalella\/secretaria\/matricula\/matricula-dactualitzacio\/","title":{"rendered":"Matr\u00edcula d&#8217;actualitzaci\u00f3"},"content":{"rendered":"<p><a href=\"https:\/\/agora-eoi.xtec.cat\/eoicalella\/wp-content\/uploads\/usu2256\/2021\/07\/learn-64058_640.jpg\"><img loading=\"lazy\" decoding=\"async\" class=\"alignleft wp-image-10184 \" src=\"https:\/\/agora-eoi.xtec.cat\/eoicalella\/wp-content\/uploads\/usu2256\/2021\/07\/learn-64058_640-300x225.jpg\" alt=\"\" width=\"271\" height=\"203\" srcset=\"https:\/\/agora-eoi.xtec.cat\/eoicalella\/wp-content\/uploads\/usu2256\/2021\/07\/learn-64058_640-300x225.jpg 300w, https:\/\/agora-eoi.xtec.cat\/eoicalella\/wp-content\/uploads\/usu2256\/2021\/07\/learn-64058_640-200x150.jpg 200w, https:\/\/agora-eoi.xtec.cat\/eoicalella\/wp-content\/uploads\/usu2256\/2021\/07\/learn-64058_640.jpg 640w\" sizes=\"auto, (max-width: 271px) 100vw, 271px\" \/><\/a><\/p>\n<h5><span class=\"titols\">Vas fer cursos en una EOI fa temps i t&#8217;agradaria repassar continguts? <\/span>Llavors et podria interessar fer una matr\u00edcula d\u2019actualitzaci\u00f3.<\/h5>\n<p style=\"text-align: center;\"><a href=\"https:\/\/drive.google.com\/file\/d\/1v56VaO7ahBMAooCVaibAbQFlq0Lb0UOM\/view?usp=drive_link\"><em>Sol\u00b7licitud matr\u00edcula d&#8217;actualitzaci\u00f3\u00a0<\/em><\/a><\/p>\n<p><strong>L\u2019alumnat pot tornar a fer un curs realitzat sempre que hagin transcorregut dos anys acad\u00e8mics des de la finalitzaci\u00f3 del curs.<\/strong><\/p>\n<p>La matr\u00edcula s&#8217;ha de fer al final del proc\u00e9s de preinscripci\u00f3 i matr\u00edcula del nou alumnat, sempre i quan en quedin places vacants del nivell sol\u00b7licitat.<\/p>\n<p>Cal tenir en compte condicions seg\u00fcents:<\/p>\n<ul>\n<li>La sol\u00b7licitud nom\u00e9s t\u00e9 validesa per a un curs acad\u00e8mic i, per tant, s&#8217;ha de fer cada any.<\/li>\n<li>La matr\u00edcula no t\u00e9 efectes acad\u00e8mics ni dona lloc a cap certificat oficial.<\/li>\n<li>No es pot sol\u00b7licitar una nova expedici\u00f3 del certificat obtingut anteriorment.<\/li>\n<li>Cal pagar la taxa o preu p\u00fablic corresponent.<\/li>\n<li>Dins un mateix curs acad\u00e8mic, no es poden tenir una matr\u00edcula ordin\u00e0ria i una matr\u00edcula d&#8217;actualitzaci\u00f3 per al mateix idioma.<\/li>\n<li>La sol\u00b7licitud s&#8217;ha de fer presencialment a la secretaria de l&#8217;escola (consulteu-ne l&#8217;horari) durant el mes de setembre un cop finalitzat el proc\u00e9s de preinscripci\u00f3 i matr\u00edcula del nou alumnat, s\u2019informar\u00e0 a les persones interessades del procediment de matriculaci\u00f3.<\/li>\n<li>Els alumnes de matr\u00edcula d\u2019actualitzaci\u00f3 no passen al seg\u00fcent curs per defecte. Si volen accedir a un curs superior, han de fer preinscripci\u00f3 i matr\u00edcula com alumne nou al setembre.<\/li>\n<\/ul>\n","protected":false},"excerpt":{"rendered":"<p><a href=\"https:\/\/agora-eoi.xtec.cat\/eoicalella\/wp-content\/uploads\/usu2256\/2021\/07\/learn-64058_640.jpg\"><\/a><br \/>\nVas fer cursos en una EOI fa temps i t&#8217;agradaria repassar continguts? Llavors et podria interessar fer una matr\u00edcula d\u2019actualitzaci\u00f3.<br \/>\n<a href=\"https:\/\/drive.google.com\/file\/d\/1v56VaO7ahBMAooCVaibAbQFlq0Lb0UOM\/view?usp=drive_link\">Sol\u00b7licitud matr\u00edcula d&#8217;actualitzaci\u00f3\u00a0<\/a><br \/>\nL\u2019alumnat pot tornar a fer un curs realitzat sempre que hagin transcorregut dos anys acad\u00e8mics des de la finalitzaci\u00f3 del curs.<br \/>\nLa matr\u00edcula&hellip;  <a href=\"https:\/\/agora-eoi.xtec.cat\/eoicalella\/secretaria\/matricula\/matricula-dactualitzacio\/\" title=\"Read Matr\u00edcula d&#8217;actualitzaci\u00f3\">Llegeix m\u00e9s\u00bb<\/a><\/p>\n","protected":false},"author":1,"featured_media":0,"parent":10186,"menu_order":0,"comment_status":"closed","ping_status":"closed","template":"page-templates\/side-menu.php","meta":{"_bbp_topic_count":0,"_bbp_reply_count":0,"_bbp_total_topic_count":0,"_bbp_total_reply_count":0,"_bbp_voice_count":0,"_bbp_anonymous_reply_count":0,"_bbp_topic_count_hidden":0,"_bbp_reply_count_hidden":0,"_bbp_forum_subforum_count":0,"footnotes":""},"class_list":["post-10183","page","type-page","status-publish","hentry"],"post_mailing_queue_ids":[],"_links":{"self":[{"href":"https:\/\/agora-eoi.xtec.cat\/eoicalella\/wp-json\/wp\/v2\/pages\/10183","targetHints":{"allow":["GET"]}}],"collection":[{"href":"https:\/\/agora-eoi.xtec.cat\/eoicalella\/wp-json\/wp\/v2\/pages"}],"about":[{"href":"https:\/\/agora-eoi.xtec.cat\/eoicalella\/wp-json\/wp\/v2\/types\/page"}],"author":[{"embeddable":true,"href":"https:\/\/agora-eoi.xtec.cat\/eoicalella\/wp-json\/wp\/v2\/users\/1"}],"replies":[{"embeddable":true,"href":"https:\/\/agora-eoi.xtec.cat\/eoicalella\/wp-json\/wp\/v2\/comments?post=10183"}],"version-history":[{"count":4,"href":"https:\/\/agora-eoi.xtec.cat\/eoicalella\/wp-json\/wp\/v2\/pages\/10183\/revisions"}],"predecessor-version":[{"id":10649,"href":"https:\/\/agora-eoi.xtec.cat\/eoicalella\/wp-json\/wp\/v2\/pages\/10183\/revisions\/10649"}],"up":[{"embeddable":true,"href":"https:\/\/agora-eoi.xtec.cat\/eoicalella\/wp-json\/wp\/v2\/pages\/10186"}],"wp:attachment":[{"href":"https:\/\/agora-eoi.xtec.cat\/eoicalella\/wp-json\/wp\/v2\/media?parent=10183"}],"curies":[{"name":"wp","href":"https:\/\/api.w.org\/{rel}","templated":true}]}}