{"id":9058,"date":"2022-02-16T11:12:27","date_gmt":"2022-02-16T10:12:27","guid":{"rendered":"https:\/\/agora-eoi.xtec.cat\/eoiblanes\/?page_id=9058"},"modified":"2025-10-17T13:32:57","modified_gmt":"2025-10-17T11:32:57","slug":"horaris-per-al-curs","status":"publish","type":"page","link":"https:\/\/agora-eoi.xtec.cat\/eoiblanes\/idiomes\/angles\/horaris-per-al-curs\/","title":{"rendered":"Horaris per al curs"},"content":{"rendered":"<h2>Horaris per al curs 2025-2026 &#8211; Departament d&#8217;angl\u00e8s<\/h2>\n<table style=\"width: 62.5529%; height: 495px;\" border=\"0\" cellspacing=\"0\" cellpadding=\"0\">\n<tbody>\n<tr style=\"height: 33px;\">\n<td style=\"height: 33px; width: 11.9476%;\"><b><i>NIVELL<\/i><\/b><\/td>\n<td style=\"height: 33px; width: 28.98%;\"><b><i>DIES<\/i><\/b><\/td>\n<td style=\"height: 33px; width: 22.1875%;\"><b><i>HORARI<\/i><\/b><\/td>\n<td style=\"height: 33px; width: 9.16534%; text-align: center;\"><b><i>AULA<\/i><\/b><\/td>\n<td style=\"height: 33px; width: 70.4505%;\"><b><i>PROFESSOR\/A<\/i><\/b><\/td>\n<\/tr>\n<tr style=\"height: 33px;\">\n<td style=\"width: 11.9476%; height: 33px;\">A1<\/td>\n<td style=\"width: 28.98%; height: 33px;\">dimarts i dijous <strong>&#8211; mat\u00ed<\/strong><\/td>\n<td style=\"width: 22.1875%; height: 33px;\">11.30 a 13.45<\/td>\n<td style=\"width: 9.16534%; text-align: center; height: 33px;\">6<\/td>\n<td style=\"width: 70.4505%; height: 33px;\">Anna Besa<\/td>\n<\/tr>\n<tr style=\"height: 33px;\">\n<td style=\"height: 33px; width: 11.9476%;\">A1<\/td>\n<td style=\"height: 33px; width: 28.98%;\">dimarts i dijous<\/td>\n<td style=\"height: 33px; width: 22.1875%;\">16.00 a 18.15<\/td>\n<td style=\"height: 33px; width: 9.16534%; text-align: center;\">4<\/td>\n<td style=\"height: 33px; width: 70.4505%;\">Jordi Casacuberta<\/td>\n<\/tr>\n<tr style=\"height: 33px;\">\n<td style=\"height: 33px; width: 11.9476%;\">A1<\/td>\n<td style=\"height: 33px; width: 28.98%;\">dimarts i dijous<\/td>\n<td style=\"height: 33px; width: 22.1875%;\">18.30 a 20.45<\/td>\n<td style=\"height: 33px; width: 9.16534%; text-align: center;\">4<\/td>\n<td style=\"height: 33px; width: 70.4505%;\">Jordi Casacuberta<\/td>\n<\/tr>\n<tr style=\"height: 33px;\">\n<td style=\"width: 11.9476%; height: 33px;\">A2<\/td>\n<td style=\"width: 28.98%; height: 33px;\">dimarts i dijous <strong>&#8211; mat\u00ed\u00a0<\/strong><\/td>\n<td style=\"width: 22.1875%; height: 33px;\">09.15 a 11.30<\/td>\n<td style=\"width: 9.16534%; text-align: center; height: 33px;\">6<\/td>\n<td style=\"width: 70.4505%; height: 33px;\">Anna Besa<\/td>\n<\/tr>\n<tr style=\"height: 33px;\">\n<td style=\"height: 33px; width: 11.9476%;\">A2<\/td>\n<td style=\"height: 33px; width: 28.98%;\">dimarts i dijous<\/td>\n<td style=\"height: 33px; width: 22.1875%;\">16.00 a 18.15<\/td>\n<td style=\"height: 33px; width: 9.16534%; text-align: center;\">2<\/td>\n<td style=\"height: 33px; width: 70.4505%;\">Anna Capdevila<\/td>\n<\/tr>\n<tr style=\"height: 33px;\">\n<td style=\"height: 33px; width: 11.9476%;\">A2<\/td>\n<td style=\"height: 33px; width: 28.98%;\">dimarts i dijous<\/td>\n<td style=\"height: 33px; width: 22.1875%;\">18.30 a 20.45<\/td>\n<td style=\"height: 33px; width: 9.16534%; text-align: center;\">2<\/td>\n<td style=\"height: 33px; width: 70.4505%;\">Anna Capdevila<\/td>\n<\/tr>\n<tr style=\"height: 33px;\">\n<td style=\"height: 33px; width: 11.9476%;\">B1<\/td>\n<td style=\"height: 33px; width: 28.98%;\">dimarts i dijous<\/td>\n<td style=\"height: 33px; width: 22.1875%;\">16.00 a 18.15<\/td>\n<td style=\"height: 33px; width: 9.16534%; text-align: center;\">1<\/td>\n<td style=\"height: 33px; width: 70.4505%;\">Carles Querol<\/td>\n<\/tr>\n<tr style=\"height: 33px;\">\n<td style=\"height: 33px; width: 11.9476%;\">B1<\/td>\n<td style=\"height: 33px; width: 28.98%;\">dimarts i dijous<\/td>\n<td style=\"height: 33px; width: 22.1875%;\">18.30\u00a0a 20.45<\/td>\n<td style=\"height: 33px; width: 9.16534%; text-align: center;\">1<\/td>\n<td style=\"height: 33px; width: 70.4505%;\">Carles Querol<\/td>\n<\/tr>\n<tr style=\"height: 33px;\">\n<td style=\"height: 33px; width: 11.9476%;\">B2.1<\/td>\n<td style=\"height: 33px; width: 28.98%;\">dilluns i dimecres<\/td>\n<td style=\"height: 33px; width: 22.1875%;\">16.00 a 18.15<\/td>\n<td style=\"height: 33px; width: 9.16534%; text-align: center;\">4<\/td>\n<td style=\"height: 33px; width: 70.4505%;\">Jordi Casacuberta<\/td>\n<\/tr>\n<tr style=\"height: 33px;\">\n<td style=\"height: 33px; width: 11.9476%;\">B2.1<\/td>\n<td style=\"height: 33px; width: 28.98%;\">dilluns i dimecres<\/td>\n<td style=\"height: 33px; width: 22.1875%;\">18.30\u00a0a 20.45<\/td>\n<td style=\"height: 33px; width: 9.16534%; text-align: center;\">4<\/td>\n<td style=\"height: 33px; width: 70.4505%;\">Jordi Casacuberta<\/td>\n<\/tr>\n<tr style=\"height: 33px;\">\n<td style=\"height: 33px; width: 11.9476%;\">B2.2<\/td>\n<td style=\"height: 33px; width: 28.98%;\">dilluns i dimecres<\/td>\n<td style=\"height: 33px; width: 22.1875%;\">16.00 a 18.15<\/td>\n<td style=\"height: 33px; width: 9.16534%; text-align: center;\">2<\/td>\n<td style=\"height: 33px; width: 70.4505%;\">Anna Capdevila<\/td>\n<\/tr>\n<tr style=\"height: 33px;\">\n<td style=\"height: 33px; width: 11.9476%;\">B2.2<\/td>\n<td style=\"height: 33px; width: 28.98%;\">dilluns i dimecres<\/td>\n<td style=\"height: 33px; width: 22.1875%;\">18.30\u00a0a 20.45<\/td>\n<td style=\"height: 33px; width: 9.16534%; text-align: center;\">2<\/td>\n<td style=\"height: 33px; width: 70.4505%;\">Anna Capdevila<\/td>\n<\/tr>\n<tr style=\"height: 33px;\">\n<td style=\"height: 33px; width: 11.9476%;\">C1<\/td>\n<td style=\"height: 33px; width: 28.98%;\">dimecres (semipresencial)<\/td>\n<td style=\"height: 33px; width: 22.1875%;\">16.00 a 18.15<\/td>\n<td style=\"height: 33px; width: 9.16534%; text-align: center;\">6<\/td>\n<td style=\"height: 33px; width: 70.4505%;\">Marta Estiu<\/td>\n<\/tr>\n<tr style=\"height: 33px;\">\n<td style=\"width: 11.9476%; height: 33px;\">C1<\/td>\n<td style=\"width: 28.98%; height: 33px;\">dilluns i dimecres<\/td>\n<td style=\"width: 22.1875%; height: 33px;\">18.30\u00a0a 20.45<\/td>\n<td style=\"width: 9.16534%; height: 33px; text-align: center;\">6<\/td>\n<td style=\"width: 70.4505%; height: 33px;\">Marta Estiu<\/td>\n<\/tr>\n<\/tbody>\n<\/table>\n<p><strong>Curs semipresencial &#8211; angl\u00e8s C1<\/strong>: una sessi\u00f3 PRESENCIAL a la setmana de 2 h 15 m. La resta d\u2019hores, fins arribar a una quantitat equivalent a la dels cursos presencials, es far\u00e0 de manera aut\u00f2noma en l\u00ednia mitjan\u00e7ant la plataforma Moodle. Per fer aquesta part no presencial no cal connectar-se de manera sincr\u00f2nica.<\/p>\n<p>La classe presencial \u00e9s <strong>dimecres\u00a0<\/strong>(la classe de dilluns s\u2019ha de fer a casa de manera as\u00edncrona).<\/p>\n<p>Cal estar familiaritzat amb les tecnologies i tenir un alt grau d\u2019autonomia.<\/p>\n<div class=\"addtoany_share_save_container addtoany_content addtoany_content_bottom\"><\/div>\n","protected":false},"excerpt":{"rendered":"<p>Horaris per al curs 2025-2026 &#8211; Departament d&#8217;angl\u00e8s<\/p>\n<p>NIVELL<br \/>\nDIES<br \/>\nHORARI<br \/>\nAULA<br \/>\nPROFESSOR\/A<\/p>\n<p>A1<br \/>\ndimarts i dijous &#8211; mat\u00ed<br \/>\n11.30 a 13.45<br \/>\n6<br \/>\nAnna Besa<\/p>\n<p>A1<br \/>\ndimarts i dijous<br \/>\n16.00 a 18.15<br \/>\n4<br \/>\nJordi Casacuberta<\/p>\n<p>A1<br \/>\ndimarts i dijous<br \/>\n18.30 a 20.45<br \/>\n4<br \/>\nJordi Casacuberta<\/p>\n<p>A2<br \/>\ndimarts i dijous &#8211; mat\u00ed\u00a0<br \/>\n09.15 a 11.30<br \/>\n6<br \/>\nAnna Besa<\/p>\n<p>A2<br \/>\ndimarts i dijous<br \/>\n16.00 a 18.15<br \/>\n2<br \/>\nAnna Capdevila<\/p>\n<p>A2<br \/>\ndimarts i dijous<br \/>\n18.30 a 20.45<br \/>\n2<br \/>\nAnna Capdevila<\/p>\n<p>B1<br \/>\ndimarts i dijous<br \/>\n16.00 a&hellip;  <a href=\"https:\/\/agora-eoi.xtec.cat\/eoiblanes\/idiomes\/angles\/horaris-per-al-curs\/\" title=\"Read Horaris per al curs\">Llegeix m\u00e9s\u00bb<\/a><\/p>\n","protected":false},"author":1,"featured_media":0,"parent":9055,"menu_order":1,"comment_status":"closed","ping_status":"closed","template":"page-templates\/side-menu.php","meta":{"_bbp_topic_count":0,"_bbp_reply_count":0,"_bbp_total_topic_count":0,"_bbp_total_reply_count":0,"_bbp_voice_count":0,"_bbp_anonymous_reply_count":0,"_bbp_topic_count_hidden":0,"_bbp_reply_count_hidden":0,"_bbp_forum_subforum_count":0,"footnotes":""},"class_list":["post-9058","page","type-page","status-publish","hentry"],"post_mailing_queue_ids":[],"_links":{"self":[{"href":"https:\/\/agora-eoi.xtec.cat\/eoiblanes\/wp-json\/wp\/v2\/pages\/9058","targetHints":{"allow":["GET"]}}],"collection":[{"href":"https:\/\/agora-eoi.xtec.cat\/eoiblanes\/wp-json\/wp\/v2\/pages"}],"about":[{"href":"https:\/\/agora-eoi.xtec.cat\/eoiblanes\/wp-json\/wp\/v2\/types\/page"}],"author":[{"embeddable":true,"href":"https:\/\/agora-eoi.xtec.cat\/eoiblanes\/wp-json\/wp\/v2\/users\/1"}],"replies":[{"embeddable":true,"href":"https:\/\/agora-eoi.xtec.cat\/eoiblanes\/wp-json\/wp\/v2\/comments?post=9058"}],"version-history":[{"count":6,"href":"https:\/\/agora-eoi.xtec.cat\/eoiblanes\/wp-json\/wp\/v2\/pages\/9058\/revisions"}],"predecessor-version":[{"id":12121,"href":"https:\/\/agora-eoi.xtec.cat\/eoiblanes\/wp-json\/wp\/v2\/pages\/9058\/revisions\/12121"}],"up":[{"embeddable":true,"href":"https:\/\/agora-eoi.xtec.cat\/eoiblanes\/wp-json\/wp\/v2\/pages\/9055"}],"wp:attachment":[{"href":"https:\/\/agora-eoi.xtec.cat\/eoiblanes\/wp-json\/wp\/v2\/media?parent=9058"}],"curies":[{"name":"wp","href":"https:\/\/api.w.org\/{rel}","templated":true}]}}