{"id":9018,"date":"2022-02-15T10:42:31","date_gmt":"2022-02-15T09:42:31","guid":{"rendered":"https:\/\/agora-eoi.xtec.cat\/eoiblanes\/?page_id=9018"},"modified":"2025-05-15T10:49:44","modified_gmt":"2025-05-15T08:49:44","slug":"certificats-reconeguts-per-les-eois","status":"publish","type":"page","link":"https:\/\/agora-eoi.xtec.cat\/eoiblanes\/secretaria-2\/certificats-reconeguts-per-les-eois\/","title":{"rendered":"Certificats reconeguts per les EOI"},"content":{"rendered":"<h2>Taula d&#8217;equival\u00e8ncies<\/h2>\n<p>Per consultar quins certificats s\u00f3n reconeguts per les EOI d&#8217;alemany, angl\u00e8s o franc\u00e8s (taula d&#8217;equival\u00e8ncies) feu <a href=\"https:\/\/agora-eoi.xtec.cat\/eoiblanes\/wp-content\/uploads\/usu2633\/2024\/09\/Resolucio-EDU_2684_2024-Competencia-llengues-estrangeres.pdf\" target=\"_blank\" rel=\"noopener\">clic aqu\u00ed.<\/a><\/p>\n<p>Les equival\u00e8ncies i certificacions de catal\u00e0 les trobareu en <a href=\"https:\/\/llengua.gencat.cat\/ca\/serveis\/acreditacio_coneixements\/certificats_de_catala\/equivalencies-acreditacions\/index.html\">aquest enlla\u00e7 (acc\u00e9s a catal\u00e0 C1 o C2)<\/a> i les titulacions equivalents de catal\u00e0 en\u00a0<a href=\"https:\/\/dogc.gencat.cat\/ca\/document-del-dogc\/?documentId=1011714\">aquest enlla\u00e7.<\/a><\/p>\n<p>L&#8217;\u00faltim enlla\u00e7 correspon a l&#8217;Ordre PLG\/58\/2025, de 9 d&#8217;abril, sobre els certificats, els diplomes i els t\u00edtols v\u00e0lids per acreditar els coneixements de llengua general de catal\u00e0 davant les administracions p\u00fabliques, al marge dels ensenyaments obligatoris i postobligatoris no universitaris. Aquesta ordre deroga parcialment l&#8217;<em>Ordre VCP\/491\/2009, de 12 de novembre, per la qual es refonen i s&#8217;actualitzen els t\u00edtols, diplomes i certificats equivalents als certificats de coneixements de catal\u00e0 de la Secretaria de Pol\u00edtica Ling\u00fc\u00edstica (modificada per l&#8217;Ordre VCP\/233\/2010, de 12 d&#8217;abril<\/em>).<\/p>\n","protected":false},"excerpt":{"rendered":"<p>Taula d&#8217;equival\u00e8ncies<br \/>\nPer consultar quins certificats s\u00f3n reconeguts per les EOI d&#8217;alemany, angl\u00e8s o franc\u00e8s (taula d&#8217;equival\u00e8ncies) feu <a href=\"https:\/\/agora-eoi.xtec.cat\/eoiblanes\/wp-content\/uploads\/usu2633\/2024\/09\/Resolucio-EDU_2684_2024-Competencia-llengues-estrangeres.pdf\" target=\"_blank\" rel=\"noopener\">clic aqu\u00ed.<\/a><br \/>\nLes equival\u00e8ncies i certificacions de catal\u00e0 les trobareu en <a href=\"https:\/\/llengua.gencat.cat\/ca\/serveis\/acreditacio_coneixements\/certificats_de_catala\/equivalencies-acreditacions\/index.html\">aquest enlla\u00e7 (acc\u00e9s a catal\u00e0 C1 o C2)<\/a> i les titulacions equivalents de catal\u00e0&hellip;  <a href=\"https:\/\/agora-eoi.xtec.cat\/eoiblanes\/secretaria-2\/certificats-reconeguts-per-les-eois\/\" title=\"Read Certificats reconeguts per les EOI\">Llegeix m\u00e9s\u00bb<\/a><\/p>\n","protected":false},"author":1,"featured_media":0,"parent":8960,"menu_order":14,"comment_status":"closed","ping_status":"closed","template":"page-templates\/side-menu.php","meta":{"_bbp_topic_count":0,"_bbp_reply_count":0,"_bbp_total_topic_count":0,"_bbp_total_reply_count":0,"_bbp_voice_count":0,"_bbp_anonymous_reply_count":0,"_bbp_topic_count_hidden":0,"_bbp_reply_count_hidden":0,"_bbp_forum_subforum_count":0,"footnotes":""},"class_list":["post-9018","page","type-page","status-publish","hentry"],"post_mailing_queue_ids":[],"_links":{"self":[{"href":"https:\/\/agora-eoi.xtec.cat\/eoiblanes\/wp-json\/wp\/v2\/pages\/9018","targetHints":{"allow":["GET"]}}],"collection":[{"href":"https:\/\/agora-eoi.xtec.cat\/eoiblanes\/wp-json\/wp\/v2\/pages"}],"about":[{"href":"https:\/\/agora-eoi.xtec.cat\/eoiblanes\/wp-json\/wp\/v2\/types\/page"}],"author":[{"embeddable":true,"href":"https:\/\/agora-eoi.xtec.cat\/eoiblanes\/wp-json\/wp\/v2\/users\/1"}],"replies":[{"embeddable":true,"href":"https:\/\/agora-eoi.xtec.cat\/eoiblanes\/wp-json\/wp\/v2\/comments?post=9018"}],"version-history":[{"count":6,"href":"https:\/\/agora-eoi.xtec.cat\/eoiblanes\/wp-json\/wp\/v2\/pages\/9018\/revisions"}],"predecessor-version":[{"id":11981,"href":"https:\/\/agora-eoi.xtec.cat\/eoiblanes\/wp-json\/wp\/v2\/pages\/9018\/revisions\/11981"}],"up":[{"embeddable":true,"href":"https:\/\/agora-eoi.xtec.cat\/eoiblanes\/wp-json\/wp\/v2\/pages\/8960"}],"wp:attachment":[{"href":"https:\/\/agora-eoi.xtec.cat\/eoiblanes\/wp-json\/wp\/v2\/media?parent=9018"}],"curies":[{"name":"wp","href":"https:\/\/api.w.org\/{rel}","templated":true}]}}