{"id":8943,"date":"2022-02-22T09:54:00","date_gmt":"2022-02-22T08:54:00","guid":{"rendered":"https:\/\/agora-eoi.xtec.cat\/eoiblanes\/?page_id=8943"},"modified":"2025-10-08T12:06:22","modified_gmt":"2025-10-08T10:06:22","slug":"informacio-alumnat-informacio-inici-de-curs-informacio-alumnat-informacio-inici-de-curs-informacio-inici-de-curs","status":"publish","type":"page","link":"https:\/\/agora-eoi.xtec.cat\/eoiblanes\/informacio-alumnat-informacio-inici-de-curs-informacio-alumnat-informacio-inici-de-curs-informacio-inici-de-curs\/","title":{"rendered":"Informaci\u00f3 inici de curs"},"content":{"rendered":"<header class=\"entry-header\">\n<p class=\"entry-title\"><span style=\"font-family: inherit; font-size: 1em; font-weight: normal;\">En <\/span><a style=\"font-family: inherit; font-size: 1em; font-weight: normal;\" href=\"https:\/\/agora-eoi.xtec.cat\/eoiblanes\/wp-content\/uploads\/usu2633\/2025\/09\/Full-informatiu-inici-curs-25_26.pdf\" target=\"_blank\" rel=\"noopener\">aquest document<\/a><span style=\"font-family: inherit; font-size: 1em; font-weight: normal;\">\u00a0hi trobareu informaci\u00f3 sobre el calendari i tr\u00e0mits diversos, que us resumim aqu\u00ed:<\/span><\/p>\n<\/header>\n<div class=\"entry-content\">\n<p>\u2013 Sol\u00b7licitud de canvi d\u2019horari:\u00a0<strong>fins al 10 octubre de 2025<\/strong>.\u00a0<a href=\"https:\/\/agora-eoi.xtec.cat\/eoiblanes\/wp-content\/uploads\/usu2633\/2023\/01\/Sollicitud_CanviGrupHorari.pdf\" target=\"_blank\" rel=\"noopener\">Formulari.<\/a><\/p>\n<p>\u2013 Ren\u00fancia a la matr\u00edcula amb devoluci\u00f3 de taxes; <strong>fins al 10 d\u2019octubre de 2025<\/strong>.\u00a0<a href=\"https:\/\/agora-eoi.xtec.cat\/eoiblanes\/wp-content\/uploads\/usu2633\/2024\/10\/Devolucio_Matricula_EOI_A1404_TG.pdf\" target=\"_blank\" rel=\"noopener\">Formulari<\/a>.<\/p>\n<p>\u2013 Ren\u00fancia a la matr\u00edcula oficial sense devoluci\u00f3 de taxes : <strong>fins al 28 de novembre de 2025<\/strong>.\u00a0<a href=\"https:\/\/agora-eoi.xtec.cat\/eoiblanes\/wp-content\/uploads\/usu2633\/2023\/01\/Sollicitud_Renuncia.pdf\" target=\"_blank\" rel=\"noopener\">Formulari<\/a>.<\/p>\n<p>\u2013 Trasllat de matr\u00edcula viva:\u00a0<strong>fins al 30 d\u2019abril de 2026<\/strong>.<a href=\"https:\/\/agora-eoi.xtec.cat\/eoiblanes\/wp-content\/uploads\/usu2633\/2022\/02\/trasllat_form.pdf\" target=\"_blank\" rel=\"noopener\">Formulari<\/a><\/p>\n<p>Tots els formularis s\u2019han de presentar personalment al Departament d\u2019alumnat.<\/p>\n<\/div>\n","protected":false},"excerpt":{"rendered":"<p>En <a style=\"font-family: inherit; font-size: 1em; font-weight: normal;\" href=\"https:\/\/agora-eoi.xtec.cat\/eoiblanes\/wp-content\/uploads\/usu2633\/2025\/09\/Full-informatiu-inici-curs-25_26.pdf\" target=\"_blank\" rel=\"noopener\">aquest document<\/a>\u00a0hi trobareu informaci\u00f3 sobre el calendari i tr\u00e0mits diversos, que us resumim aqu\u00ed:<\/p>\n<p>\u2013 Sol\u00b7licitud de canvi d\u2019horari:\u00a0fins al 10 octubre de 2025.\u00a0<a href=\"https:\/\/agora-eoi.xtec.cat\/eoiblanes\/wp-content\/uploads\/usu2633\/2023\/01\/Sollicitud_CanviGrupHorari.pdf\" target=\"_blank\" rel=\"noopener\">Formulari.<\/a><br \/>\n\u2013 Ren\u00fancia a la matr\u00edcula amb devoluci\u00f3 de taxes; fins&hellip;  <a href=\"https:\/\/agora-eoi.xtec.cat\/eoiblanes\/informacio-alumnat-informacio-inici-de-curs-informacio-alumnat-informacio-inici-de-curs-informacio-inici-de-curs\/\" title=\"Read Informaci\u00f3 inici de curs\">Llegeix m\u00e9s\u00bb<\/a><\/p>\n","protected":false},"author":1,"featured_media":0,"parent":0,"menu_order":0,"comment_status":"closed","ping_status":"closed","template":"page-templates\/side-menu.php","meta":{"_bbp_topic_count":0,"_bbp_reply_count":0,"_bbp_total_topic_count":0,"_bbp_total_reply_count":0,"_bbp_voice_count":0,"_bbp_anonymous_reply_count":0,"_bbp_topic_count_hidden":0,"_bbp_reply_count_hidden":0,"_bbp_forum_subforum_count":0,"footnotes":""},"class_list":["post-8943","page","type-page","status-publish","hentry"],"post_mailing_queue_ids":[],"_links":{"self":[{"href":"https:\/\/agora-eoi.xtec.cat\/eoiblanes\/wp-json\/wp\/v2\/pages\/8943","targetHints":{"allow":["GET"]}}],"collection":[{"href":"https:\/\/agora-eoi.xtec.cat\/eoiblanes\/wp-json\/wp\/v2\/pages"}],"about":[{"href":"https:\/\/agora-eoi.xtec.cat\/eoiblanes\/wp-json\/wp\/v2\/types\/page"}],"author":[{"embeddable":true,"href":"https:\/\/agora-eoi.xtec.cat\/eoiblanes\/wp-json\/wp\/v2\/users\/1"}],"replies":[{"embeddable":true,"href":"https:\/\/agora-eoi.xtec.cat\/eoiblanes\/wp-json\/wp\/v2\/comments?post=8943"}],"version-history":[{"count":6,"href":"https:\/\/agora-eoi.xtec.cat\/eoiblanes\/wp-json\/wp\/v2\/pages\/8943\/revisions"}],"predecessor-version":[{"id":12118,"href":"https:\/\/agora-eoi.xtec.cat\/eoiblanes\/wp-json\/wp\/v2\/pages\/8943\/revisions\/12118"}],"wp:attachment":[{"href":"https:\/\/agora-eoi.xtec.cat\/eoiblanes\/wp-json\/wp\/v2\/media?parent=8943"}],"curies":[{"name":"wp","href":"https:\/\/api.w.org\/{rel}","templated":true}]}}

Informació inici de curs

<header class="entry-header">
<p class="entry-title"><span style="font-family: inherit; font-size: 1em; font-weight: normal;">En </span><a style="font-family: inherit; font-size: 1em; font-weight: normal;" href="https://agora-eoi.xtec.cat/eoiblanes/wp-content/uploads/usu2633/2025/09/Full-informatiu-inici-curs-25_26.pdf" target="_blank" rel="noopener">aquest document</a><span style="font-family: inherit; font-size: 1em; font-weight: normal;"> hi trobareu informació sobre el calendari i tràmits diversos, que us resumim aquí:</span></p>
</header>
<div class="entry-content">
<p>– Sol·licitud de canvi d’horari: <strong>fins al 10 octubre de 2025</strong>. <a href="https://agora-eoi.xtec.cat/eoiblanes/wp-content/uploads/usu2633/2023/01/Sollicitud_CanviGrupHorari.pdf" target="_blank" rel="noopener">Formulari.</a></p>
<p>– Renúncia a la matrícula amb devolució de taxes; <strong>fins al 10 d’octubre de 2025</strong>. <a href="https://agora-eoi.xtec.cat/eoiblanes/wp-content/uploads/usu2633/2024/10/Devolucio_Matricula_EOI_A1404_TG.pdf" target="_blank" rel="noopener">Formulari</a>.</p>
<p>– Renúncia a la matrícula oficial sense devolució de taxes : <strong>fins al 28 de novembre de 2025</strong>. <a href="https://agora-eoi.xtec.cat/eoiblanes/wp-content/uploads/usu2633/2023/01/Sollicitud_Renuncia.pdf" target="_blank" rel="noopener">Formulari</a>.</p>
<p>– Trasllat de matrícula viva: <strong>fins al 30 d’abril de 2026</strong>.<a href="https://agora-eoi.xtec.cat/eoiblanes/wp-content/uploads/usu2633/2022/02/trasllat_form.pdf" target="_blank" rel="noopener">Formulari</a></p>
<p>Tots els formularis s’han de presentar personalment al Departament d’alumnat.</p>
</div>

<p>En <a style="font-family: inherit; font-size: 1em; font-weight: normal;" href="https://agora-eoi.xtec.cat/eoiblanes/wp-content/uploads/usu2633/2025/09/Full-informatiu-inici-curs-25_26.pdf" target="_blank" rel="noopener">aquest document</a> hi trobareu informació sobre el calendari i tràmits diversos, que us resumim aquí:</p>
<p>– Sol·licitud de canvi d’horari: fins al 10 octubre de 2025. <a href="https://agora-eoi.xtec.cat/eoiblanes/wp-content/uploads/usu2633/2023/01/Sollicitud_CanviGrupHorari.pdf" target="_blank" rel="noopener">Formulari.</a><br />
– Renúncia a la matrícula amb devolució de taxes; fins&hellip;  <a href="https://agora-eoi.xtec.cat/eoiblanes/informacio-alumnat-informacio-inici-de-curs-informacio-alumnat-informacio-inici-de-curs-informacio-inici-de-curs/" title="Read Informació inici de curs">Llegeix més»</a></p>
