{"id":8939,"date":"2022-02-22T09:52:27","date_gmt":"2022-02-22T08:52:27","guid":{"rendered":"https:\/\/agora-eoi.xtec.cat\/eoiblanes\/?page_id=8939"},"modified":"2024-07-18T11:56:16","modified_gmt":"2024-07-18T09:56:16","slug":"informacio-inici-de-curs","status":"publish","type":"page","link":"https:\/\/agora-eoi.xtec.cat\/eoiblanes\/informacio-alumnat-informacio-inici-de-curs-informacio-alumnat-informacio-inici-de-curs-informacio-inici-de-curs\/informacio-inici-de-curs\/","title":{"rendered":"Informaci\u00f3 inici de curs"},"content":{"rendered":"<p>En\u00a0<a href=\"https:\/\/agora-eoi.xtec.cat\/eoiblanes\/wp-content\/uploads\/usu2633\/2024\/07\/Full-informatiu-inici-curs-24_25.pdf\" target=\"_blank\" rel=\"noopener\">aquest document<\/a>\u00a0hi trobareu informaci\u00f3 sobre el calendari i tr\u00e0mits diversos, que us resumim aqu\u00ed:<\/p>\n<p>&#8211; Sol\u00b7licitud de canvi d&#8217;horari: <strong>fins al 10 octubre de 2024<\/strong>.\u00a0<a href=\"https:\/\/agora-eoi.xtec.cat\/eoiblanes\/wp-content\/uploads\/usu2633\/2023\/01\/Sollicitud_CanviGrupHorari.pdf\" target=\"_blank\" rel=\"noopener\">Formulari.<\/a><\/p>\n<p>&#8211; Ren\u00fancia a la matr\u00edcula amb devoluci\u00f3 de taxes <strong>fins al 10 d&#8217;octubre de 2024<\/strong>. <a href=\"https:\/\/agora-eoi.xtec.cat\/eoiblanes\/wp-content\/uploads\/usu2633\/2022\/06\/Devolucio_Matricula_EOI_A677.pdf\" target=\"_blank\" rel=\"noopener\">Formulari<\/a>. En cas de demanar la devoluci\u00f3 de taxes, heu de presentar tamb\u00e9 la ren\u00fancia a la matr\u00edcula oficial. <a href=\"https:\/\/agora-eoi.xtec.cat\/eoiblanes\/wp-content\/uploads\/usu2633\/2023\/01\/Sollicitud_Renuncia.pdf\" target=\"_blank\" rel=\"noopener\">Formulari<\/a>.<\/p>\n<p>&#8211; Ren\u00fancia a la matr\u00edcula oficial: <strong>fins al 30 de novembre de 2024<\/strong>. <a href=\"https:\/\/agora-eoi.xtec.cat\/eoiblanes\/wp-content\/uploads\/usu2633\/2023\/01\/Sollicitud_Renuncia.pdf\" target=\"_blank\" rel=\"noopener\">Formulari<\/a>.<\/p>\n<p>&#8211; Trasllat de matr\u00edcula viva: <strong>fins al 30 d&#8217;abril de 2025<\/strong>.<a href=\"https:\/\/agora-eoi.xtec.cat\/eoiblanes\/wp-content\/uploads\/usu2633\/2022\/02\/trasllat_form.pdf\" target=\"_blank\" rel=\"noopener\">Formulari<\/a><\/p>\n<p>Tots els formularis s&#8217;han de presentar personalment al Departament d&#8217;alumnat.<\/p>\n","protected":false},"excerpt":{"rendered":"<p>En\u00a0<a href=\"https:\/\/agora-eoi.xtec.cat\/eoiblanes\/wp-content\/uploads\/usu2633\/2024\/07\/Full-informatiu-inici-curs-24_25.pdf\" target=\"_blank\" rel=\"noopener\">aquest document<\/a>\u00a0hi trobareu informaci\u00f3 sobre el calendari i tr\u00e0mits diversos, que us resumim aqu\u00ed:<br \/>\n&#8211; Sol\u00b7licitud de canvi d&#8217;horari: fins al 10 octubre de 2024.\u00a0<a href=\"https:\/\/agora-eoi.xtec.cat\/eoiblanes\/wp-content\/uploads\/usu2633\/2023\/01\/Sollicitud_CanviGrupHorari.pdf\" target=\"_blank\" rel=\"noopener\">Formulari.<\/a><br \/>\n&#8211; Ren\u00fancia a la matr\u00edcula amb devoluci\u00f3 de taxes fins al 10 d&#8217;octubre de 2024. <a&hellip;  <a href=\"https:\/\/agora-eoi.xtec.cat\/eoiblanes\/informacio-alumnat-informacio-inici-de-curs-informacio-alumnat-informacio-inici-de-curs-informacio-inici-de-curs\/informacio-inici-de-curs\/\" title=\"Read Informaci\u00f3 inici de curs\">Llegeix m\u00e9s\u00bb<\/a><\/p>\n","protected":false},"author":1,"featured_media":0,"parent":8943,"menu_order":0,"comment_status":"closed","ping_status":"closed","template":"page-templates\/side-menu.php","meta":{"_bbp_topic_count":0,"_bbp_reply_count":0,"_bbp_total_topic_count":0,"_bbp_total_reply_count":0,"_bbp_voice_count":0,"_bbp_anonymous_reply_count":0,"_bbp_topic_count_hidden":0,"_bbp_reply_count_hidden":0,"_bbp_forum_subforum_count":0,"footnotes":""},"class_list":["post-8939","page","type-page","status-publish","hentry"],"post_mailing_queue_ids":[],"_links":{"self":[{"href":"https:\/\/agora-eoi.xtec.cat\/eoiblanes\/wp-json\/wp\/v2\/pages\/8939","targetHints":{"allow":["GET"]}}],"collection":[{"href":"https:\/\/agora-eoi.xtec.cat\/eoiblanes\/wp-json\/wp\/v2\/pages"}],"about":[{"href":"https:\/\/agora-eoi.xtec.cat\/eoiblanes\/wp-json\/wp\/v2\/types\/page"}],"author":[{"embeddable":true,"href":"https:\/\/agora-eoi.xtec.cat\/eoiblanes\/wp-json\/wp\/v2\/users\/1"}],"replies":[{"embeddable":true,"href":"https:\/\/agora-eoi.xtec.cat\/eoiblanes\/wp-json\/wp\/v2\/comments?post=8939"}],"version-history":[{"count":6,"href":"https:\/\/agora-eoi.xtec.cat\/eoiblanes\/wp-json\/wp\/v2\/pages\/8939\/revisions"}],"predecessor-version":[{"id":11671,"href":"https:\/\/agora-eoi.xtec.cat\/eoiblanes\/wp-json\/wp\/v2\/pages\/8939\/revisions\/11671"}],"up":[{"embeddable":true,"href":"https:\/\/agora-eoi.xtec.cat\/eoiblanes\/wp-json\/wp\/v2\/pages\/8943"}],"wp:attachment":[{"href":"https:\/\/agora-eoi.xtec.cat\/eoiblanes\/wp-json\/wp\/v2\/media?parent=8939"}],"curies":[{"name":"wp","href":"https:\/\/api.w.org\/{rel}","templated":true}]}}

Informació inici de curs

<p>En <a href="https://agora-eoi.xtec.cat/eoiblanes/wp-content/uploads/usu2633/2024/07/Full-informatiu-inici-curs-24_25.pdf" target="_blank" rel="noopener">aquest document</a> hi trobareu informació sobre el calendari i tràmits diversos, que us resumim aquí:</p>
<p>&#8211; Sol·licitud de canvi d&#8217;horari: <strong>fins al 10 octubre de 2024</strong>. <a href="https://agora-eoi.xtec.cat/eoiblanes/wp-content/uploads/usu2633/2023/01/Sollicitud_CanviGrupHorari.pdf" target="_blank" rel="noopener">Formulari.</a></p>
<p>&#8211; Renúncia a la matrícula amb devolució de taxes <strong>fins al 10 d&#8217;octubre de 2024</strong>. <a href="https://agora-eoi.xtec.cat/eoiblanes/wp-content/uploads/usu2633/2022/06/Devolucio_Matricula_EOI_A677.pdf" target="_blank" rel="noopener">Formulari</a>. En cas de demanar la devolució de taxes, heu de presentar també la renúncia a la matrícula oficial. <a href="https://agora-eoi.xtec.cat/eoiblanes/wp-content/uploads/usu2633/2023/01/Sollicitud_Renuncia.pdf" target="_blank" rel="noopener">Formulari</a>.</p>
<p>&#8211; Renúncia a la matrícula oficial: <strong>fins al 30 de novembre de 2024</strong>. <a href="https://agora-eoi.xtec.cat/eoiblanes/wp-content/uploads/usu2633/2023/01/Sollicitud_Renuncia.pdf" target="_blank" rel="noopener">Formulari</a>.</p>
<p>&#8211; Trasllat de matrícula viva: <strong>fins al 30 d&#8217;abril de 2025</strong>.<a href="https://agora-eoi.xtec.cat/eoiblanes/wp-content/uploads/usu2633/2022/02/trasllat_form.pdf" target="_blank" rel="noopener">Formulari</a></p>
<p>Tots els formularis s&#8217;han de presentar personalment al Departament d&#8217;alumnat.</p>

<p>En <a href="https://agora-eoi.xtec.cat/eoiblanes/wp-content/uploads/usu2633/2024/07/Full-informatiu-inici-curs-24_25.pdf" target="_blank" rel="noopener">aquest document</a> hi trobareu informació sobre el calendari i tràmits diversos, que us resumim aquí:<br />
&#8211; Sol·licitud de canvi d&#8217;horari: fins al 10 octubre de 2024. <a href="https://agora-eoi.xtec.cat/eoiblanes/wp-content/uploads/usu2633/2023/01/Sollicitud_CanviGrupHorari.pdf" target="_blank" rel="noopener">Formulari.</a><br />
&#8211; Renúncia a la matrícula amb devolució de taxes fins al 10 d&#8217;octubre de 2024. <a&hellip;  <a href="https://agora-eoi.xtec.cat/eoiblanes/informacio-alumnat-informacio-inici-de-curs-informacio-alumnat-informacio-inici-de-curs-informacio-inici-de-curs/informacio-inici-de-curs/" title="Read Informació inici de curs">Llegeix més»</a></p>
