{"id":8366,"date":"2016-06-13T13:27:59","date_gmt":"2016-06-13T12:27:59","guid":{"rendered":"https:\/\/agora-eoi.xtec.cat\/eoiblanes\/?page_id=8366"},"modified":"2025-06-27T11:43:34","modified_gmt":"2025-06-27T09:43:34","slug":"horari","status":"publish","type":"page","link":"https:\/\/agora-eoi.xtec.cat\/eoiblanes\/informacio-general\/horari\/","title":{"rendered":"Horaris d&#8217;atenci\u00f3 \/ Contacte"},"content":{"rendered":"<p><strong>DEPARTAMENT D\u2019ALUMNAT\u00a0\u00a0<\/strong><\/p>\n<p>Departament encarregat del proc\u00e9s de preinscripci\u00f3, matr\u00edcula, certificats, t\u00edtols, beques, etc.<\/p>\n<p>Adre\u00e7a electr\u00f2nica: eoiblanes@xtec.cat<\/p>\n<p>Administrativa: Susana Rodr\u00edguez<\/p>\n<p>Horari d\u2019atenci\u00f3 al p\u00fablic del Dept. d\u2019alumnat: a la tarda de dilluns a dijous de 16 a 19 h<\/p>\n<p>i durant el mes de juliol al mat\u00ed de 10h a 13h<\/p>\n<p>&nbsp;<\/p>\n<p><a href=\"https:\/\/agora-eoi.xtec.cat\/eoiblanes\/informacio-general\/direccio\/\"><strong>DIRECCI\u00d3<\/strong><\/a><\/p>\n<p><a href=\"https:\/\/agora-eoi.xtec.cat\/eoiblanes\/informacio-general\/secretaria\/\"><strong>SECRETARIA<\/strong><\/a><\/p>\n<p><a href=\"https:\/\/agora-eoi.xtec.cat\/eoiblanes\/informacio-general\/cap-destudis\/\"><strong>CAP D\u2019ESTUDIS<\/strong><\/a><\/p>\n","protected":false},"excerpt":{"rendered":"<p>DEPARTAMENT D\u2019ALUMNAT\u00a0\u00a0<br \/>\nDepartament encarregat del proc\u00e9s de preinscripci\u00f3, matr\u00edcula, certificats, t\u00edtols, beques, etc.<br \/>\nAdre\u00e7a electr\u00f2nica: eoiblanes@xtec.cat<br \/>\nAdministrativa: Susana Rodr\u00edguez<br \/>\nHorari d\u2019atenci\u00f3 al p\u00fablic del Dept. d\u2019alumnat: a la tarda de dilluns a dijous de 16 a 19 h<br \/>\ni durant el mes de juliol al mat\u00ed de 10h a 13h<br \/>\n&nbsp;<br \/>\n<a&hellip;  <a href=\"https:\/\/agora-eoi.xtec.cat\/eoiblanes\/informacio-general\/horari\/\" title=\"Read Horaris d&#8217;atenci\u00f3 \/ Contacte\">Llegeix m\u00e9s\u00bb<\/a><\/p>\n","protected":false},"author":1,"featured_media":0,"parent":8899,"menu_order":0,"comment_status":"closed","ping_status":"closed","template":"page-templates\/side-menu.php","meta":{"_bbp_topic_count":0,"_bbp_reply_count":0,"_bbp_total_topic_count":0,"_bbp_total_reply_count":0,"_bbp_voice_count":0,"_bbp_anonymous_reply_count":0,"_bbp_topic_count_hidden":0,"_bbp_reply_count_hidden":0,"_bbp_forum_subforum_count":0,"footnotes":""},"class_list":["post-8366","page","type-page","status-publish","hentry"],"post_mailing_queue_ids":[],"_links":{"self":[{"href":"https:\/\/agora-eoi.xtec.cat\/eoiblanes\/wp-json\/wp\/v2\/pages\/8366","targetHints":{"allow":["GET"]}}],"collection":[{"href":"https:\/\/agora-eoi.xtec.cat\/eoiblanes\/wp-json\/wp\/v2\/pages"}],"about":[{"href":"https:\/\/agora-eoi.xtec.cat\/eoiblanes\/wp-json\/wp\/v2\/types\/page"}],"author":[{"embeddable":true,"href":"https:\/\/agora-eoi.xtec.cat\/eoiblanes\/wp-json\/wp\/v2\/users\/1"}],"replies":[{"embeddable":true,"href":"https:\/\/agora-eoi.xtec.cat\/eoiblanes\/wp-json\/wp\/v2\/comments?post=8366"}],"version-history":[{"count":7,"href":"https:\/\/agora-eoi.xtec.cat\/eoiblanes\/wp-json\/wp\/v2\/pages\/8366\/revisions"}],"predecessor-version":[{"id":12036,"href":"https:\/\/agora-eoi.xtec.cat\/eoiblanes\/wp-json\/wp\/v2\/pages\/8366\/revisions\/12036"}],"up":[{"embeddable":true,"href":"https:\/\/agora-eoi.xtec.cat\/eoiblanes\/wp-json\/wp\/v2\/pages\/8899"}],"wp:attachment":[{"href":"https:\/\/agora-eoi.xtec.cat\/eoiblanes\/wp-json\/wp\/v2\/media?parent=8366"}],"curies":[{"name":"wp","href":"https:\/\/api.w.org\/{rel}","templated":true}]}}