{"id":10295,"date":"2022-10-29T20:33:03","date_gmt":"2022-10-29T18:33:03","guid":{"rendered":"https:\/\/agora-eoi.xtec.cat\/eoiblanes\/?page_id=10295"},"modified":"2025-11-27T12:53:54","modified_gmt":"2025-11-27T11:53:54","slug":"programa-de-certificacio-alumnat-instituts-2","status":"publish","type":"page","link":"https:\/\/agora-eoi.xtec.cat\/eoiblanes\/secretaria-2\/programa-de-certificacio-alumnat-instituts-2\/","title":{"rendered":"Programa de certificaci\u00f3 (alumnat instituts)"},"content":{"rendered":"<header class=\"entry-header\">\n<h4 class=\"entry-title\"><strong>PROGRAMA DE CERTIFICACI\u00d3 DE CONEIXEMENTS DE LLENG\u00dcES ESTRANGERES<\/strong><\/h4>\n<\/header>\n<div class=\"entry-content\">\n<p><strong>Quina \u00e9s la finalitat d\u2019aquest programa?<\/strong><\/p>\n<p>La finalitat d\u2019aquest programa \u00e9s fomentar, amb el suport de les Escoles Oficials d\u2019Idiomes als centres educatius participants, la certificaci\u00f3 dels coneixements de llengua estrangera adquirits per l\u2019alumnat de determinats ensenyaments de forma que s\u2019afavoreixi el progr\u00e9s del rendiment acad\u00e8mic en les lleng\u00fces estrangeres i la millora de la transpar\u00e8ncia de les compet\u00e8ncies adquirides.<\/p>\n<p><strong>Quins objectius t\u00e9?<\/strong><\/p>\n<p>Els objectius espec\u00edfics del Programa de certificaci\u00f3 dels coneixements de lleng\u00fces estrangeres s\u00f3n:<\/p>\n<p>a) Impulsar i facilitar la certificaci\u00f3 de la compet\u00e8ncia ling\u00fc\u00edstica en llengua estrangera dels alumnes de determinats ensenyaments.<\/p>\n<p>b) Estimular la motivaci\u00f3 i el rendiment de l\u2019alumnat en les mat\u00e8ries de lleng\u00fces estrangeres, amb accions en els diversos ensenyaments implicats i programades en el marc del projecte educatiu de centre i concretades a la programaci\u00f3 general anual.<\/p>\n<p>c) Afavorir les vies que facilitin la cooperaci\u00f3 entre centres educatius, i entre aquests i les escoles oficials d\u2019idiomes.<\/p>\n<p><strong>Quins centres hi poden participar?<\/strong><\/p>\n<p>Poden formar part del programa els centres educatius de Catalunya sostinguts amb fons p\u00fablics que imparteixen algun dels ensenyaments seg\u00fcents:\u00a0<strong>educaci\u00f3 secund\u00e0ria obligat\u00f2ria, batxillerat, cicles de formaci\u00f3 professional, cicles d\u2019arts pl\u00e0stiques i disseny, t\u00edtols propis d\u2019arts esc\u00e8niques o cicles d\u2019ensenyaments esportius de r\u00e8gim especial.<\/strong><\/p>\n<p>Tamb\u00e9 podran formar part del programa els\u00a0<strong>centres de formaci\u00f3 de persones adultes<\/strong>\u00a0que imparteixin estudis per a l\u2019obtenci\u00f3 del t\u00edtol de graduat o graduada en educaci\u00f3 secund\u00e0ria obligat\u00f2ria (GESO).<\/p>\n<p>Les lleng\u00fces estrangeres en les quals pot actuar aquest programa s\u00f3n les lleng\u00fces estrangeres curriculars seg\u00fcents: alemany, angl\u00e8s, \u00e0rab, franc\u00e8s, itali\u00e0 i xin\u00e8s,\u00a0 impulsades mitjan\u00e7ant la Resoluci\u00f3 ENS\/2754\/2018, de 20 de novembre, per la qual es crea i dona publicitat al programa Lleng\u00fces i Cultures d\u2019Origen, amb la finalitat de posar en valor les lleng\u00fces i cultures d\u2019origen de l\u2019alumnat, facilitar-ne l\u2019aprenentatge i el reconeixement acad\u00e8mic a tots els alumnes del sistema educatiu, i promoure valors de toler\u00e0ncia i respecte a la diversitat.<\/p>\n<p>Per a cadascuna d\u2019aquestes lleng\u00fces, els nivells de certificaci\u00f3 poden ser els\u00a0<strong>nivells B1 i B2<\/strong>.<\/p>\n<p>Aquesta iniciativa ja es va dur a terme de forma experimental a trav\u00e9s de la creaci\u00f3 del Programa experimental de suport a la certificaci\u00f3 dels coneixements de lleng\u00fces estrangeres en determinats ensenyaments, que va tenir una vig\u00e8ncia de 5 cursos acad\u00e8mics i que actualment es troba extingit.<\/p>\n<p>Podeu consultar la informaci\u00f3 a la\u00a0<a href=\"https:\/\/agora-eoi.xtec.cat\/eoiblanes\/wp-content\/uploads\/usu2633\/2024\/10\/RESOLUCIO-EDU_287_2022_Programa-de-certificacio.pdf\" target=\"_blank\" rel=\"noopener\">RESOLUCI\u00d3 EDU\/287\/2022, de 10 de febrer, per la qual es crea el Programa de certificaci\u00f3 dels coneixements de lleng\u00fces estrangeres en determinats ensenyaments, i s\u2019obre convocat\u00f2ria p\u00fablica per a la selecci\u00f3 de centres educatius interessats a formar-ne part a partir del curs 2022-2023<\/a>.<\/p>\n<p>Trobareu m\u00e9s informaci\u00f3 de les dates en\u00a0<a href=\"https:\/\/agora-eoi.xtec.cat\/eoiblanes\/wp-content\/uploads\/usu2633\/2025\/11\/Convocatoria-proves-PC_25_26.pdf\" target=\"_blank\" rel=\"noopener\">aquest enlla\u00e7<\/a>.<\/p>\n<\/div>\n<div class=\"entry-content\">\n<p>L\u2019EOI de Blanes \u00e9s l\u2019escola de refer\u00e8ncia dels centres de la comarca de la Selva. Els centres s\u00f3n els encarregats d\u2019inscriure el seu alumnat per mitj\u00e0 de l\u2019aplicaci\u00f3 que posa a disposici\u00f3 el Departament d\u2019Educaci\u00f3.<\/p>\n<\/div>\n","protected":false},"excerpt":{"rendered":"<p>PROGRAMA DE CERTIFICACI\u00d3 DE CONEIXEMENTS DE LLENG\u00dcES ESTRANGERES<\/p>\n<p>Quina \u00e9s la finalitat d\u2019aquest programa?<br \/>\nLa finalitat d\u2019aquest programa \u00e9s fomentar, amb el suport de les Escoles Oficials d\u2019Idiomes als centres educatius participants, la certificaci\u00f3 dels coneixements de llengua estrangera adquirits per l\u2019alumnat de determinats ensenyaments de forma&hellip;  <a href=\"https:\/\/agora-eoi.xtec.cat\/eoiblanes\/secretaria-2\/programa-de-certificacio-alumnat-instituts-2\/\" title=\"Read Programa de certificaci\u00f3 (alumnat instituts)\">Llegeix m\u00e9s\u00bb<\/a><\/p>\n","protected":false},"author":1,"featured_media":0,"parent":8960,"menu_order":13,"comment_status":"closed","ping_status":"closed","template":"page-templates\/side-menu.php","meta":{"_bbp_topic_count":0,"_bbp_reply_count":0,"_bbp_total_topic_count":0,"_bbp_total_reply_count":0,"_bbp_voice_count":0,"_bbp_anonymous_reply_count":0,"_bbp_topic_count_hidden":0,"_bbp_reply_count_hidden":0,"_bbp_forum_subforum_count":0,"footnotes":""},"class_list":["post-10295","page","type-page","status-publish","hentry"],"post_mailing_queue_ids":[],"_links":{"self":[{"href":"https:\/\/agora-eoi.xtec.cat\/eoiblanes\/wp-json\/wp\/v2\/pages\/10295","targetHints":{"allow":["GET"]}}],"collection":[{"href":"https:\/\/agora-eoi.xtec.cat\/eoiblanes\/wp-json\/wp\/v2\/pages"}],"about":[{"href":"https:\/\/agora-eoi.xtec.cat\/eoiblanes\/wp-json\/wp\/v2\/types\/page"}],"author":[{"embeddable":true,"href":"https:\/\/agora-eoi.xtec.cat\/eoiblanes\/wp-json\/wp\/v2\/users\/1"}],"replies":[{"embeddable":true,"href":"https:\/\/agora-eoi.xtec.cat\/eoiblanes\/wp-json\/wp\/v2\/comments?post=10295"}],"version-history":[{"count":6,"href":"https:\/\/agora-eoi.xtec.cat\/eoiblanes\/wp-json\/wp\/v2\/pages\/10295\/revisions"}],"predecessor-version":[{"id":12159,"href":"https:\/\/agora-eoi.xtec.cat\/eoiblanes\/wp-json\/wp\/v2\/pages\/10295\/revisions\/12159"}],"up":[{"embeddable":true,"href":"https:\/\/agora-eoi.xtec.cat\/eoiblanes\/wp-json\/wp\/v2\/pages\/8960"}],"wp:attachment":[{"href":"https:\/\/agora-eoi.xtec.cat\/eoiblanes\/wp-json\/wp\/v2\/media?parent=10295"}],"curies":[{"name":"wp","href":"https:\/\/api.w.org\/{rel}","templated":true}]}}