{"id":8962,"date":"2021-05-24T11:03:23","date_gmt":"2021-05-24T09:03:23","guid":{"rendered":"https:\/\/agora-eoi.xtec.cat\/eoibarcelona-sants\/?page_id=8962"},"modified":"2026-03-04T13:31:36","modified_gmt":"2026-03-04T12:31:36","slug":"tramits-impressos","status":"publish","type":"page","link":"https:\/\/agora-eoi.xtec.cat\/eoibarcelona-sants\/secretaria\/tramits-impressos\/","title":{"rendered":"Tr\u00e0mits i impresos"},"content":{"rendered":"<h4><strong>SOL\u00b7LICITUD T\u00cdTOLS ACAD\u00c8MICS\u00a0<\/strong><\/h4>\n<ul>\n<li style=\"list-style-type: none;\">\n<ul style=\"list-style-type: disc;\">\n<li><strong>Certificat de Nivell B\u00e0sic A2 i Nivell Intermedi B1: <\/strong>L\u2019est\u00e9n l\u2019escola i cal sol\u00b7licitar-lo a partir del 20 d&#8217;octubre a secretaria.<\/li>\n<li><strong>Certificat de Nivell Intermedi B2 i Nivell Avan\u00e7at C1:<\/strong> Des del mes de febrer de 2026, cal que sol\u00b7liciteu l&#8217;expedici\u00f3 dels t\u00edtols de nivell intermedi B2 i avan\u00e7at C1 des del <a href=\"https:\/\/tramits.gencat.cat\/ca\/tramits\/tramits-temes\/titols-academics-no-universitaris\" target=\"_blank\" rel=\"noopener noreferrer\">Tramitador de t\u00edtols acad\u00e8mics i professionals no universitaris<\/a>. Per dur a terme aquest proc\u00e9s consulteu\u00a0les <a href=\"https:\/\/tramits.gencat.cat\/web\/shared\/OVT\/Departaments\/ENS\/TramitOVT\/tramitacio-titols\/sollicitud-primera-expedicio.pdf\" target=\"_blank\" rel=\"noopener\">instruccions del Departament d\u2019Educaci\u00f3<\/a><strong>.<\/strong><\/li>\n<\/ul>\n<\/li>\n<\/ul>\n<p style=\"padding-left: 80px; text-align: justify;\"><em><strong>Recordeu:<\/strong> haureu de contactar amb la secretaria per tal d&#8217;informar que heu<\/em><br \/>\n<em>fet una sol\u00b7licitud de t\u00edtol i que, si \u00e9s el cas, validin les vostres dades personals i\/o<\/em><br \/>\n<em>econ\u00f2miques. <\/em><em><span style=\"text-decoration: underline;\">El resguard del t\u00edtol tindr\u00e0 validesa legal un cop estigui signat i segellat pel centre<\/span>. <\/em><em>Rebreu un av\u00eds del centre quan pugueu passar a recollir el t\u00edtol.<\/em><\/p>\n<ul>\n<li style=\"list-style-type: none;\">\n<ul style=\"list-style-type: disc;\">\n<li><strong>Taxes i Preus P\u00fablics:<a href=\"http:\/\/ensenyament.gencat.cat\/ca\/departament\/normativa\/taxes-preus-publics\/taxes\/\" target=\"_blank\" rel=\"noopener\">+ Info<\/a><\/strong><\/li>\n<\/ul>\n<\/li>\n<\/ul>\n<h4><strong>IMPRESOS<\/strong><\/h4>\n<ul>\n<li style=\"list-style-type: none;\">\n<ul style=\"list-style-type: disc;\">\n<li><em>Aqu\u00ed trobareu els models descarregables dels impresos utilitzats en alguns dels tr\u00e0mits que es poden fer a la secretaria de l&#8217;escola:<\/em>\n<ul style=\"list-style-type: disc;\">\n<li><strong><a href=\"https:\/\/drive.google.com\/file\/d\/1w2B9DUDzIiDKde_F9Z1NW2K9j6aXTutF\/view?usp=sharing\" target=\"_blank\" rel=\"noopener\">Inst\u00e0ncia<\/a>\u00a0<\/strong>(sol\u00b7licituds canvi horari, ren\u00fancia a un curs, convocat\u00f2ria addicional, etc.)<\/li>\n<li><strong><a href=\"https:\/\/drive.google.com\/file\/d\/19Eim4m_KyxL0KV7HgW6-6EG7-8YWyMfr\/view?usp=sharing\" target=\"_blank\" rel=\"noopener\">Sol\u00b7licitud de certificats acad\u00e8mics<\/a>\u00a0<\/strong><\/li>\n<li><strong><a href=\"https:\/\/drive.google.com\/file\/d\/15Xw_SfvbTdxyR7XlgOmYjGVHOgf6C7_5\/view?usp=sharing\" target=\"_blank\" rel=\"noopener\">Trasllat de matr\u00edcula<\/a>\u00a0<\/strong><\/li>\n<\/ul>\n<\/li>\n<\/ul>\n<\/li>\n<\/ul>\n<p><a href=\"https:\/\/drive.google.com\/file\/d\/1GtbVZttcUE_sfavRVljntFMZb669Jyiq\/view?usp=sharing\" target=\"_blank\" rel=\"noopener\"><strong>Trasllat<\/strong><\/a><\/p>\n<p style=\"padding-left: 40px;\"><span class=\"wf_file\">\u00c9s possible realitzar el <strong>trasllat de matr\u00edcula viva<\/strong> (\u00e9s a dir, durant el per\u00edode lectiu) entre les diferents EOI de Catalunya sempre que el centre receptor confirmi a l\u2019alumne\/a que t\u00e9 una pla\u00e7a disponible en l\u2019horari desitjat. <a href=\"https:\/\/agora-eoi.xtec.cat\/eoibarcelona-sants\/guia-de-lalumnat-curs-2022-2023\/\" target=\"_blank\" rel=\"noopener\">Consulteu els terminis a la guia de l&#8217;alumnat<\/a>.<\/span><\/p>\n<p style=\"padding-left: 40px;\">La sol\u00b7licitud de trasllat es fa al centre de destinaci\u00f3 mitjan\u00e7ant el <a href=\"https:\/\/drive.google.com\/file\/d\/1GtbVZttcUE_sfavRVljntFMZb669Jyiq\/view?usp=sharing\" target=\"_blank\" rel=\"noopener\"><b>model de sol\u00b7licitud de trasllat<\/b><\/a>. La documentaci\u00f3 que cal aportar \u00e9s el full de pagament de matr\u00edcula efectuada en el centre d\u2019origen i una fotoc\u00f2pia del document d\u2019identitat.<br \/>\n<strong>ATENCI\u00d3:<\/strong> l\u2019alumnat procedent d\u2019altres comunitats aut\u00f2nomes han de pagar les taxes o preus p\u00fablics vigents a Catalunya.<\/p>\n<p style=\"padding-left: 40px;\"><strong>Trasllat de matr\u00edcula en per\u00edode no lectiu <\/strong>(entre EOI de Catalunya)<br \/>\nL\u2019alumnat oficial, un cop formalitzada la matr\u00edcula d&#8217;antic alumne\u00a0al mes de juliol, pot sol\u00b7licitar un trasllat de matr\u00edcula a una altra EOI de Catalunya en el per\u00edode establert. La sol\u00b7licitud de matr\u00edcula es fa a l\u2019escola de destinaci\u00f3, i queda condicionada a la disponibilitat de places. La documentaci\u00f3 que cal aportar \u00e9s el full de pagament de matr\u00edcula efectuada en el centre d\u2019origen i una fotoc\u00f2pia del document d\u2019identitat.<\/p>\n<p><a href=\"https:\/\/drive.google.com\/file\/d\/1daPEpIdFRINKEqPOSes9RuMianNDCSt5\/view?usp=sharing\" target=\"_blank\" rel=\"noopener\"><strong>Ren\u00fancia<\/strong><\/a><strong><br \/>\n<\/strong><\/p>\n<ul>\n<li style=\"list-style-type: none;\">\n<ul style=\"list-style-type: disc;\">\n<li>Es pot formalitzar a Secretaria. <span class=\"wf_file\"><a href=\"https:\/\/agora-eoi.xtec.cat\/eoibarcelona-sants\/guia-de-lalumnat-curs-2022-2023\/\" target=\"_blank\" rel=\"noopener\">Consulteu els terminis a la guia de l&#8217;alumnat<\/a>.<\/span><\/li>\n<li>La ren\u00fancia no suposa el c\u00f2mput del curs a efectes de repetici\u00f3 <strong>si es presenta dins el termini\u00a0establert per cada curs<\/strong>, ni el dret al retorn de cap taxa\/preu p\u00fablic. Es pot sol\u00b7licitar una sola vegada per curs.<\/li>\n<\/ul>\n<\/li>\n<\/ul>\n<p><strong><a href=\"https:\/\/drive.google.com\/file\/d\/1w2B9DUDzIiDKde_F9Z1NW2K9j6aXTutF\/view?usp=sharing\" target=\"_blank\" rel=\"noopener\">Canvi d\u2019horari<\/a><br \/>\n<\/strong><\/p>\n<ul>\n<li style=\"list-style-type: none;\">\n<ul style=\"list-style-type: disc;\">\n<li>Nom\u00e9s es pot sol\u00b7licitar un cop acabat tot el proc\u00e9s de matr\u00edcula. <a href=\"https:\/\/agora-eoi.xtec.cat\/eoibarcelona-sants\/guia-de-lalumnat-curs-2022-2023\/\" target=\"_blank\" rel=\"noopener\"><span class=\"wf_file\">Consulteu els terminis a la guia de l&#8217;alumnat<\/span><\/a>. Es resoldr\u00e0 seguint l\u2019ordre de presentaci\u00f3 i sempre que hi hagi vacants en el grup sol\u00b7licitat.<\/li>\n<\/ul>\n<\/li>\n<\/ul>\n<p><strong><a href=\"https:\/\/drive.google.com\/file\/d\/1w2B9DUDzIiDKde_F9Z1NW2K9j6aXTutF\/view?usp=sharing\" target=\"_blank\" rel=\"noopener\">Convocat\u00f2ria addicional<\/a><br \/>\n<\/strong><\/p>\n<ul>\n<li style=\"list-style-type: none;\">\n<ul style=\"list-style-type: disc;\">\n<li><em>Per\u00edode de presentaci\u00f3 de sol\u00b7licituds<\/em>: A partir del moment que es publiquin els resultats finals i <strong>fins al primer divendres de juliol<\/strong>.<\/li>\n<li><em>Quan es pot demanar<\/em>: Quan l\u2019alumne hagi esgotat el nombre de convocat\u00f2ries ordin\u00e0ries per la superaci\u00f3 del nivell b\u00e0sic, intermedi B1, intermedi B2 o avan\u00e7at C1 sempre que hagi tingut una <strong>assist\u00e8ncia m\u00ednima d\u2019un 80% a les classes i no representi fer el curs per quarta vegada<\/strong>.<\/li>\n<li><em>Quan es t\u00e9 dret a aquesta convocat\u00f2ria<\/em>: Nom\u00e9s tindr\u00e0 dret a aquesta convocat\u00f2ria una vegada dins un mateix nivell: un cop dins el nivell B\u00e0sic (per segon curs) i\/o un cop dins el nivell Intermedi B1 (tercer curs) i\/o un cop dins el nivell Intermedi B2 (per cinqu\u00e8 curs), i\/o un cop dins el nivell Avan\u00e7at C1.<\/li>\n<\/ul>\n<\/li>\n<\/ul>\n<p><strong><span style=\"color: #768f11;\"><span style=\"color: #697d19;\">Retorn de taxes<\/span>\u00a0<\/span><\/strong><\/p>\n<ul>\n<li style=\"list-style-type: none;\">\n<ul style=\"list-style-type: disc;\">\n<li>Nom\u00e9s en cas d\u2019impossibilitat d\u2019iniciar el curs s\u2019admetr\u00e0 una ren\u00fancia amb devoluci\u00f3.Cal realitzar els tr\u00e0mits de devoluci\u00f3 dins el per\u00edode establert per cada curs. <a href=\"https:\/\/agora-eoi.xtec.cat\/eoibarcelona-sants\/guia-de-lalumnat-curs-2022-2023\/\" target=\"_blank\" rel=\"noopener\"><span class=\"wf_file\">Consulteu els terminis a la guia de l&#8217;alumnat<\/span><\/a>\n<ul style=\"list-style-type: circle;\">\n<li>Sol\u00b7licitud de devoluci\u00f3 de taxes (matr\u00edcula B1, B2.1 i B2.2) i preus p\u00fablics (matr\u00edcula A1, A2 i C1) al Departament d&#8217;Educaci\u00f3 mitjan\u00e7ant el <a href=\"https:\/\/web.gencat.cat\/ca\/tramits\/tramits-temes\/devolucio-ingressos-indeguts\" target=\"_blank\" rel=\"noopener\">Tramitador Gen\u00e8ric<\/a>.<\/li>\n<li>Sol\u00b7licitud de devoluci\u00f3 del preu p\u00fablic pels serveis d&#8217;acc\u00e9s a la plataforma i materials did\u00e0ctics a la secretaria del centre mitjan\u00e7ant <a href=\"https:\/\/drive.google.com\/file\/d\/1uInsjFcoFAlmnZ5pPwlpiQNJPVTMaWf8\/view?usp=drive_link\" target=\"_blank\" rel=\"noopener\">&#8220;Sol\u00b7licitud de devoluci\u00f3 del preu p\u00fablic pels serveis d&#8217;acc\u00e9s a la plataforma i materials did\u00e0ctics a les escoles oficials d&#8217;idiomes (EOI)&#8221;<\/a>.<\/li>\n<\/ul>\n<\/li>\n<\/ul>\n<\/li>\n<\/ul>\n","protected":false},"excerpt":{"rendered":"<p>SOL\u00b7LICITUD T\u00cdTOLS ACAD\u00c8MICS\u00a0<\/p>\n<ul>\n<li style=\"list-style-type: none;\">\n<ul style=\"list-style-type: disc;\">\n<li>Certificat de Nivell B\u00e0sic A2 i Nivell Intermedi B1: L\u2019est\u00e9n l\u2019escola i cal sol\u00b7licitar-lo a partir del 20 d&#8217;octubre a secretaria.<\/li>\n<li>Certificat de Nivell Intermedi B2 i Nivell Avan\u00e7at C1: Des del mes de febrer de 2026, cal que sol\u00b7liciteu&hellip;  <a href=\"https:\/\/agora-eoi.xtec.cat\/eoibarcelona-sants\/secretaria\/tramits-impressos\/\" title=\"Read Tr\u00e0mits i impresos\">Llegeix m\u00e9s\u00bb<\/a><br \/>\n","protected":false},"author":5,"featured_media":0,"parent":8358,"menu_order":20,"comment_status":"closed","ping_status":"closed","template":"page-templates\/side-menu.php","meta":{"_bbp_topic_count":0,"_bbp_reply_count":0,"_bbp_total_topic_count":0,"_bbp_total_reply_count":0,"_bbp_voice_count":0,"_bbp_anonymous_reply_count":0,"_bbp_topic_count_hidden":0,"_bbp_reply_count_hidden":0,"_bbp_forum_subforum_count":0,"footnotes":""},"class_list":["post-8962","page","type-page","status-publish","hentry"],"post_mailing_queue_ids":[],"_links":{"self":[{"href":"https:\/\/agora-eoi.xtec.cat\/eoibarcelona-sants\/wp-json\/wp\/v2\/pages\/8962","targetHints":{"allow":["GET"]}}],"collection":[{"href":"https:\/\/agora-eoi.xtec.cat\/eoibarcelona-sants\/wp-json\/wp\/v2\/pages"}],"about":[{"href":"https:\/\/agora-eoi.xtec.cat\/eoibarcelona-sants\/wp-json\/wp\/v2\/types\/page"}],"author":[{"embeddable":true,"href":"https:\/\/agora-eoi.xtec.cat\/eoibarcelona-sants\/wp-json\/wp\/v2\/users\/5"}],"replies":[{"embeddable":true,"href":"https:\/\/agora-eoi.xtec.cat\/eoibarcelona-sants\/wp-json\/wp\/v2\/comments?post=8962"}],"version-history":[{"count":7,"href":"https:\/\/agora-eoi.xtec.cat\/eoibarcelona-sants\/wp-json\/wp\/v2\/pages\/8962\/revisions"}],"predecessor-version":[{"id":11116,"href":"https:\/\/agora-eoi.xtec.cat\/eoibarcelona-sants\/wp-json\/wp\/v2\/pages\/8962\/revisions\/11116"}],"up":[{"embeddable":true,"href":"https:\/\/agora-eoi.xtec.cat\/eoibarcelona-sants\/wp-json\/wp\/v2\/pages\/8358"}],"wp:attachment":[{"href":"https:\/\/agora-eoi.xtec.cat\/eoibarcelona-sants\/wp-json\/wp\/v2\/media?parent=8962"}],"curies":[{"name":"wp","href":"https:\/\/api.w.org\/{rel}","templated":true}]}}