{"id":9316,"date":"2022-04-29T10:01:06","date_gmt":"2022-04-29T08:01:06","guid":{"rendered":"https:\/\/agora-eoi.xtec.cat\/eoibanyoles\/?page_id=9316"},"modified":"2025-12-12T09:50:41","modified_gmt":"2025-12-12T08:50:41","slug":"pla-experimental","status":"publish","type":"page","link":"https:\/\/agora-eoi.xtec.cat\/eoibanyoles\/secretaria\/pla-experimental\/","title":{"rendered":"Programa de certificaci\u00f3 dels coneixements de lleng\u00fces estrangeres (Centres educatius)"},"content":{"rendered":"<table style=\"border-collapse: collapse; width: 100%;\">\n<tbody>\n<tr>\n<td style=\"width: 100%; background-color: #a0ebce; text-align: center;\">\n<h4><span style=\"color: #000000;\"><strong>Programa de certificaci\u00f3 dels coneixements de lleng\u00fces estrangeres<\/strong><\/span><\/h4>\n<\/td>\n<\/tr>\n<\/tbody>\n<\/table>\n<p style=\"text-align: justify;\">La finalitat del <em>Programa de certificaci\u00f3 dels coneixements de lleng\u00fces estrangeres <\/em>\u00e9s fomentar, amb el suport de les Escoles Oficials d&#8217;Idiomes als centres educatius participants, la certificaci\u00f3 dels coneixements de llengua estrangera adquirits per l&#8217;alumnat de determinats ensenyaments de forma que s&#8217;afavoreixi el progr\u00e9s del rendiment acad\u00e8mic en les lleng\u00fces estrangeres i la millora de la transpar\u00e8ncia de les compet\u00e8ncies adquirides.<\/p>\n<table style=\"border-collapse: collapse; width: 100%;\">\n<tbody>\n<tr>\n<td style=\"width: 50%; background-color: #cfedfc;\">\n<h5><span style=\"color: #000000;\"><strong>Poden formar part del Programa, els centres de Catalunya sostinguts amb fons p\u00fablics que imparteixen<\/strong><\/span><\/h5>\n<\/td>\n<td style=\"width: 50%; background-color: #e8f4fa;\">\n<ul>\n<li>\n<h5><span style=\"color: #000000;\">educaci\u00f3 secund\u00e0ria obligat\u00f2ria<\/span><\/h5>\n<\/li>\n<li>\n<h5><span style=\"color: #000000;\">batxillerat<\/span><\/h5>\n<\/li>\n<li>\n<h5><span style=\"color: #000000;\">cicles de formaci\u00f3 professional<\/span><\/h5>\n<\/li>\n<li>\n<h5><span style=\"color: #000000;\">cicles d&#8217;arts pl\u00e0stiques i disseny<\/span><\/h5>\n<\/li>\n<li>\n<h5><span style=\"color: #000000;\">cicles d&#8217;ensenyaments esportius de r\u00e8gim especial<\/span><\/h5>\n<\/li>\n<li>\n<h5><span style=\"color: #000000;\">centres que imparteixen t\u00edtols propis d&#8217;arts esc\u00e8niques<\/span><\/h5>\n<\/li>\n<li>\n<h5><span style=\"color: #000000;\">centres de formaci\u00f3 de persones adultes (CFA) que imparteixen el graduat en educaci\u00f3 secund\u00e0ria obligat\u00f2ria (GESO)<\/span><\/h5>\n<\/li>\n<\/ul>\n<\/td>\n<\/tr>\n<tr>\n<td style=\"width: 50%; background-color: #cfedfc;\">\n<h5><span style=\"color: #000000;\"><strong>lleng\u00fces estrangeres<\/strong><\/span><\/h5>\n<\/td>\n<td style=\"width: 50%; background-color: #e8f4fa;\">\n<ul>\n<li>\n<h5><span style=\"color: #000000;\">alemany<\/span><\/h5>\n<\/li>\n<li>\n<h5><span style=\"color: #000000;\">angl\u00e8s<\/span><\/h5>\n<\/li>\n<li>\n<h5><span style=\"color: #000000;\">\u00e0rab<\/span><\/h5>\n<\/li>\n<li>\n<h5><span style=\"color: #000000;\"><strong>franc\u00e8s<\/strong><\/span><\/h5>\n<\/li>\n<li>\n<h5><span style=\"color: #000000;\"><strong>itali\u00e0<\/strong><\/span><\/h5>\n<\/li>\n<li>\n<h5><span style=\"color: #000000;\"><strong>xin\u00e8s<\/strong><\/span><\/h5>\n<\/li>\n<\/ul>\n<\/td>\n<\/tr>\n<tr>\n<td style=\"width: 50%; background-color: #cfedfc;\">\n<h5><span style=\"color: #000000;\"><strong>Nivells<\/strong><\/span><\/h5>\n<\/td>\n<td style=\"width: 50%; background-color: #e8f4fa;\">\n<ul>\n<li>\n<h5><span style=\"color: #000000;\">B1<\/span><\/h5>\n<\/li>\n<li>\n<h5><span style=\"color: #000000;\">B2<\/span><\/h5>\n<\/li>\n<\/ul>\n<\/td>\n<\/tr>\n<\/tbody>\n<\/table>\n<p>Els centres s\u00f3n els encarregats d&#8217;inscriure el seu alumnat per mitj\u00e0 de l&#8217;aplicaci\u00f3 que posa a disposici\u00f3 el Departament d\u2019Educaci\u00f3.<\/p>\n<p>L&#8217;EOI de Banyoles \u00e9s l&#8217;escola de refer\u00e8ncia dels centres del Pla de l&#8217;Estany. Els instituts que hi participen s\u00f3n l&#8217;<a href=\"https:\/\/agora.xtec.cat\/ies-brugulat\/\" target=\"_blank\" rel=\"noopener\"><strong>Institut Brugulat<\/strong><\/a> i l&#8217;<a href=\"http:\/\/www.inspladelestany.cat\/\" target=\"_blank\" rel=\"noopener\">I<strong>nstitut Pla de l&#8217;Estany<\/strong><\/a><strong>.<\/strong><\/p>\n<p>Per a m\u00e9s informaci\u00f3, podeu consultar la <strong>RESOLUCI\u00d3<\/strong> per a la inscripci\u00f3 dels centres educatius clicant <a href=\"https:\/\/agora-eoi.xtec.cat\/eoibanyoles\/wp-content\/uploads\/usu2302\/2025\/09\/Programa-2025-2026.pdf\" target=\"_blank\" rel=\"noopener\">AQU\u00cd<\/a> i la convocat\u00f2ria de la prova clicant <a href=\"https:\/\/agora-eoi.xtec.cat\/eoibanyoles\/wp-content\/uploads\/usu2302\/2025\/12\/Convocatoria-proves-PC-1.pdf\" target=\"_blank\" rel=\"noopener\">AQU\u00cd<\/a>.<\/p>\n<table style=\"border-collapse: collapse; width: 100%;\">\n<tbody>\n<tr>\n<td style=\"width: 100%; background-color: #a0ebce; text-align: center;\">\n<h4><strong><span style=\"color: #000000;\">Resultats de les proves<\/span><\/strong><\/h4>\n<\/td>\n<\/tr>\n<tr>\n<td style=\"width: 100%; text-align: center;\">\n<h5><span style=\"color: #000000;\">Podeu consultar els resultats clicant <a href=\"https:\/\/aplicacions.gestioeducativa.gencat.cat\/ords\/pls\/apex\/f?p=2011025:LOGIN:203247461514750:::::\" target=\"_blank\" rel=\"noopener\">AQU\u00cd<\/a>.<\/span><\/h5>\n<\/td>\n<\/tr>\n<\/tbody>\n<\/table>\n<p>&nbsp;<\/p>\n","protected":false},"excerpt":{"rendered":"<p>Programa de certificaci\u00f3 dels coneixements de lleng\u00fces estrangeres La finalitat del Programa de certificaci\u00f3 dels coneixements de lleng\u00fces estrangeres \u00e9s fomentar, amb el suport de les Escoles Oficials d&#8217;Idiomes als centres educatius participants, la certificaci\u00f3 dels coneixements de llengua estrangera adquirits per l&#8217;alumnat de determinats ensenyaments de forma que s&#8217;afavoreixi el progr\u00e9s del rendiment acad\u00e8mic [&hellip;]<\/p>\n","protected":false},"author":1,"featured_media":0,"parent":8358,"menu_order":15,"comment_status":"closed","ping_status":"closed","template":"","meta":{"_bbp_topic_count":0,"_bbp_reply_count":0,"_bbp_total_topic_count":0,"_bbp_total_reply_count":0,"_bbp_voice_count":0,"_bbp_anonymous_reply_count":0,"_bbp_topic_count_hidden":0,"_bbp_reply_count_hidden":0,"_bbp_forum_subforum_count":0,"site-sidebar-layout":"default","site-content-layout":"","ast-site-content-layout":"default","site-content-style":"default","site-sidebar-style":"default","ast-global-header-display":"","ast-banner-title-visibility":"","ast-main-header-display":"","ast-hfb-above-header-display":"","ast-hfb-below-header-display":"","ast-hfb-mobile-header-display":"","site-post-title":"","ast-breadcrumbs-content":"","ast-featured-img":"","footer-sml-layout":"","theme-transparent-header-meta":"default","adv-header-id-meta":"","stick-header-meta":"","header-above-stick-meta":"","header-main-stick-meta":"","header-below-stick-meta":"","astra-migrate-meta-layouts":"set","ast-page-background-enabled":"default","ast-page-background-meta":{"desktop":{"background-color":"var(--ast-global-color-4)","background-image":"","background-repeat":"repeat","background-position":"center center","background-size":"auto","background-attachment":"scroll","background-type":"","background-media":"","overlay-type":"","overlay-color":"","overlay-opacity":"","overlay-gradient":""},"tablet":{"background-color":"","background-image":"","background-repeat":"repeat","background-position":"center center","background-size":"auto","background-attachment":"scroll","background-type":"","background-media":"","overlay-type":"","overlay-color":"","overlay-opacity":"","overlay-gradient":""},"mobile":{"background-color":"","background-image":"","background-repeat":"repeat","background-position":"center center","background-size":"auto","background-attachment":"scroll","background-type":"","background-media":"","overlay-type":"","overlay-color":"","overlay-opacity":"","overlay-gradient":""}},"ast-content-background-meta":{"desktop":{"background-color":"var(--ast-global-color-5)","background-image":"","background-repeat":"repeat","background-position":"center center","background-size":"auto","background-attachment":"scroll","background-type":"","background-media":"","overlay-type":"","overlay-color":"","overlay-opacity":"","overlay-gradient":""},"tablet":{"background-color":"var(--ast-global-color-5)","background-image":"","background-repeat":"repeat","background-position":"center center","background-size":"auto","background-attachment":"scroll","background-type":"","background-media":"","overlay-type":"","overlay-color":"","overlay-opacity":"","overlay-gradient":""},"mobile":{"background-color":"var(--ast-global-color-5)","background-image":"","background-repeat":"repeat","background-position":"center center","background-size":"auto","background-attachment":"scroll","background-type":"","background-media":"","overlay-type":"","overlay-color":"","overlay-opacity":"","overlay-gradient":""}},"footnotes":""},"class_list":["post-9316","page","type-page","status-publish","hentry"],"post_mailing_queue_ids":[],"_links":{"self":[{"href":"https:\/\/agora-eoi.xtec.cat\/eoibanyoles\/wp-json\/wp\/v2\/pages\/9316","targetHints":{"allow":["GET"]}}],"collection":[{"href":"https:\/\/agora-eoi.xtec.cat\/eoibanyoles\/wp-json\/wp\/v2\/pages"}],"about":[{"href":"https:\/\/agora-eoi.xtec.cat\/eoibanyoles\/wp-json\/wp\/v2\/types\/page"}],"author":[{"embeddable":true,"href":"https:\/\/agora-eoi.xtec.cat\/eoibanyoles\/wp-json\/wp\/v2\/users\/1"}],"replies":[{"embeddable":true,"href":"https:\/\/agora-eoi.xtec.cat\/eoibanyoles\/wp-json\/wp\/v2\/comments?post=9316"}],"version-history":[{"count":6,"href":"https:\/\/agora-eoi.xtec.cat\/eoibanyoles\/wp-json\/wp\/v2\/pages\/9316\/revisions"}],"predecessor-version":[{"id":13778,"href":"https:\/\/agora-eoi.xtec.cat\/eoibanyoles\/wp-json\/wp\/v2\/pages\/9316\/revisions\/13778"}],"up":[{"embeddable":true,"href":"https:\/\/agora-eoi.xtec.cat\/eoibanyoles\/wp-json\/wp\/v2\/pages\/8358"}],"wp:attachment":[{"href":"https:\/\/agora-eoi.xtec.cat\/eoibanyoles\/wp-json\/wp\/v2\/media?parent=9316"}],"curies":[{"name":"wp","href":"https:\/\/api.w.org\/{rel}","templated":true}]}}