{"id":8747,"date":"2016-06-20T16:17:58","date_gmt":"2016-06-20T15:17:58","guid":{"rendered":"http:\/\/agora-eoi.xtec.cat\/eoibadalona\/?page_id=8747"},"modified":"2026-02-05T11:51:37","modified_gmt":"2026-02-05T10:51:37","slug":"contacte","status":"publish","type":"page","link":"https:\/\/agora-eoi.xtec.cat\/eoibadalona\/el-servei-educatiu\/contacte\/","title":{"rendered":"Consell escolar"},"content":{"rendered":"<p>El <strong>Consell Escola<\/strong>r \u00e9s l\u2019\u00f2rgan col\u00b7legiat de participaci\u00f3 de la comunitat escolar en el govern del centre.<\/p>\n<p>Corresponen al <strong>Consell Escolar<\/strong> les funcions establertes a la <a href=\"http:\/\/www.gencat.cat\/diari\/5422\/09190005.htm\" target=\"_blank\" rel=\"noopener noreferrer\">Llei 12\/2009<\/a>, de 10 de juliol, d\u2019educaci\u00f3, que s\u00f3n:<\/p>\n<ol style=\"list-style-type: lower-alpha;\">\n<li style=\"list-style-type: none;\">\n<ol style=\"list-style-type: lower-alpha;\">\n<li>Aprovar el projecte educatiu i les modificacions corresponents per una majoria de tres cinquenes parts dels membres.<\/li>\n<li>Aprovar la programaci\u00f3 general anual del centre i avaluar-ne el desenvolupament i els resultats.<\/li>\n<li>Aprovar les propostes d&#8217;acords de corresponsabilitat, convenis i altres acords de col\u00b7laboraci\u00f3 del centre amb entitats o institucions.<\/li>\n<li>Aprovar les normes d\u2019organitzaci\u00f3 i funcionament i les modificacions corresponents.<\/li>\n<li>Aprovar la carta de comprom\u00eds educatiu.<\/li>\n<li>Aprovar el pressupost del centre i el rendiment de comptes.<\/li>\n<li>Intervenir en el procediment d\u2019admissi\u00f3 d\u2019alumnes.<\/li>\n<li>Participar en el procediment de selecci\u00f3 i en la proposta de cessament del director o directora.<\/li>\n<li>Intervenir en la resoluci\u00f3 dels conflictes i, si escau, revisar les sancions als alumnes.<\/li>\n<li>Aprovar les directrius per a la programaci\u00f3 d&#8217;activitats escolars complement\u00e0ries i d&#8217;activitats extraescolars, i avaluar-ne el desenvolupament.<\/li>\n<li>Participar en les an\u00e0lisis i les avaluacions del funcionament general del centre i con\u00e8ixer l&#8217;evoluci\u00f3 del rendiment escolar.<\/li>\n<li>Aprovar els criteris de col\u00b7laboraci\u00f3 amb altres centres i amb l\u2019entorn.<\/li>\n<li>Qualsevol altra que li sigui atribu\u00efda per les normes legals o reglament\u00e0ries.<\/li>\n<\/ol>\n<\/li>\n<\/ol>\n<p>El <a href=\"http:\/\/www.gencat.cat\/diari\/5686\/10209099.htm\" target=\"_blank\" rel=\"noopener noreferrer\">Decret 102\/2010<\/a>, de 3 d\u2019agost, d\u2019autonomia dels centres educatius tamb\u00e9 estableix la renovaci\u00f3 per meitats de les persones representants electes de cada sector cada dos anys, en el primer trimestre del curs escolar.<\/p>\n<p>Est\u00e0 format per representants de l\u2019<strong>alumnat<\/strong>, del <strong>professorat<\/strong>, del <strong>personal d\u2019administraci\u00f3 i serveis<\/strong> i de l\u2019<strong>Ajuntament de Badalona<\/strong>, aix\u00ed com de la <strong>directora<\/strong> i el <strong>cap d\u2019estudis<\/strong> de l\u2019escola.<\/p>\n<h2>Representants del Consell Escolar 2025-2027<\/h2>\n<ul>\n<li><a href=\"https:\/\/drive.google.com\/file\/d\/1_Jo_qhRvzfUwvEzTCW4wP7jpbIbJq37A\/view?usp=sharing\" target=\"_blank\" rel=\"noopener\">Acc\u00e9s als contactes dels representants<\/a><\/li>\n<\/ul>\n<p>&nbsp;<\/p>\n","protected":false},"excerpt":{"rendered":"<p>El Consell Escolar \u00e9s l\u2019\u00f2rgan col\u00b7legiat de participaci\u00f3 de la comunitat escolar en el govern del centre.<br \/>\nCorresponen al Consell Escolar les funcions establertes a la <a href=\"http:\/\/www.gencat.cat\/diari\/5422\/09190005.htm\" target=\"_blank\" rel=\"noopener noreferrer\">Llei 12\/2009<\/a>, de 10 de juliol, d\u2019educaci\u00f3, que s\u00f3n:<\/p>\n<ol style=\"list-style-type: lower-alpha;\">\n<li style=\"list-style-type: none;\">\n<ol style=\"list-style-type: lower-alpha;\">\n<li>Aprovar el&hellip;  <a href=\"https:\/\/agora-eoi.xtec.cat\/eoibadalona\/el-servei-educatiu\/contacte\/\" title=\"Read Consell escolar\">Llegeix m\u00e9s\u00bb<\/a><br \/>\n","protected":false},"author":1,"featured_media":0,"parent":806,"menu_order":4,"comment_status":"closed","ping_status":"closed","template":"page-templates\/side-menu.php","meta":{"_bbp_topic_count":0,"_bbp_reply_count":0,"_bbp_total_topic_count":0,"_bbp_total_reply_count":0,"_bbp_voice_count":0,"_bbp_anonymous_reply_count":0,"_bbp_topic_count_hidden":0,"_bbp_reply_count_hidden":0,"_bbp_forum_subforum_count":0,"footnotes":""},"class_list":["post-8747","page","type-page","status-publish","hentry"],"post_mailing_queue_ids":[],"_links":{"self":[{"href":"https:\/\/agora-eoi.xtec.cat\/eoibadalona\/wp-json\/wp\/v2\/pages\/8747","targetHints":{"allow":["GET"]}}],"collection":[{"href":"https:\/\/agora-eoi.xtec.cat\/eoibadalona\/wp-json\/wp\/v2\/pages"}],"about":[{"href":"https:\/\/agora-eoi.xtec.cat\/eoibadalona\/wp-json\/wp\/v2\/types\/page"}],"author":[{"embeddable":true,"href":"https:\/\/agora-eoi.xtec.cat\/eoibadalona\/wp-json\/wp\/v2\/users\/1"}],"replies":[{"embeddable":true,"href":"https:\/\/agora-eoi.xtec.cat\/eoibadalona\/wp-json\/wp\/v2\/comments?post=8747"}],"version-history":[{"count":6,"href":"https:\/\/agora-eoi.xtec.cat\/eoibadalona\/wp-json\/wp\/v2\/pages\/8747\/revisions"}],"predecessor-version":[{"id":12963,"href":"https:\/\/agora-eoi.xtec.cat\/eoibadalona\/wp-json\/wp\/v2\/pages\/8747\/revisions\/12963"}],"up":[{"embeddable":true,"href":"https:\/\/agora-eoi.xtec.cat\/eoibadalona\/wp-json\/wp\/v2\/pages\/806"}],"wp:attachment":[{"href":"https:\/\/agora-eoi.xtec.cat\/eoibadalona\/wp-json\/wp\/v2\/media?parent=8747"}],"curies":[{"name":"wp","href":"https:\/\/api.w.org\/{rel}","templated":true}]}}