{"id":8444,"date":"2016-06-14T16:06:08","date_gmt":"2016-06-14T14:06:08","guid":{"rendered":"http:\/\/agora-eoi.xtec.cat\/eoibadalona\/?page_id=8444"},"modified":"2022-07-26T23:27:40","modified_gmt":"2022-07-26T21:27:40","slug":"certificats","status":"publish","type":"page","link":"https:\/\/agora-eoi.xtec.cat\/eoibadalona\/certificats\/","title":{"rendered":"Certificats"},"content":{"rendered":"<h4 class=\"art-postheader\"><strong>CERTIFICATS OFICIALS<\/strong><\/h4>\n<div class=\"art-postcontent\">\n<div class=\"field field-name-body field-type-text-with-summary field-label-hidden\">\n<div class=\"field-items\">\n<div class=\"field-item even\">\n<p>Els ensenyaments a les <a href=\"http:\/\/queestudiar.gencat.cat\/ca\/estudis\/idiomes\/\" target=\"_blank\" rel=\"noopener noreferrer\">Escoles Oficials d\u2019Idiomes<\/a> es divideixen en cinc nivells que, un cop superats, donen dret als<strong> certificats<\/strong> corresponents.<\/p>\n<ul>\n<li><a href=\"http:\/\/xtec.gencat.cat\/ca\/curriculum\/idiomes-a-les-eoi\/curriculum\/\" target=\"_blank\" rel=\"noopener noreferrer\"><strong>Certificat de Nivell B\u00e0sic <\/strong><\/a>(cursos A1 i A2): equivalent al nivell A2+ del Marc Europeu Com\u00fa de Refer\u00e8ncia\u00a0 (per a alumnes oficials i alumnat del <a href=\"https:\/\/ioc.xtec.cat\/educacio\/eoi\" target=\"_blank\" rel=\"noopener noreferrer\">IOC<\/a>)<\/li>\n<li><a href=\"http:\/\/xtec.gencat.cat\/ca\/curriculum\/idiomes-a-les-eoi\/curriculum\/\" target=\"_blank\" rel=\"noopener noreferrer\"><strong>Certificat de Nivell Intermedi B1<\/strong><\/a> (curs B1) : equivalent al nivell B1 del Marc Europeu Com\u00fa de Refer\u00e8ncia (per a alumnes oficials, candidats lliures i alumnat del <a href=\"https:\/\/ioc.xtec.cat\/educacio\/eoi\" target=\"_blank\" rel=\"noopener noreferrer\">IOC<\/a> )<\/li>\n<li><a href=\"http:\/\/xtec.gencat.cat\/ca\/curriculum\/idiomes-a-les-eoi\/curriculum\/\" target=\"_blank\" rel=\"noopener noreferrer\"><strong>Certificat de Nivell <\/strong><\/a><strong><a href=\"http:\/\/xtec.gencat.cat\/ca\/curriculum\/idiomes-a-les-eoi\/curriculum\/\" target=\"_blank\" rel=\"noopener noreferrer\">Intermedi<\/a> B2<\/strong> (cursos B2.1 i B2.2): equivalent al nivell B2 del Marc Europeu Com\u00fa de Refer\u00e8ncia (per a alumnes oficials, candidats lliures i alumnat del <a href=\"https:\/\/ioc.xtec.cat\/educacio\/eoi\" target=\"_blank\" rel=\"noopener noreferrer\">IOC<\/a>)<\/li>\n<li><strong><a href=\"http:\/\/xtec.gencat.cat\/ca\/curriculum\/idiomes-a-les-eoi\/curriculum\/\" target=\"_blank\" rel=\"noopener noreferrer\">Certificat de Nivell Avan\u00e7at C1<\/a>\u00a0<\/strong>(curs C1): equivalent al nivell C1 del Marc Europeu Com\u00fa de Refer\u00e8ncia\u00a0(per a alumnes oficials i\u00a0candidats lliures)<\/li>\n<li><strong><a href=\"http:\/\/xtec.gencat.cat\/ca\/curriculum\/idiomes-a-les-eoi\/curriculum\/\" target=\"_blank\" rel=\"noopener noreferrer\">Certificat de Nivell <\/a><a href=\"http:\/\/xtec.gencat.cat\/ca\/curriculum\/idiomes-a-les-eoi\/curriculum\/\" target=\"_blank\" rel=\"noopener noreferrer\">Avan\u00e7at<\/a> C2<\/strong> (cursos C2.1 i C2.2) Actualment \u00e9s un pla experimental, nom\u00e9s hi ha el curs C2.1 i no hi ha convocat\u00f2ria de certificaci\u00f3 (excepte catal\u00e0).<\/li>\n<\/ul>\n<p><a href=\"http:\/\/ensenyament.gencat.cat\/ca\/serveis-tramits\/proves\/proves-lliures-obtencio-titols\/convocat-ordinaria-idiomes\/descripcio\/\" target=\"_blank\" rel=\"noopener noreferrer\">Descripci\u00f3 i qualificaci\u00f3 de les proves<\/a><\/p>\n<p><a href=\"http:\/\/ensenyament.gencat.cat\/ca\/serveis-tramits\/proves\/proves-lliures-obtencio-titols\/convocat-ordinaria-idiomes\/mostres-proves\/\" target=\"_blank\" rel=\"noopener noreferrer\">Mostres de les proves<\/a><\/p>\n<p><a href=\"http:\/\/ensenyament.gencat.cat\/ca\/serveis-tramits\/proves\/proves-lliures-obtencio-titols\/\" target=\"_blank\" rel=\"noopener noreferrer\">Convocat\u00f2ries per a l&#8217;obtenci\u00f3 dels certificats<\/a>: Convocat\u00f2ria <a href=\"http:\/\/ensenyament.gencat.cat\/ca\/serveis-tramits\/proves\/proves-lliures-obtencio-titols\/convocat-extraord-idiomes\/\" target=\"_blank\" rel=\"noopener noreferrer\">extraordin\u00e0ria de febrer<\/a> i convocat\u00f2ria <a href=\"http:\/\/ensenyament.gencat.cat\/ca\/serveis-tramits\/proves\/proves-lliures-obtencio-titols\/convocat-ordinaria-idiomes\/\" target=\"_blank\" rel=\"noopener noreferrer\">ordin\u00e0ria de maig-juny.<\/a><\/p>\n<p><a href=\"http:\/\/www.eoibadalona.cat\/content\/gestions-administratives\" target=\"_blank\" rel=\"noopener noreferrer\">Expedici\u00f3 de t\u00edtols de Nivell Intermedi B2 i Nivell Avan\u00e7at C1<\/a><\/p>\n<p>&nbsp;<\/p>\n<h4><strong>ALUMNAT LLIURE\u00a0<\/strong><\/h4>\n<ul>\n<li><strong>Certificats de nivell B1, B2 i C1 d\u2019angl\u00e8s<\/strong>: <a href=\"http:\/\/ensenyament.gencat.cat\/ca\/serveis-tramits\/proves\/proves-lliures-obtencio-titols\/convocat-extraord-idiomes\/\" target=\"_blank\" rel=\"noopener noreferrer\">Convocat\u00f2ria extraordin\u00e0ria<\/a><\/li>\n<\/ul>\n<p>El dia i l&#8217;hora de les proves orals de la convocat\u00f2ria extraordin\u00e0ria de Febrer 2023 es confirmaran el dia de la prova escrita.<\/p>\n<ul>\n<li><strong>Certificats de nivell B1, B2 i C1<\/strong>: <a href=\"http:\/\/ensenyament.gencat.cat\/ca\/serveis-tramits\/proves\/proves-lliures-obtencio-titols\/convocat-ordinaria-idiomes\/\" target=\"_blank\" rel=\"noopener noreferrer\">Convocat\u00f2ria ordin\u00e0ria<\/a><\/li>\n<\/ul>\n<p>El dia i l&#8217;hora de les proves orals de la convocat\u00f2ria ordin\u00e0ria de Maig-Juny 2023 es confirmaran el dia de la prova escrita.<\/p>\n<p>&nbsp;<\/p>\n<h4><strong>PROGRAMA DE CERTIFCACI\u00d3<\/strong><\/h4>\n<\/div>\n<\/div>\n<\/div>\n<\/div>\n<ul>\n<li><strong>Programa de certificaci\u00f3 dels coneixements de lleng\u00fces estrangeres per a centres d&#8217;educaci\u00f3 secund\u00e0ria obligat\u00f2ria, batxillerat, cicles de formaci\u00f3 professional, cicles d&#8217;arts pl\u00e0stiques i disseny, t\u00edtols propis d&#8217;arts esc\u00e8niques o cicles d&#8217;ensenyaments esportius de r\u00e8gim especial adscrits al programa.<\/strong>\n<ul>\n<li><a href=\"https:\/\/drive.google.com\/file\/d\/1stqIBJzR-2jFkBFYI-otruZnRq7L25eo\/view\">Centres adscrits<\/a><\/li>\n<li>Calendari (pendent de publicaci\u00f3)<\/li>\n<\/ul>\n<\/li>\n<\/ul>\n","protected":false},"excerpt":{"rendered":"<p>CERTIFICATS OFICIALS<\/p>\n<p>Els ensenyaments a les <a href=\"http:\/\/queestudiar.gencat.cat\/ca\/estudis\/idiomes\/\" target=\"_blank\" rel=\"noopener noreferrer\">Escoles Oficials d\u2019Idiomes<\/a> es divideixen en cinc nivells que, un cop superats, donen dret als certificats corresponents.<\/p>\n<ul>\n<li><a href=\"http:\/\/xtec.gencat.cat\/ca\/curriculum\/idiomes-a-les-eoi\/curriculum\/\" target=\"_blank\" rel=\"noopener noreferrer\">Certificat de Nivell B\u00e0sic <\/a>(cursos A1 i A2): equivalent al nivell A2+ del Marc Europeu Com\u00fa&hellip;  <a href=\"https:\/\/agora-eoi.xtec.cat\/eoibadalona\/certificats\/\" title=\"Read Certificats\">Llegeix m\u00e9s\u00bb<\/a><br \/>\n","protected":false},"author":1,"featured_media":0,"parent":0,"menu_order":30,"comment_status":"closed","ping_status":"closed","template":"page-templates\/side-menu.php","meta":{"_bbp_topic_count":0,"_bbp_reply_count":0,"_bbp_total_topic_count":0,"_bbp_total_reply_count":0,"_bbp_voice_count":0,"_bbp_anonymous_reply_count":0,"_bbp_topic_count_hidden":0,"_bbp_reply_count_hidden":0,"_bbp_forum_subforum_count":0,"footnotes":""},"class_list":["post-8444","page","type-page","status-publish","hentry"],"post_mailing_queue_ids":[],"_links":{"self":[{"href":"https:\/\/agora-eoi.xtec.cat\/eoibadalona\/wp-json\/wp\/v2\/pages\/8444","targetHints":{"allow":["GET"]}}],"collection":[{"href":"https:\/\/agora-eoi.xtec.cat\/eoibadalona\/wp-json\/wp\/v2\/pages"}],"about":[{"href":"https:\/\/agora-eoi.xtec.cat\/eoibadalona\/wp-json\/wp\/v2\/types\/page"}],"author":[{"embeddable":true,"href":"https:\/\/agora-eoi.xtec.cat\/eoibadalona\/wp-json\/wp\/v2\/users\/1"}],"replies":[{"embeddable":true,"href":"https:\/\/agora-eoi.xtec.cat\/eoibadalona\/wp-json\/wp\/v2\/comments?post=8444"}],"version-history":[{"count":4,"href":"https:\/\/agora-eoi.xtec.cat\/eoibadalona\/wp-json\/wp\/v2\/pages\/8444\/revisions"}],"predecessor-version":[{"id":10650,"href":"https:\/\/agora-eoi.xtec.cat\/eoibadalona\/wp-json\/wp\/v2\/pages\/8444\/revisions\/10650"}],"wp:attachment":[{"href":"https:\/\/agora-eoi.xtec.cat\/eoibadalona\/wp-json\/wp\/v2\/media?parent=8444"}],"curies":[{"name":"wp","href":"https:\/\/api.w.org\/{rel}","templated":true}]}}