{"id":8377,"date":"2016-06-13T13:50:10","date_gmt":"2016-06-13T11:50:10","guid":{"rendered":"http:\/\/agora-eoi.xtec.cat\/eoibadalona\/?page_id=8377"},"modified":"2024-09-17T19:23:08","modified_gmt":"2024-09-17T17:23:08","slug":"taxes-i-preus-publics","status":"publish","type":"page","link":"https:\/\/agora-eoi.xtec.cat\/eoibadalona\/matricula\/taxes-i-preus-publics\/","title":{"rendered":"Taxes i preus p\u00fablics"},"content":{"rendered":"<p><a href=\"https:\/\/educacio.gencat.cat\/ca\/departament\/normativa\/taxes-preus-publics\/\" target=\"_blank\" rel=\"noopener\">Informaci\u00f3 general sobre taxes i preus p\u00fablics<\/a><\/p>\n<h4><strong>Preus p\u00fablics: cursos A1, A2 i C1 (ORDRE EDU\/155\/2020 de 18 de setembre)<\/strong><\/h4>\n<table style=\"font-weight: 400;\">\n<tbody>\n<tr>\n<td><\/td>\n<td><strong>1a matr\u00edcula<\/strong><\/td>\n<td><strong>2a vegada (coeficient d&#8217;1,3\u00a0de la quota prevista)<\/strong><\/td>\n<td><strong>3a vegada\u00a0(coeficient d&#8217;1,8\u00a0de la quota prevista)<\/strong><\/td>\n<\/tr>\n<tr>\n<td>Matr\u00edcula ordin\u00e0ria + serveis*<\/td>\n<td><b>305,00 \u20ac<\/b><\/p>\n<p>(matr\u00edcula 275,00\u202f\u20ac + serveis 30,00\u202f\u20ac)<\/td>\n<td><b>396,50 \u20ac<\/b><\/p>\n<p>(matr\u00edcula 357,50\u202f\u20ac + serveis 39,00\u202f\u20ac)<\/td>\n<td><b>549,00 \u20ac<\/b><\/p>\n<p>(matr\u00edcula 495,00\u202f\u20ac + serveis 54,00\u202f\u20ac)<\/td>\n<\/tr>\n<tr>\n<td>Matr\u00edcula i serveis* amb bonificaci\u00f3 50%<\/td>\n<td><b>152,50 \u20ac<\/b><\/p>\n<p>(matr\u00edcula 137,50\u202f\u20ac + serveis 15,00\u202f\u20ac)<\/td>\n<td><b>198,25 \u20ac<\/b><\/p>\n<p>(matr\u00edcula 178,75\u202f\u20ac + serveis 19,50\u202f\u20ac)<\/td>\n<td><b>274,50 \u20ac<\/b><\/p>\n<p>(matr\u00edcula 247,50\u202f\u20ac + serveis 27,00\u202f\u20ac)<\/td>\n<\/tr>\n<tr>\n<td>Exempci\u00f3 de pagament<\/td>\n<td><b>0,00\u202f\u20ac<\/b><\/td>\n<td><b>0,00\u202f\u20ac<\/b><\/td>\n<td><b>0,00\u202f\u20ac<\/b><\/td>\n<\/tr>\n<\/tbody>\n<\/table>\n<p style=\"font-weight: 400;\">*Preu del servei d&#8217;acc\u00e9s a la plataforma i<strong>\u00a0materials did\u00e0ctics\u00a0<\/strong>d&#8217;ensenyament:\u00a0<strong>30 \u20ac (preu p\u00fablic),\u00a0<\/strong>regulat per l&#8217;ORDRE EDU\/155\/2020 (modificada per l&#8217;ORDRE EDU\/114\/2021), de pagament obligatori i subjecte a bonificacions i exempcions. Aquesta quota possibilita els serveis de biblioteca, grups de conversa, activitats culturals i confer\u00e8ncies, missatgeria i altres materials pedag\u00f2gics.<\/p>\n<ul>\n<li style=\"list-style-type: none;\">\n<ul style=\"font-weight: 400;\">\n<li>M\u00e9s informaci\u00f3 sobre\u00a0<a href=\"http:\/\/ensenyament.gencat.cat\/ca\/departament\/normativa\/taxes-preus-publics\/preu-public\/\" target=\"_blank\" rel=\"noopener\">preus p\u00fablics<\/a>\u00a0(cursos\u00a0A1, A2 i C1)<\/li>\n<\/ul>\n<\/li>\n<li style=\"list-style-type: none;\">\n<ul style=\"font-weight: 400;\">\n<li><strong>Bonificacions del 50% als cursos A1, A2 i C1<\/strong><\/li>\n<\/ul>\n<\/li>\n<\/ul>\n<p>&#8211; Els alumnes dels centres sostinguts amb fons p\u00fablics, que es matriculen d&#8217;una segona llengua estrangera en una escola oficial d&#8217;idiomes, diferent de la llengua estrangera obligat\u00f2ria del curr\u00edculum que estudien en el centre educatiu, tenen una bonificaci\u00f3 del 50% del preu p\u00fablic.<\/p>\n<p>&#8211; Els alumnes matriculats en una escola oficial d&#8217;idiomes que cursen una llengua estrangera i volen estudiar una segona llengua estrangera en la mateixa o una altra escola oficial d&#8217;idiomes, tenen una bonificaci\u00f3 del 50% del preu p\u00fablic en una de les lleng\u00fces que es matriculin.<\/p>\n<p>&#8211; Els alumnes matriculats en una escola oficial d&#8217;idiomes, que cursen una llengua estrangera en el nivell de 5\u00e8 (intermedi B2), que es matriculin en una nova llengua estrangera el curs immediatament posterior, tenen una bonificaci\u00f3 del 50% del preu p\u00fablic de la matr\u00edcula de la nova llengua.<\/p>\n<ul>\n<li style=\"list-style-type: none;\">\n<ul style=\"font-weight: 400;\">\n<li><a href=\"http:\/\/educacio.gencat.cat\/ca\/departament\/normativa\/taxes-preus-publics\/exempcions-bonificacions\" target=\"_blank\" rel=\"noopener\">Exempcions i bonificacions generals<\/a>.<\/li>\n<\/ul>\n<\/li>\n<\/ul>\n<h4><strong>Taxes: cursos B1, B2.1 i B2.2 (DECRET LEGISLATIU 3\/2008 de 25 de juny)<\/strong><\/h4>\n<table style=\"font-weight: 400;\">\n<tbody>\n<tr>\n<td><\/td>\n<td><strong>1a matr\u00edcula<\/strong><\/td>\n<td><strong>2a vegada\u00a0(coeficient d&#8217;1,3\u00a0de la quota prevista)<\/strong><\/td>\n<td><strong>3a vegada\u00a0(coeficient d&#8217;1,8\u00a0de la quota prevista)<\/strong><\/td>\n<\/tr>\n<tr>\n<td>Matr\u00edcula ordin\u00e0ria + serveis*<\/td>\n<td><b>327,60 \u20ac<\/b><\/p>\n<p>(matr\u00edcula 297,60\u202f\u20ac + serveis 30,00\u202f\u20ac)<\/td>\n<td><b>425,90 \u20ac<\/b><\/p>\n<p>(matr\u00edcula 386,90\u202f\u20ac + serveis 39,00\u202f\u20ac)<\/td>\n<td><b>589,70 \u20ac<\/b><\/p>\n<p>(matr\u00edcula 535,70\u202f\u20ac + serveis 54,00\u202f\u20ac)<\/td>\n<\/tr>\n<tr>\n<td>Matr\u00edcula i serveis* amb bonificaci\u00f3 50%<\/td>\n<td><b>163,80 \u20ac<\/b><\/p>\n<p>(matr\u00edcula 148,80\u202f\u20ac + serveis 15,00\u202f\u20ac)<\/td>\n<td><b>212,95 \u20ac<\/b><\/p>\n<p>(matr\u00edcula 193,45\u202f\u20ac + serveis 19,50\u202f\u20ac)<\/td>\n<td><b>294,85 \u20ac<\/b><\/p>\n<p>(matr\u00edcula 267,85\u202f\u20ac + serveis 27,00\u202f\u20ac)<\/td>\n<\/tr>\n<tr>\n<td>Exempci\u00f3 de pagament<\/td>\n<td><b>0,00\u202f\u20ac<\/b><\/td>\n<td><b>0,00\u202f\u20ac<\/b><\/td>\n<td><b>0,00\u202f\u20ac<\/b><\/td>\n<\/tr>\n<\/tbody>\n<\/table>\n<p style=\"font-weight: 400;\">*Preu del servei d&#8217;acc\u00e9s a la plataforma i<strong>\u00a0materials did\u00e0ctics\u00a0<\/strong>d&#8217;ensenyament:\u00a0<strong>30 \u20ac (preu p\u00fablic),\u00a0<\/strong>regulat per l&#8217;ORDRE EDU\/155\/2020 (modificada per l&#8217;ORDRE EDU\/114\/2021), de pagament obligatori i subjecte a bonificacions i exempcions. Aquesta quota possibilita els serveis de biblioteca, grups de conversa, activitats culturals i confer\u00e8ncies, missatgeria i altres materials pedag\u00f2gics.<\/p>\n<ul style=\"font-weight: 400;\">\n<li>M\u00e9s informaci\u00f3 sobre<a href=\"http:\/\/ensenyament.gencat.cat\/ca\/departament\/normativa\/taxes-preus-publics\/taxes\/\" target=\"_blank\" rel=\"noopener\">\u00a0taxes<\/a>\u00a0(cursos\u00a0B1, B2.1 i B2.2)<\/li>\n<li>Aquestes taxes, que no inclouen els llibres, s\u2019han de pagar, d\u2019un sol cop, en el termini de 24 hores de la data de matr\u00edcula a les oficines de \u201cLa Caixa\u201d.<\/li>\n<li><a href=\"http:\/\/educacio.gencat.cat\/ca\/departament\/normativa\/taxes-preus-publics\/exempcions-bonificacions\" target=\"_blank\" rel=\"noopener\">Exempcions i bonificacions generals<\/a><\/li>\n<\/ul>\n","protected":false},"excerpt":{"rendered":"<p><a href=\"https:\/\/educacio.gencat.cat\/ca\/departament\/normativa\/taxes-preus-publics\/\" target=\"_blank\" rel=\"noopener\">Informaci\u00f3 general sobre taxes i preus p\u00fablics<\/a><br \/>\nPreus p\u00fablics: cursos A1, A2 i C1 (ORDRE EDU\/155\/2020 de 18 de setembre)<\/p>\n<p>1a matr\u00edcula<br \/>\n2a vegada (coeficient d&#8217;1,3\u00a0de la quota prevista)<br \/>\n3a vegada\u00a0(coeficient d&#8217;1,8\u00a0de la quota prevista)<\/p>\n<p>Matr\u00edcula ordin\u00e0ria + serveis*<br \/>\n305,00 \u20ac<br \/>\n(matr\u00edcula 275,00\u202f\u20ac + serveis 30,00\u202f\u20ac)<br \/>\n396,50 \u20ac<br \/>\n(matr\u00edcula 357,50\u202f\u20ac +&hellip;  <a href=\"https:\/\/agora-eoi.xtec.cat\/eoibadalona\/matricula\/taxes-i-preus-publics\/\" title=\"Read Taxes i preus p\u00fablics\">Llegeix m\u00e9s\u00bb<\/a><\/p>\n","protected":false},"author":1,"featured_media":0,"parent":8161,"menu_order":5,"comment_status":"closed","ping_status":"closed","template":"page-templates\/side-menu.php","meta":{"_bbp_topic_count":0,"_bbp_reply_count":0,"_bbp_total_topic_count":0,"_bbp_total_reply_count":0,"_bbp_voice_count":0,"_bbp_anonymous_reply_count":0,"_bbp_topic_count_hidden":0,"_bbp_reply_count_hidden":0,"_bbp_forum_subforum_count":0,"footnotes":""},"class_list":["post-8377","page","type-page","status-publish","hentry"],"post_mailing_queue_ids":[],"_links":{"self":[{"href":"https:\/\/agora-eoi.xtec.cat\/eoibadalona\/wp-json\/wp\/v2\/pages\/8377","targetHints":{"allow":["GET"]}}],"collection":[{"href":"https:\/\/agora-eoi.xtec.cat\/eoibadalona\/wp-json\/wp\/v2\/pages"}],"about":[{"href":"https:\/\/agora-eoi.xtec.cat\/eoibadalona\/wp-json\/wp\/v2\/types\/page"}],"author":[{"embeddable":true,"href":"https:\/\/agora-eoi.xtec.cat\/eoibadalona\/wp-json\/wp\/v2\/users\/1"}],"replies":[{"embeddable":true,"href":"https:\/\/agora-eoi.xtec.cat\/eoibadalona\/wp-json\/wp\/v2\/comments?post=8377"}],"version-history":[{"count":5,"href":"https:\/\/agora-eoi.xtec.cat\/eoibadalona\/wp-json\/wp\/v2\/pages\/8377\/revisions"}],"predecessor-version":[{"id":12444,"href":"https:\/\/agora-eoi.xtec.cat\/eoibadalona\/wp-json\/wp\/v2\/pages\/8377\/revisions\/12444"}],"up":[{"embeddable":true,"href":"https:\/\/agora-eoi.xtec.cat\/eoibadalona\/wp-json\/wp\/v2\/pages\/8161"}],"wp:attachment":[{"href":"https:\/\/agora-eoi.xtec.cat\/eoibadalona\/wp-json\/wp\/v2\/media?parent=8377"}],"curies":[{"name":"wp","href":"https:\/\/api.w.org\/{rel}","templated":true}]}}