{"id":8158,"date":"2016-06-08T16:47:01","date_gmt":"2016-06-08T15:47:01","guid":{"rendered":"http:\/\/agora-eoi.xtec.cat\/eoibadalona\/?page_id=8158"},"modified":"2025-07-05T12:21:53","modified_gmt":"2025-07-05T10:21:53","slug":"cursos-especials","status":"publish","type":"page","link":"https:\/\/agora-eoi.xtec.cat\/eoibadalona\/cursos\/cursos-especials\/","title":{"rendered":"Cursos d&#8217;oferta espec\u00edfica"},"content":{"rendered":"<p>Les Escoles Oficials d\u2019Idiomes ofereixen cursos monogr\u00e0fics per al perfeccionament de compet\u00e8ncies en idiomes i de llengua instrumental. Aquests cursos tenen el reconeixement com a formaci\u00f3 permanent per al professorat.<\/p>\n<p>Es consideren cursos monogr\u00e0fics els cursos de llengua d\u2019especialitat (negocis, llenguatge jur\u00eddic, m\u00e8dic, etc.), d\u2019aprofundiment en el coneixement de la realitat sociocultural dels pa\u00efsos on es parla la llengua objecte d\u2019estudi (literatura, hist\u00f2ria, civilitzaci\u00f3, costums, institucions, etc.), o b\u00e9 de treball d\u2019actualitzaci\u00f3 ling\u00fc\u00edstica o de treball espec\u00edfic per destreses.<br \/>\nAquests cursos es poden impartir al llarg de l\u2019any o b\u00e9 a l\u2019estiu, amb una durada d&#8217;entre 30 i 80 hores.<\/p>\n<h2>CURS 2025-2026<\/h2>\n<ul>\n<li><a href=\"https:\/\/agora-eoi.xtec.cat\/eoibadalona\/cursos\/cursos-especials\/fitness-culturel-b2-c1\/\"> \ud83c\uddeb\ud83c\uddf7 Fitness culturel B2\/C1<\/a><\/li>\n<\/ul>\n<hr \/>\n<h3><b>Matr\u00edcula<\/b><\/h3>\n<p><span style=\"font-weight: 400;\">La matr\u00edcula definitiva quedar\u00e0 condicionada al resultat obtingut en la prova de nivell i a les places disponibles.<\/span><span style=\"font-weight: 400;\"><br \/>\n<\/span><span style=\"font-weight: 400;\">Es retornar\u00e0 l\u2019import total de la matr\u00edcula a les persones que s\u2019hagin quedat sense pla\u00e7a (per no poder obrir grups o per exc\u00e9s de matr\u00edcula).<\/span><span style=\"font-weight: 400;\"><br \/>\n<\/span><span style=\"font-weight: 400;\">No es reemborsar\u00e0 cap import un cop s\u2019hagi iniciat el curs.<\/span><span style=\"font-weight: 400;\"><br \/>\n<\/span><span style=\"font-weight: 400;\">En cas de ren\u00fancia abans de comen\u00e7ar el curs, es reemborsar\u00e0 l\u2019import de la matr\u00edcula un cop dedu\u00efdes les taxes administratives (55 \u20ac).<\/span><\/p>\n","protected":false},"excerpt":{"rendered":"<p>Les Escoles Oficials d\u2019Idiomes ofereixen cursos monogr\u00e0fics per al perfeccionament de compet\u00e8ncies en idiomes i de llengua instrumental. Aquests cursos tenen el reconeixement com a formaci\u00f3 permanent per al professorat.<br \/>\nEs consideren cursos monogr\u00e0fics els cursos de llengua d\u2019especialitat (negocis, llenguatge jur\u00eddic, m\u00e8dic, etc.), d\u2019aprofundiment en&hellip;  <a href=\"https:\/\/agora-eoi.xtec.cat\/eoibadalona\/cursos\/cursos-especials\/\" title=\"Read Cursos d&#8217;oferta espec\u00edfica\">Llegeix m\u00e9s\u00bb<\/a><\/p>\n","protected":false},"author":1,"featured_media":0,"parent":8149,"menu_order":3,"comment_status":"closed","ping_status":"closed","template":"page-templates\/side-menu.php","meta":{"_bbp_topic_count":0,"_bbp_reply_count":0,"_bbp_total_topic_count":0,"_bbp_total_reply_count":0,"_bbp_voice_count":0,"_bbp_anonymous_reply_count":0,"_bbp_topic_count_hidden":0,"_bbp_reply_count_hidden":0,"_bbp_forum_subforum_count":0,"footnotes":""},"class_list":["post-8158","page","type-page","status-publish","hentry"],"post_mailing_queue_ids":[],"_links":{"self":[{"href":"https:\/\/agora-eoi.xtec.cat\/eoibadalona\/wp-json\/wp\/v2\/pages\/8158","targetHints":{"allow":["GET"]}}],"collection":[{"href":"https:\/\/agora-eoi.xtec.cat\/eoibadalona\/wp-json\/wp\/v2\/pages"}],"about":[{"href":"https:\/\/agora-eoi.xtec.cat\/eoibadalona\/wp-json\/wp\/v2\/types\/page"}],"author":[{"embeddable":true,"href":"https:\/\/agora-eoi.xtec.cat\/eoibadalona\/wp-json\/wp\/v2\/users\/1"}],"replies":[{"embeddable":true,"href":"https:\/\/agora-eoi.xtec.cat\/eoibadalona\/wp-json\/wp\/v2\/comments?post=8158"}],"version-history":[{"count":6,"href":"https:\/\/agora-eoi.xtec.cat\/eoibadalona\/wp-json\/wp\/v2\/pages\/8158\/revisions"}],"predecessor-version":[{"id":12708,"href":"https:\/\/agora-eoi.xtec.cat\/eoibadalona\/wp-json\/wp\/v2\/pages\/8158\/revisions\/12708"}],"up":[{"embeddable":true,"href":"https:\/\/agora-eoi.xtec.cat\/eoibadalona\/wp-json\/wp\/v2\/pages\/8149"}],"wp:attachment":[{"href":"https:\/\/agora-eoi.xtec.cat\/eoibadalona\/wp-json\/wp\/v2\/media?parent=8158"}],"curies":[{"name":"wp","href":"https:\/\/api.w.org\/{rel}","templated":true}]}}