{"id":8149,"date":"2016-06-08T16:41:43","date_gmt":"2016-06-08T15:41:43","guid":{"rendered":"http:\/\/agora-eoi.xtec.cat\/eoibadalona\/?page_id=8149"},"modified":"2022-07-23T00:49:20","modified_gmt":"2022-07-22T22:49:20","slug":"cursos","status":"publish","type":"page","link":"https:\/\/agora-eoi.xtec.cat\/eoibadalona\/cursos\/","title":{"rendered":"Cursos"},"content":{"rendered":"<p class=\"art-postheader\"><strong style=\"font-family: inherit; font-size: 1em;\">Els cursos oficials<\/strong><span style=\"font-family: inherit; font-size: 1em; font-weight: normal;\">\u00a0tenen com a finalitat dotar l\u2019alumnat d\u2019un domini general de l\u2019idioma. S\u00f3n cursos presencials que segueixen el pla d\u2019estudis com\u00fa a totes les EOI i que porten a l\u2019obtenci\u00f3 dels\u00a0<\/span><a style=\"font-family: inherit; font-size: 1em; font-weight: normal;\" href=\"http:\/\/eoibadalona.cat\/content\/certificats-oficials\" target=\"_blank\" rel=\"noopener\"><strong>certificats oficials<\/strong>.<\/a><span style=\"font-family: inherit; font-size: 1em; font-weight: normal;\">\u00a0Tenen una durada m\u00ednima de 130 hores cadascun, distribu\u00efts de la seg\u00fcent manera:<\/span><\/p>\n<div class=\"art-postcontent\">\n<div class=\"field field-name-body field-type-text-with-summary field-label-hidden\">\n<div class=\"field-items\">\n<div class=\"field-item even\">\n<ul>\n<li><a href=\"http:\/\/xtec.gencat.cat\/ca\/curriculum\/idiomes-a-les-eoi\/curriculum\/\" target=\"_blank\" rel=\"noopener\">Nivell B\u00e0sic A2<\/a>: 2 cursos (A1\u00a0i A2)<\/li>\n<li><a href=\"http:\/\/xtec.gencat.cat\/ca\/curriculum\/idiomes-a-les-eoi\/curriculum\/\" target=\"_blank\" rel=\"noopener\">Nivell Intermedi B1<\/a>: 1 curs (B1)<\/li>\n<li><a href=\"http:\/\/xtec.gencat.cat\/ca\/curriculum\/idiomes-a-les-eoi\/curriculum\/\" target=\"_blank\" rel=\"noopener\">Nivell Intermedi B2<\/a>: 2 cursos (B2.1\u00a0i B2.2)<\/li>\n<li><a href=\"http:\/\/xtec.gencat.cat\/ca\/curriculum\/idiomes-a-les-eoi\/curriculum\/\" target=\"_blank\" rel=\"noopener\">Nivell Avan\u00e7at C1 i C2:<\/a>\u00a03\u00a0cursos (C1, C2.1 i C2.2)<\/li>\n<\/ul>\n<p>Al final de cada nivell els alumnes obtindran el certificat corresponent.<\/p>\n<p>A la EOI Badalona hi ha cursos ordinaris d\u2019alemany, angl\u00e8s i\u00a0 franc\u00e8s.<br \/>\nEls cursos tenen una mitjana de 4,5 hores setmanals (en sessions de dues hores i 15 minuts) de setembre a maig.<\/p>\n<p>Hi ha dos torns:<\/p>\n<ul>\n<li>Dilluns \/ Dimecres<\/li>\n<li>Dimarts \/ Dijous<\/li>\n<\/ul>\n<p>I dues franges hor\u00e0ries :<\/p>\n<ul>\n<li>De 16.00h a 18.15h<\/li>\n<li>De 18.45h a 21.00h<\/li>\n<\/ul>\n<h4>Curs 2022-2023<\/h4>\n<p><a href=\"https:\/\/drive.google.com\/file\/d\/13NEOzg2JNSRm6xj6F5CkqTl7h3KZvXuh\/view?usp=sharing\" target=\"_blank\" rel=\"noopener\"><strong>Horaris<\/strong><\/a><\/p>\n<p><strong><a href=\"https:\/\/drive.google.com\/file\/d\/1mY9cTyKWpyliPQr4xL1EroXbfuLR-OUN\/view?usp=sharing\" target=\"_blank\" rel=\"noopener\">Calendari<\/a><\/strong><\/p>\n<p>Calendari d&#8217;ex\u00e0mens\u00a0finals (disponible a partir del desembre)<\/p>\n<p>&nbsp;<\/p>\n<\/div>\n<h1>CURSOS D&#8217;ESTIU JULIOL 2022<\/h1>\n<p>Necessites refor\u00e7ar el teu angl\u00e8s o franc\u00e8s aquest estiu?\u00a0Vols descobrir l&#8217;alemany?\u00a0Tens ganes de passar-t\u2019ho b\u00e9 i alhora aprendre? Vine amb nosaltres. T\u2019oferim: professorat majorit\u00e0riament nadiu, qualificats i amb experi\u00e8ncia; classes din\u00e0miques\u00a0centrades en les necessitats de l\u2019alumnat, metodologies variades,\u00a0activitats culturals i\u00a0un bon ambient de treball.<\/p>\n<p>Cursos de 80 hores durant el mes de juliol en horari de 9.30 a 13.30h. Cursos totalment presencials.<\/p>\n<p>En acabar el curs, es lliurar\u00e0 un certificat a les persones que hagin assistit a un 80% de les classes com a m\u00ednim. Aquest certificat\u00a0es pot convalidar per cr\u00e8dits universitaris i\u00a0permet acreditar el vostre nivell al proc\u00e9s de preinscripci\u00f3 dels cursos anuals.<\/p>\n<h2><strong>Preinscripci\u00f3 i matr\u00edcula<\/strong><\/h2>\n<p><strong>A partir del 2 de maig.\u00a0<\/strong><\/p>\n<h3><strong>Ale\u200bmany<\/strong><\/h3>\n<p>Per a PRIMER,\u00a0<strong>matr\u00edcula directa<\/strong>\u00a0(passeu per secretaria en horari d&#8217;oficina*)<\/p>\n<p>M\u00e9s informaci\u00f3\u00a0<a href=\"https:\/\/www.eoibadalona.cat\/curs-idiomes-alemany-curso-aleman-estiu-intensiu\">aqu\u00ed<\/a><\/p>\n<p>&nbsp;<\/p>\n<h3><strong>Angl\u00e8s<\/strong><\/h3>\n<p><a href=\"https:\/\/docs.google.com\/forms\/d\/e\/1FAIpQLSdA5ultxsZcaZJ2HnV7XHrHOCuC7Hlc7MUKGgDf4NwqKxkIFw\/viewform?usp=sf_link\"><strong>Acc\u00e9s a la preinscripci\u00f3<\/strong><\/a>a partir del 2 de maig.<\/p>\n<p>M\u00e9s informaci\u00f3\u00a0<a href=\"https:\/\/www.eoibadalona.cat\/curs-idiomes-angles-curso-ingles-estiu-intensiu\">aqu\u00ed<\/a><\/p>\n<p>&nbsp;<\/p>\n<h3>Franc\u00e8s<\/h3>\n<p>Per a PRIMER,\u00a0<strong>matr\u00edcula directa<\/strong>\u00a0(passeu per secretaria en horari d&#8217;oficina*)<\/p>\n<p>Per a SEGON,\u00a0<a href=\"https:\/\/docs.google.com\/forms\/d\/e\/1FAIpQLSfMFgELTeQSQ3JAF8t-FYIt1HmiJhJN9flvFDiMR3WaIMEfIg\/viewform?usp=sf_link\"><strong>acc\u00e9s a la preinscripci\u00f3\u00a0<\/strong><\/a>a partir del 2 de maig.<\/p>\n<p>M\u00e9s informaci\u00f3\u00a0<a href=\"https:\/\/www.eoibadalona.cat\/curs-idiomes-frances-curso-estiu-intensiu#Cursos%20intensius%20de%2080%20hores\">aqu\u00ed<\/a>.<\/p>\n<p>Per a &#8220;Joves Estudiants de B1+ i B2.1&#8221;,\u00a0<a href=\"https:\/\/docs.google.com\/forms\/d\/e\/1FAIpQLSdoSqv3Z7nj5GI7YbBumQaDCcqxWF2yVIqYIInes7FqUbsrqQ\/viewform?usp=sf_link\"><strong>acc\u00e9s a la preinscripci\u00f3\u00a0<\/strong><\/a>a partir del 2 de maig.<\/p>\n<p>M\u00e9s informaci\u00f3\u00a0<a href=\"https:\/\/www.eoibadalona.cat\/curs-idiomes-frances-curso-estiu-intensiu#Cursos%20per%20a%20joves%20estudiants%20de%2060%20hores\">aqu\u00ed<\/a><\/p>\n<p>&nbsp;<\/p>\n<p>*Dl a dj de 10 a 13h i de 16 a 18.30h &#8211; dv de 10 a 13h<\/p>\n<p>Contacte:\u00a0<a href=\"mailto:estiu@eoibadalona.cat\">estiu@eoibadalona.cat<\/a><\/p>\n<p>Us podeu descarregar\u00a0el\u00a0<a href=\"https:\/\/drive.google.com\/file\/d\/1-A5pT6FUZQaG9qgiimZCIiddTOt2ZH4l\/view?usp=sharing\">p\u00f2ster\u00a0<\/a>i el\u00a0<a href=\"https:\/\/drive.google.com\/file\/d\/1lQuElmjDk8eBm7ikkMRzv7HDXviYKFOz\/view?usp=sharing\">flyer\u00a0<\/a>publicitaris<\/p>\n<p>&nbsp;<\/p>\n<\/div>\n<p>Les Escoles Oficials d\u2019Idiomes ofereixen <strong>cursos monogr\u00e0fics<\/strong> per al perfeccionament de compet\u00e8ncies en Idiomes i <strong>cursos especials de llengua instrumental<\/strong>.<\/p>\n<p>Es consideren cursos monogr\u00e0fics els cursos de llengua d\u2019especialitat (negocis, llenguatge jur\u00eddic, m\u00e8dic, etc.), d\u2019aprofundiment en el coneixement de la realitat sociocultural dels pa\u00efsos on es parla la llengua objecte d\u2019estudi (literatura, hist\u00f2ria, civilitzaci\u00f3, costums, institucions, etc.), o b\u00e9 de treball d\u2019actualitzaci\u00f3 ling\u00fc\u00edstica o de treball espec\u00edfic per destreses.<br \/>\nAquests cursos es poden impartir al llarg de l\u2019any o b\u00e9 a l\u2019estiu, amb una durada m\u00ednima de 30 hores.<\/p>\n<h2>CURS 2020-2021<\/h2>\n<h4><strong>B1+ Intermediate Business English<\/strong><\/h4>\n<p>This is the online course (LINK)\u00a0 you&#8217;re looking for to manage the most common situations at work: getting ready for a job interview, preparing an oral presentation, learning how to use phrasal verbs and specific vocabulary in a professional context, understanding different pronunciations- without forgetting the cultural aspect- and the dos and don&#8217;ts of the international business world.<\/p>\n<p>El curs est\u00e0 adre\u00e7at a l\u2019alumnat d\u2019angl\u00e8s que hagi cursat el B1 o 3r d&#8217;EOI o estigui en possessi\u00f3 d\u2019un certificat B1 en llengua anglesa. Les persones que no puguin acreditar el seu nivell hauran de fer una prova el dimarts 29 de setembre a les 18.30 h.<\/p>\n<ul>\n<li><strong>Professor:<\/strong>\u00a0Sr. Giovanni Migliara<\/li>\n<li><strong>Durada<\/strong>: 30 hores (15 sessions de 2 hores)<\/li>\n<li><strong>Idioma en qu\u00e8 s\u2019imparteix el curs: <\/strong>angl\u00e8s<\/li>\n<li><strong>Horari:<\/strong> dimarts de 18.30 a 20.30\u00a0h. per videoconfer\u00e8ncia<\/li>\n<li><strong>Aula virtual<\/strong>: Google Classroom<\/li>\n<li><strong>Data<\/strong>: del 6 d&#8217;octubre al 9 de febrer<\/li>\n<li><strong>Preu<\/strong>: 169,80 \u20ac<\/li>\n<li><strong>Matr\u00edcula<\/strong>:\n<ul>\n<li>Del 7 de setembre a l&#8217;1 d&#8217;octubre\u00a0o fins que s\u2019acabin les places.<\/li>\n<li>Acc\u00e9s al formulari de preinscripci\u00f3<\/li>\n<\/ul>\n<\/li>\n<li><strong>Places limitades<\/strong>: Un m\u00ednim de 12* i un m\u00e0xim de 20 places<\/li>\n<\/ul>\n<h4><strong>Beyond B2<\/strong><\/h4>\n<p>Beyond B2 (LINK) is the tailor-made course you need to get rid of all those mistakes you&#8217;ve been dragging around for years. Don&#8217;t you feel there are some aspects of your English you just can&#8217;t seem to improve? Pronunciation, grammar you&#8217;ve already studied, useful words you can&#8217;t remember&#8230; Learn how to do it in a fun way, using the English you find all around you every day.<\/p>\n<p>El curs est\u00e0 adre\u00e7at a l\u2019alumnat d\u2019angl\u00e8s que hagi cursat el B2.2 o 5\u00e8 d&#8217;EOI o estigui en possessi\u00f3 d\u2019un certificat B2 en llengua anglesa. Les persones que no puguin acreditar el seu nivell hauran de fer una prova el dimecres 23 de setembre a les 17.30 h.<\/p>\n<ul>\n<li><strong>Professor:<\/strong>\u00a0Sr. Giovanni Migliara<\/li>\n<li><strong>Durada<\/strong>: 60 hores<\/li>\n<li><strong>Idioma en qu\u00e8 s\u2019imparteix el curs:\u00a0<\/strong>angl\u00e8s<\/li>\n<li><strong>Horari:<\/strong>\u00a0dimecres de 18:30 a 20:30 h.<\/li>\n<li><strong>Lloc<\/strong>: Aula 11<\/li>\n<li><strong>Data<\/strong>: del 7 d\u2019octubre al 26 de maig<\/li>\n<li><strong>Preu<\/strong>: 266.80 \u20ac<\/li>\n<li><strong>Matr\u00edcula<\/strong>:\n<ul>\n<li>Del 7 de setembre a l&#8217;1 d&#8217;octubre\u00a0o fins que s\u2019acabin les places.<\/li>\n<li>Presencial. Matins de 10 a 13 h i tardes de 16 a 18.30 h (divendres tarda tancat)<\/li>\n<\/ul>\n<\/li>\n<li><strong>Places limitades<\/strong>: Un m\u00ednim de 12* i un m\u00e0xim de 20 places<\/li>\n<\/ul>\n<h4><strong>B2+\/C1 Business English\u00a0**NOU*<\/strong>*<\/h4>\n<p>B2+\/C1 Business English<\/p>\n<p>Times are changing fast and never before has it been so necessary to adapt to the job market like we are doing these days. Getting ready for a job interview, working from home, felling comfortable and confident in an online meeting, learning how to use specific vocabulary in a professional context, and the dos and don&#8217;ts of the international business world will feature in this course, without forgetting the cultural aspect of doing business in English.<\/p>\n<p>El curs est\u00e0 adre\u00e7at a l\u2019alumnat d\u2019angl\u00e8s que hagi cursat el B2.2 o C1 d&#8217;EOI o estigui en possessi\u00f3 d\u2019un certificat B2 o C1 en llengua anglesa. Les persones que no puguin acreditar el seu nivell hauran de fer una prova el dimarts 16 de febrer a les 18.30 h.<\/p>\n<ul>\n<li><strong>Professor:<\/strong>\u00a0Sr. Giovanni Migliara<\/li>\n<li><strong>Durada<\/strong>: 30 hores\u00a0(15 sessions de 2 hores)<\/li>\n<li><strong>Idioma en qu\u00e8 s\u2019imparteix el curs:\u00a0<\/strong>angl\u00e8s<\/li>\n<li><strong>Horari:<\/strong>\u00a0dimarts, de 18:30 a 20:30 h per videoconfer\u00e8ncia<\/li>\n<li><strong>Aula virtual<\/strong>: Google classroom o Zoom<\/li>\n<li><strong>Data<\/strong>: del 23 de febrer\u00a0al 15 de juny<\/li>\n<li><strong>Preu<\/strong>: 150,00 \u20ac<\/li>\n<li><strong>Matr\u00edcula<\/strong>:\n<ul>\n<li>De l&#8217;1\u00a0al 22 de febrer o fins que s\u2019acabin les places.<\/li>\n<li>Acc\u00e9s al formulari de preinscripci\u00f3 (LINK)<\/li>\n<\/ul>\n<\/li>\n<li><strong>Places limitades<\/strong>: Un m\u00ednim de 12* i un m\u00e0xim de 20 places<\/li>\n<\/ul>\n<h4><strong>FITNESS CULTUREL B2+<\/strong><\/h4>\n<p>Fitness Culturel (LINK DOC DRIVE), c\u2019est un \u00e9ventail de th\u00e8mes (art, chanson, litt\u00e9rature, th\u00e9\u00e2tre, po\u00e9sie, histoire, humour, cin\u00e9ma, photographie, peinture) pr\u00e9sent\u00e9s par des intervenants passionn\u00e9s pour que vous puissiez d\u00e9couvrir des aspects vari\u00e9s de la culture francophone tout en musclant votre fran\u00e7ais. Laissez-vous surprendre! Nous vous proposerons \u00e9galement des sorties culturelles en collaboration avec le festival de courts-m\u00e9trages Filmets et le \u00ab\u00a0Oui festival de th\u00e9\u00e2tre\u00a0\u00bb. Cette derni\u00e8re activit\u00e9 n\u2019est pas incluse dans le prix de l\u2019inscription au cours.<\/p>\n<p>El curs est\u00e0 adre\u00e7at a l\u2019alumnat de franc\u00e8s que hagi cursat B2.2 o 5\u00e8 d\u2019EOI o estigui en possessi\u00f3 d\u2019un certificat B2 en llengua francesa. Les persones que no puguin acreditar el seu nivell hauran de fer una prova.<\/p>\n<ul>\n<li><strong>Diferents ponents amb especialitats variades<\/strong><\/li>\n<li><strong>Durada<\/strong>: 30 hores (15 sessions de 2 hores)<\/li>\n<li><strong>Idioma en qu\u00e8 s\u2019imparteix el curs<\/strong>: franc\u00e8s<\/li>\n<li><strong>Horari<\/strong>: dimecres de 18:30 a 20:30 hores<\/li>\n<li><strong>Lloc<\/strong>: aula 21<\/li>\n<li><strong>Dates<\/strong>: del 14 d\u2019octubre al 24 de febrer\u00a0<strong>(Us proposarem participar a diferents activitats culturals durant el curs)<\/strong><\/li>\n<li><strong>Preu<\/strong>: 199,80 \u20ac<\/li>\n<li><strong>Matr\u00edcula<\/strong>:\n<ul>\n<li>Del 7 de setembre al 9 d\u2019octubre\u00a0o fins que s\u2019acabin les places.<\/li>\n<li>Matins de 10h a 13h i tardes de 16h a 18h30 (divendres tarda tancat).<\/li>\n<\/ul>\n<\/li>\n<li><strong>Places limitades<\/strong>: Un m\u00ednim de 12* i un m\u00e0xim de 20 places<\/li>\n<\/ul>\n<\/div>\n<\/div>\n","protected":false},"excerpt":{"rendered":"<p>Els cursos oficials\u00a0tenen com a finalitat dotar l\u2019alumnat d\u2019un domini general de l\u2019idioma. S\u00f3n cursos presencials que segueixen el pla d\u2019estudis com\u00fa a totes les EOI i que porten a l\u2019obtenci\u00f3 dels\u00a0<a style=\"font-family: inherit; font-size: 1em; font-weight: normal;\" href=\"http:\/\/eoibadalona.cat\/content\/certificats-oficials\" target=\"_blank\" rel=\"noopener\">certificats oficials.<\/a>\u00a0Tenen una durada m\u00ednima&hellip;  <a href=\"https:\/\/agora-eoi.xtec.cat\/eoibadalona\/cursos\/\" title=\"Read Cursos\">Llegeix m\u00e9s\u00bb<\/a><\/p>\n","protected":false},"author":1,"featured_media":0,"parent":0,"menu_order":0,"comment_status":"closed","ping_status":"closed","template":"page-templates\/side-menu.php","meta":{"_bbp_topic_count":0,"_bbp_reply_count":0,"_bbp_total_topic_count":0,"_bbp_total_reply_count":0,"_bbp_voice_count":0,"_bbp_anonymous_reply_count":0,"_bbp_topic_count_hidden":0,"_bbp_reply_count_hidden":0,"_bbp_forum_subforum_count":0,"footnotes":""},"class_list":["post-8149","page","type-page","status-publish","hentry"],"post_mailing_queue_ids":[],"_links":{"self":[{"href":"https:\/\/agora-eoi.xtec.cat\/eoibadalona\/wp-json\/wp\/v2\/pages\/8149","targetHints":{"allow":["GET"]}}],"collection":[{"href":"https:\/\/agora-eoi.xtec.cat\/eoibadalona\/wp-json\/wp\/v2\/pages"}],"about":[{"href":"https:\/\/agora-eoi.xtec.cat\/eoibadalona\/wp-json\/wp\/v2\/types\/page"}],"author":[{"embeddable":true,"href":"https:\/\/agora-eoi.xtec.cat\/eoibadalona\/wp-json\/wp\/v2\/users\/1"}],"replies":[{"embeddable":true,"href":"https:\/\/agora-eoi.xtec.cat\/eoibadalona\/wp-json\/wp\/v2\/comments?post=8149"}],"version-history":[{"count":3,"href":"https:\/\/agora-eoi.xtec.cat\/eoibadalona\/wp-json\/wp\/v2\/pages\/8149\/revisions"}],"predecessor-version":[{"id":10553,"href":"https:\/\/agora-eoi.xtec.cat\/eoibadalona\/wp-json\/wp\/v2\/pages\/8149\/revisions\/10553"}],"wp:attachment":[{"href":"https:\/\/agora-eoi.xtec.cat\/eoibadalona\/wp-json\/wp\/v2\/media?parent=8149"}],"curies":[{"name":"wp","href":"https:\/\/api.w.org\/{rel}","templated":true}]}}