{"id":806,"date":"2015-11-28T21:29:55","date_gmt":"2015-11-28T20:29:55","guid":{"rendered":"http:\/\/agora-eoi.xtec.cat\/eoibadalona\/?page_id=806"},"modified":"2026-02-14T12:11:46","modified_gmt":"2026-02-14T11:11:46","slug":"el-servei-educatiu","status":"publish","type":"page","link":"https:\/\/agora-eoi.xtec.cat\/eoibadalona\/el-servei-educatiu\/","title":{"rendered":"L&#8217;escola"},"content":{"rendered":"<p><iframe loading=\"lazy\" title=\"Qu\u00e8 s\u00f3n les escoles oficials d&#039;idiomes?\" width=\"500\" height=\"281\" src=\"https:\/\/www.youtube.com\/embed\/bUiD0KP5OkU?feature=oembed\" frameborder=\"0\" allow=\"accelerometer; autoplay; clipboard-write; encrypted-media; gyroscope; picture-in-picture; web-share\" referrerpolicy=\"strict-origin-when-cross-origin\" allowfullscreen><\/iframe><\/p>\n<p><span style=\"font-weight: 400;\">L\u2019Escola Oficial d\u2019Idiomes de Badalona es posa en funcionament l\u2019any 2003 en <strong><a href=\"https:\/\/agora-eoi.xtec.cat\/eoibadalona\/el-servei-educatiu\/serveis\/\" target=\"_blank\" rel=\"noopener\">un edifici renovat<\/a> <\/strong>on impartim classes d\u2019<strong><a href=\"https:\/\/agora-eoi.xtec.cat\/eoibadalona\/idiomes\/angles\/\" target=\"_blank\" rel=\"noopener\">angl\u00e8s<\/a>, <a href=\"https:\/\/agora-eoi.xtec.cat\/eoibadalona\/idiomes\/alemany\/\" target=\"_blank\" rel=\"noopener\">alemany<\/a> <\/strong>i <strong><a href=\"https:\/\/agora-eoi.xtec.cat\/eoibadalona\/idiomes\/frances\/\" target=\"_blank\" rel=\"noopener\">franc\u00e8s<\/a><\/strong>. \u00c9s un centre p\u00fablic, no universitari, d\u2019ensenyaments especialitzats regulats per la Llei Org\u00e0nica de l\u2019Educaci\u00f3 (LOE) i la Llei Org\u00e0nica per a la Millora de la Qualitat Educativa (LOMCE).\u00a0<\/span><\/p>\n<p><span style=\"font-weight: 400;\">Els idiomes que ensenyem s&#8217;estructuren en quatre nivells, <strong><a href=\"https:\/\/xtec.gencat.cat\/ca\/curriculum\/idiomes-a-les-eoi\/curriculum\/\" target=\"_blank\" rel=\"noopener\">B\u00e0sic A1, A2, Intermedi B1, B2 i Avan\u00e7at C1<\/a><\/strong>, equiparables amb els nivells A2, B1, B2 i C1 del Marc Europeu Com\u00fa de Refer\u00e8ncia. L\u2019escola <\/span>gestiona tamb\u00e9 les certificacions acad\u00e8miques corresponents a aquests ensenyaments especialitzats. <strong>Aquestes certificacions s\u00f3n reconegudes arreu de l&#8217;Estat espanyol, s\u00f3n les \u00faniques oficials<\/strong>, estan validades pel Consell d&#8217;Europa per mitj\u00e0 del Marc Europeu de Refer\u00e8ncia i es poden obtenir tant en convocat\u00f2ria oficial, com en convocat\u00f2ria lliure.<\/p>\n<ul>\n<li><a href=\"https:\/\/triaeducativa.gencat.cat\/ca\/idiomes-eoi\/index.html\" target=\"_blank\" rel=\"noopener\">M\u00e9s informaci\u00f3<\/a> sobre les escoles oficials d&#8217;idiomes de Catalunya.<\/li>\n<\/ul>\n","protected":false},"excerpt":{"rendered":"<p>L\u2019Escola Oficial d\u2019Idiomes de Badalona es posa en funcionament l\u2019any 2003 en <a href=\"https:\/\/agora-eoi.xtec.cat\/eoibadalona\/el-servei-educatiu\/serveis\/\" target=\"_blank\" rel=\"noopener\">un edifici renovat<\/a> on impartim classes d\u2019<a href=\"https:\/\/agora-eoi.xtec.cat\/eoibadalona\/idiomes\/angles\/\" target=\"_blank\" rel=\"noopener\">angl\u00e8s<\/a>, <a href=\"https:\/\/agora-eoi.xtec.cat\/eoibadalona\/idiomes\/alemany\/\" target=\"_blank\" rel=\"noopener\">alemany<\/a> i <a href=\"https:\/\/agora-eoi.xtec.cat\/eoibadalona\/idiomes\/frances\/\" target=\"_blank\" rel=\"noopener\">franc\u00e8s<\/a>. \u00c9s un centre p\u00fablic, no universitari, d\u2019ensenyaments especialitzats regulats per la&hellip;  <a href=\"https:\/\/agora-eoi.xtec.cat\/eoibadalona\/el-servei-educatiu\/\" title=\"Read L&#8217;escola\">Llegeix m\u00e9s\u00bb<\/a><\/p>\n","protected":false},"author":1,"featured_media":0,"parent":0,"menu_order":0,"comment_status":"closed","ping_status":"closed","template":"page-templates\/side-menu.php","meta":{"_bbp_topic_count":0,"_bbp_reply_count":0,"_bbp_total_topic_count":0,"_bbp_total_reply_count":0,"_bbp_voice_count":0,"_bbp_anonymous_reply_count":0,"_bbp_topic_count_hidden":0,"_bbp_reply_count_hidden":0,"_bbp_forum_subforum_count":0,"footnotes":""},"class_list":["post-806","page","type-page","status-publish","hentry"],"post_mailing_queue_ids":[],"_links":{"self":[{"href":"https:\/\/agora-eoi.xtec.cat\/eoibadalona\/wp-json\/wp\/v2\/pages\/806","targetHints":{"allow":["GET"]}}],"collection":[{"href":"https:\/\/agora-eoi.xtec.cat\/eoibadalona\/wp-json\/wp\/v2\/pages"}],"about":[{"href":"https:\/\/agora-eoi.xtec.cat\/eoibadalona\/wp-json\/wp\/v2\/types\/page"}],"author":[{"embeddable":true,"href":"https:\/\/agora-eoi.xtec.cat\/eoibadalona\/wp-json\/wp\/v2\/users\/1"}],"replies":[{"embeddable":true,"href":"https:\/\/agora-eoi.xtec.cat\/eoibadalona\/wp-json\/wp\/v2\/comments?post=806"}],"version-history":[{"count":7,"href":"https:\/\/agora-eoi.xtec.cat\/eoibadalona\/wp-json\/wp\/v2\/pages\/806\/revisions"}],"predecessor-version":[{"id":12991,"href":"https:\/\/agora-eoi.xtec.cat\/eoibadalona\/wp-json\/wp\/v2\/pages\/806\/revisions\/12991"}],"wp:attachment":[{"href":"https:\/\/agora-eoi.xtec.cat\/eoibadalona\/wp-json\/wp\/v2\/media?parent=806"}],"curies":[{"name":"wp","href":"https:\/\/api.w.org\/{rel}","templated":true}]}}