{"id":13007,"date":"2026-02-19T14:51:04","date_gmt":"2026-02-19T13:51:04","guid":{"rendered":"https:\/\/agora-eoi.xtec.cat\/eoibadalona\/?page_id=13007"},"modified":"2026-03-10T15:32:45","modified_gmt":"2026-03-10T14:32:45","slug":"novetats-en-construccio","status":"publish","type":"page","link":"https:\/\/agora-eoi.xtec.cat\/eoibadalona\/el-servei-educatiu\/novetats-en-construccio\/","title":{"rendered":"Per qu\u00e8 aprendre lleng\u00fces?"},"content":{"rendered":"<h6>(Versi\u00f3 en castell\u00e0 m\u00e9s avall)<\/h6>\n<h3><b>El valor de l\u2019aprenentatge de lleng\u00fces en el context professional a Catalunya<\/b><\/h3>\n<p>L\u2019actual context socioecon\u00f2mic a\u00a0<b>Badalona<\/b>\u00a0i a l\u2019<b>\u00e0rea metropolitana de Barcelona<\/b>\u00a0situa el coneixement de lleng\u00fces estrangeres com un dels pilars fonamentals per al desenvolupament professional i personal. Com a\u00a0<b>centre p\u00fablic<\/b>\u00a0del Departament d\u2019Educaci\u00f3 i Formaci\u00f3 Professional de la Generalitat, l\u2019EOI \u2013<a href=\"https:\/\/agora-eoi.xtec.cat\/eoibadalona\/\"><b>Escola Oficial d\u2019Idiomes de Badalona<\/b><\/a>\u2013 t\u00e9 el comprom\u00eds d\u2019oferir a la ciutadania les eines necess\u00e0ries per afrontar els reptes d\u2019un mercat laboral cada cop m\u00e9s interconnectat.<\/p>\n<h4><b>L\u2019impacte de les habilitats ling\u00fc\u00edstiques en la traject\u00f2ria professional<\/b><\/h4>\n<p>L\u2019aprenentatge d\u2019una llengua no \u00e9s nom\u00e9s una fita acad\u00e8mica, sin\u00f3 una inversi\u00f3 en el capital hum\u00e0 de cada individu. Diversos estudis de l\u2019\u00e0mbit europeu sobre el retorn de la formaci\u00f3 ling\u00fc\u00edstica, com els de\u00a0<a href=\"https:\/\/irvapp.fbk.eu\/wp-content\/uploads\/2022\/10\/WP_IRVAPP_2022_08.pdf\">Ginsburgh i Prieto-Rodriguez<\/a>, suggereixen que el domini de segones lleng\u00fces t\u00e9 una correlaci\u00f3 directa amb la millora de les condicions laborals. De fet,\u00a0<b>la difer\u00e8ncia salarial associada a saber idiomes pot arribar fins al 50%<\/b>.<\/p>\n<p>Aquesta realitat es fa palesa a\u00a0<b>Catalunya<\/b>, on la capacitat de comunicaci\u00f3 en angl\u00e8s, franc\u00e8s o alemany esdev\u00e9 sovint un element diferenciador.\u00a0<b>L\u2019idioma \u00e9s ja un requisit en 1 de cada 5 ofertes de treball<\/b>. Per aix\u00f2, les acad\u00e8mies privades ofereixen cursos d\u2019idiomes perqu\u00e8 saben que, en processos de selecci\u00f3 on els candidats presenten una formaci\u00f3 t\u00e8cnica similar, con\u00e8ixer idiomes facilita l\u2019acc\u00e9s a llocs de treball de m\u00e9s responsabilitat i millor retribuci\u00f3.<\/p>\n<h4><b>La pres\u00e8ncia internacional en l\u2019entorn de Badalona i Barcelona<\/b><\/h4>\n<p>El creixement de l\u2019activitat econ\u00f2mica a la nostra zona queda reflectida en les dades d\u2019<a href=\"https:\/\/www.accio.gencat.cat\/web\/.content\/05_ACCIO\/Agencia\/coneix_accio\/doc\/ACCIO-Memoria-ACCIO-2024.pdf\"><b>ACCI\u00d3 (Generalitat de Catalunya, 2024)<\/b><\/a>, que indiquen un teixit empresarial amb m\u00e9s de\u00a0<b>9.600 empreses estrangeres<\/b>\u00a0establertes al territori (<b>un 68% m\u00e9s que fa una d\u00e8cada<\/b>). Aquest escenari genera una demanda constant de talent local amb compet\u00e8ncies multiling\u00fces:<\/p>\n<ul>\n<li aria-level=\"1\"><b>Angl\u00e8s:<\/b>\u00a0Consolidat com la llengua vehicular en l\u2019\u00e0mbit tecnol\u00f2gic i en les ofertes de feina internacionals en l\u00ednia. En 2021,\u00a0<a href=\"https:\/\/www.oecd.org\/content\/dam\/oecd\/en\/publications\/reports\/2023\/06\/the-demand-for-language-skills-in-the-european-labour-market_e5b9dfea\/e1a5abe0-en.pdf\">una an\u00e0lisi de vacants en la UE<\/a>\u00a0va revelar que el\u00a0<b>22% de totes les ofertes de treball requerien coneixements d\u2019angl\u00e8s<\/b>, sigui perqu\u00e8 es demanava expl\u00edcitament o perqu\u00e8 l\u2019anunci estava escrit en aquest idioma.<\/li>\n<li aria-level=\"1\"><b>Franc\u00e8s:<\/b>\u00a0Estrat\u00e8gic per la proximitat geogr\u00e0fica i el volum d\u2019intercanvis comercials amb l\u2019estat franc\u00e8s. Segons un\u00a0<a href=\"https:\/\/www.adeccoinstitute.es\/wp-content\/uploads\/2022\/01\/plantilla-informes-adecco-institute-13052020.-Idiomas.pdf\">informe d\u2019Infoempleo i Adecco<\/a>, a Catalunya el 23,89% de les ofertes que demanen idiomes exigeixen franc\u00e8s, el percentatge m\u00e9s alt de totes les comunitats aut\u00f2nomes.<\/li>\n<li aria-level=\"1\"><b>Alemany<\/b>: Segons\u00a0<a href=\"https:\/\/www.accio.gencat.cat\/web\/.content\/bancconeixement\/documents\/fitxes-pais\/ACCIO-informe-alemanya-oportunitats-negoci.pdf\">ACCI\u00d3 Alemanya<\/a>, aquesta llengua \u00e9s clau en sectors estrat\u00e8gics com el turisme, la ind\u00fastria exportadora i els serveis empresarials vinculats a Alemanya, \u00c0ustria i Su\u00efssa. Alemanya \u00e9s un dels principals inversors i socis comercials del teixit empresarial catal\u00e0, i parlar alemany esdev\u00e9 un valor afegit per accedir a llocs qualificats.<\/li>\n<\/ul>\n<h4><b>L\u2019EOI Badalona, la p\u00fablica d\u2019idiomes: funci\u00f3 social i acad\u00e8mica amb certificaci\u00f3 oficial<\/b><\/h4>\n<p>L\u2019<a href=\"https:\/\/agora-eoi.xtec.cat\/eoibadalona\/\"><b>EOI Badalona<\/b><\/a>\u00a0ofereix a la ciutadania l\u2019oportunitat de formalitzar aquests coneixements d\u2019angl\u00e8s, franc\u00e8s i alemany mitjan\u00e7ant una\u00a0<a href=\"https:\/\/agora-eoi.xtec.cat\/eoibadalona\/certificats\/certificats-oficials\/\">certificaci\u00f3 oficial<\/a>. A difer\u00e8ncia d\u2019altres opcions formatives, el car\u00e0cter p\u00fablic del nostre centre garanteix:<\/p>\n<ul>\n<li aria-level=\"1\"><b>Rigor acad\u00e8mic:<\/b>\u00a0Seguint el Marc Com\u00fa Europeu de Refer\u00e8ncia per a les lleng\u00fces, oferim nivells\u00a0<a href=\"https:\/\/agora-eoi.xtec.cat\/eoibadalona\/el-servei-educatiu\/presentacio\/\">b\u00e0sic A1, A2, intermedi B1, B2 i avan\u00e7at C1<\/a>.<\/li>\n<li aria-level=\"1\"><b>Cursos i certificaci\u00f3 amb validesa oficial:<\/b>\n<ul>\n<li aria-level=\"2\">Els nostres cursos es poden\u00a0<a href=\"https:\/\/agora-eoi.xtec.cat\/eoibadalona\/matricula\/convalidacio-de-materies-eso-i-batxillerat\/\">convalidar per mat\u00e8ries del batxillerat<\/a>, de formaci\u00f3 professional i com a\u00a0<a href=\"https:\/\/agora-eoi.xtec.cat\/eoibadalona\/matricula\/pia-per-a-professorat\/\">formaci\u00f3 permanent per al professorat<\/a>\u00a0(fins a 130 hores l\u2019any).<\/li>\n<li aria-level=\"2\"><a href=\"https:\/\/agora-eoi.xtec.cat\/eoibadalona\/el-servei-educatiu\/presentacio\/\">Els nostres t\u00edtols s\u00f3n reconeguts\u00a0<\/a>per administracions p\u00fabliques, universitats i empreses. A m\u00e9s, computen com a\u00a0<a href=\"https:\/\/agora-eoi.xtec.cat\/eoibadalona\/matricula\/pia-per-a-professorat\/\">m\u00e8rits en processos d\u2019oposici\u00f3<\/a>.<\/li>\n<\/ul>\n<\/li>\n<li aria-level=\"1\"><b>Preus assequibles<\/b>: En ser un centre p\u00fablic, l\u2019acc\u00e9s a la formaci\u00f3 es realitza mitjan\u00e7ant taxes p\u00fabliques i matr\u00edcula p\u00fablica, amb un sistema de\u00a0<a href=\"https:\/\/agora-eoi.xtec.cat\/eoibadalona\/matricula\/beques\/\">beques<\/a>\u00a0i\u00a0<a href=\"https:\/\/agora-eoi.xtec.cat\/eoibadalona\/matricula\/taxes-i-preus-publics\/\">bonificacions\u00a0<\/a>que garanteix l\u2019equitat en l\u2019aprenentatge. Aix\u00ed mateix,\u00a0<a href=\"https:\/\/agora-eoi.xtec.cat\/eoibadalona\/matricula\/pia-per-a-professorat\/\">si ets docent<\/a>\u00a0i aproves el curs, pots sol\u00b7licitar el retorn de taxes.<\/li>\n<li aria-level=\"1\"><b>Instal\u00b7lacions accessibles:<\/b>\u00a0L\u2019escola disposa d\u2019aules \u00e0mplies i c\u00f2modes a m\u00e9s dels seg\u00fcents\u00a0<a href=\"https:\/\/agora-eoi.xtec.cat\/eoibadalona\/el-servei-educatiu\/serveis\/\">serveis<\/a>.\n<ul>\n<li aria-level=\"2\">Espai de trobada amb sof\u00e0s, revistes, font d\u2019aigua, m\u00e0quines de vending<\/li>\n<li aria-level=\"2\">Espai alumnat per estudiar o relaxar-se, amb acc\u00e9s a endolls i microones<\/li>\n<li aria-level=\"2\">Biblioteca lluminosa amb una \u00e0mplia oferta<\/li>\n<li aria-level=\"2\">Activitats culturals i grups de conversa<\/li>\n<li aria-level=\"2\">Sala d\u2019actes<\/li>\n<li aria-level=\"2\">P\u00e0rquing de bicicletes i patinets<\/li>\n<li aria-level=\"2\">Escola totalment accessible en cadira de rodes<\/li>\n<li aria-level=\"2\">Wifi a tota l\u2019escola.<\/li>\n<\/ul>\n<\/li>\n<\/ul>\n<h4><b>Una mirada cap al futur<\/b><\/h4>\n<p>L\u2019objectiu de l\u2019<a href=\"https:\/\/agora-eoi.xtec.cat\/eoibadalona\/\">Escola Oficial d\u2019Idiomes<\/a>\u00a0\u00e9s dotar l\u2019alumnat de les compet\u00e8ncies necess\u00e0ries per moure\u2019s amb solv\u00e8ncia en un m\u00f3n global. Aprendre idiomes no nom\u00e9s amplia les possibilitats de buscar feina amb \u00e8xit, sin\u00f3 que tamb\u00e9 enriqueix el perfil cultural i personal de cada persona.<\/p>\n<p>Us convidem a con\u00e8ixer la nostra oferta formativa i a consolidar el vostre perfil professional a trav\u00e9s de les nostres aules.<\/p>\n<p><a href=\"https:\/\/agora-eoi.xtec.cat\/eoibadalona\/\">EOI de Badalona<\/a><\/p>\n<p><a href=\"https:\/\/agora-eoi.xtec.cat\/eoibadalona\/el-servei-educatiu\/on-som\/\">Contacte amb nosaltres<\/a><\/p>\n<p><a href=\"https:\/\/agora-eoi.xtec.cat\/eoibadalona\/matricula\/nou-alumnat\/\">Preinscripci\u00f3<\/a><\/p>\n<p>&nbsp;<\/p>\n<hr \/>\n<h2><b>El valor del aprendizaje de lenguas en el contexto profesional en Catalu\u00f1a<\/b><\/h2>\n<p>El actual contexto socioecon\u00f3mico en Badalona y en el \u00e1rea metropolitana de Barcelona sit\u00faa el conocimiento de lenguas extranjeras como uno de los pilares fundamentales para el desarrollo profesional y personal. Como\u00a0<b>centro p\u00fablico<\/b>\u00a0del Departament d\u2019Educaci\u00f3 i Formaci\u00f3 Professional de la Generalitat, l\u2019EOI \u2013<a href=\"https:\/\/agora-eoi.xtec.cat\/eoibadalona\/\"><b>Escola Oficial d\u2019Idiomes de Badalona<\/b><\/a>\u2013 tiene el compromiso de ofrecer a la ciudadan\u00eda las herramientas necesarias para afrontar los retos de un mercado laboral cada vez m\u00e1s interconectado.<\/p>\n<h4><b>El impacto de las habilidades ling\u00fc\u00edsticas en la trayectoria profesional<\/b><\/h4>\n<p>El aprendizaje de una lengua no es solo un logro acad\u00e9mico, sino una inversi\u00f3n en el capital humano de cada individuo. Diversos estudios del \u00e1mbito europeo sobre el retorno de la formaci\u00f3n ling\u00fc\u00edstica, como los de\u00a0<a href=\"https:\/\/irvapp.fbk.eu\/wp-content\/uploads\/2022\/10\/WP_IRVAPP_2022_08.pdf\">Ginsburgh y Prieto-Rodriguez<\/a>, sugieren que el dominio de segundas lenguas tiene una correlaci\u00f3n directa con la mejora de las condiciones laborales. De hecho,\u00a0<b>la diferencia salarial asociada a saber idiomas puede llegar hasta el 50%.<\/b><\/p>\n<p>Esta realidad se hace patente en Catalu\u00f1a, donde la capacidad de comunicaci\u00f3n en ingl\u00e9s, franc\u00e9s o alem\u00e1n se convierte a menudo en un elemento diferenciador. El idioma es ya un requisito en\u00a0<b>1 de cada 5 ofertas de trabajo<\/b>. Por ello, las academias privadas ofrecen cursos de idiomas porque saben que, en procesos de selecci\u00f3n donde los candidatos presentan una formaci\u00f3n t\u00e9cnica similar, conocer idiomas facilita el acceso a puestos de trabajo de mayor responsabilidad y mejor retribuci\u00f3n.<\/p>\n<h4><b>La presencia internacional en el entorno de Badalona y Barcelona<\/b><\/h4>\n<p>El fervor de la actividad econ\u00f3mica en nuestra zona queda reflejado en los datos de\u00a0<a href=\"https:\/\/www.accio.gencat.cat\/web\/.content\/05_ACCIO\/Agencia\/coneix_accio\/doc\/ACCIO-Memoria-ACCIO-2024.pdf\"><b>ACCI\u00d3<\/b>\u00a0(Generalitat de Catalunya, 2024)<\/a>, que indican un tejido empresarial con m\u00e1s de\u00a0<b>9.600 empresas extranjeras<\/b>\u00a0establecidas en el territorio (un 68% m\u00e1s que hace una d\u00e9cada). Este escenario genera una demanda constante de talento local con competencias multiling\u00fces:<\/p>\n<ul>\n<li aria-level=\"1\"><b>Ingl\u00e9s:<\/b>\u00a0Consolidado como la lengua vehicular en el \u00e1mbito tecnol\u00f3gico y en las ofertas de empleo internacionales en l\u00ednea. En 2021, un an\u00e1lisis de vacantes online en la UE revel\u00f3 que\u00a0<a href=\"https:\/\/www.oecd.org\/content\/dam\/oecd\/en\/publications\/reports\/2023\/06\/the-demand-for-language-skills-in-the-european-labour-market_e5b9dfea\/e1a5abe0-en.pdf\">el 22% de todas las ofertas de trabajo requer\u00edan conocimientos de ingl\u00e9s<\/a>, ya fuera expl\u00edcitamente o porque el anuncio estaba escrito directamente en este idioma.<\/li>\n<li aria-level=\"1\"><b>Franc\u00e9s:<\/b>\u00a0Estrat\u00e9gico por la proximidad geogr\u00e1fica y el volumen de intercambios comerciales con el estado franc\u00e9s. Seg\u00fan un\u00a0<a href=\"https:\/\/www.adeccoinstitute.es\/wp-content\/uploads\/2022\/01\/plantilla-informes-adecco-institute-13052020.-Idiomas.pdf\">informe de Infoempleo y Adecco<\/a>, en Catalu\u00f1a el 23,89% de las ofertas que piden idiomas exigen franc\u00e9s, el porcentaje m\u00e1s alto de todas las comunidades aut\u00f3nomas.<\/li>\n<li aria-level=\"1\"><b>Alem\u00e1n<\/b>: Seg\u00fan\u00a0<a href=\"https:\/\/www.accio.gencat.cat\/web\/.content\/bancconeixement\/documents\/fitxes-pais\/ACCIO-informe-alemanya-oportunitats-negoci.pdf\">ACCI\u00d3 Alemania<\/a>, esta lengua es clave en sectores estrat\u00e9gicos como el turismo, la industria exportadora y los servicios empresariales vinculados a Alemania, Austria y Suiza. Alemania es uno de los principales inversores y socios comerciales del tejido empresarial catal\u00e1n, y hablar alem\u00e1n se convierte en un valor a\u00f1adido para acceder a puestos cualificados.<\/li>\n<\/ul>\n<h4><b>La EOI Badalona, la p\u00fablica de idiomas: funci\u00f3n social y acad\u00e9mica con certificaci\u00f3n oficial<\/b><\/h4>\n<p>La\u00a0<a href=\"https:\/\/agora-eoi.xtec.cat\/eoibadalona\/\">EOI Badalona<\/a>\u00a0ofrece a la ciudadan\u00eda la oportunidad de formalizar estos conocimientos mediante una\u00a0<a href=\"https:\/\/agora-eoi.xtec.cat\/eoibadalona\/certificats\/certificats-oficials\/\"><b>certificaci\u00f3n oficial<\/b><\/a>. A diferencia de otras opciones formativas, el car\u00e1cter p\u00fablico de nuestro centro garantiza:<\/p>\n<ul>\n<li aria-level=\"1\"><b>Rigor acad\u00e9mico:<\/b>\u00a0Siguiendo el Marco Com\u00fan Europeo de Referencia para las lenguas, ofrecemos niveles\u00a0<a href=\"https:\/\/agora-eoi.xtec.cat\/eoibadalona\/el-servei-educatiu\/presentacio\/\">b\u00e1sico (A1, A2), intermedio (B1, B2) y avanzado (C1)<\/a>.<\/li>\n<li aria-level=\"1\"><b>Cursos y certificaci\u00f3n con validez oficial:<\/b>\n<ul>\n<li aria-level=\"2\">Nuestros cursos se pueden convalidar por\u00a0<a href=\"https:\/\/agora-eoi.xtec.cat\/eoibadalona\/matricula\/convalidacio-de-materies-eso-i-batxillerat\/\">materias de bachillerato<\/a>, de formaci\u00f3n profesional y como\u00a0<a href=\"https:\/\/agora-eoi.xtec.cat\/eoibadalona\/matricula\/pia-per-a-professorat\/\">formaci\u00f3n permanente para el profesorado<\/a>\u00a0(hasta 130 horas al a\u00f1o).<\/li>\n<li aria-level=\"2\">Nuestros t\u00edtulos son reconocidos por administraciones p\u00fablicas, universidades y empresas. Adem\u00e1s, computan como\u00a0<a href=\"https:\/\/agora-eoi.xtec.cat\/eoibadalona\/matricula\/pia-per-a-professorat\/\">m\u00e9ritos en procesos de oposici\u00f3n<\/a>.<\/li>\n<\/ul>\n<\/li>\n<li aria-level=\"1\"><b>Precios asequibles:<\/b>\u00a0Al ser un centro p\u00fablico, el acceso a la formaci\u00f3n se realiza mediante tasas y matr\u00edcula p\u00fablica, con un sistema de\u00a0<a href=\"https:\/\/agora-eoi.xtec.cat\/eoibadalona\/matricula\/beques\/\">becas\u00a0<\/a>y\u00a0<a href=\"https:\/\/agora-eoi.xtec.cat\/eoibadalona\/matricula\/taxes-i-preus-publics\/\">bonificaciones<\/a>\u00a0que garantiza la equidad en el aprendizaje. Adem\u00e1s,\u00a0<a href=\"https:\/\/agora-eoi.xtec.cat\/eoibadalona\/matricula\/pia-per-a-professorat\/\">si eres docente<\/a>\u00a0y apruebas el curso, puedes solicitar el retorno de las tasas.<\/li>\n<li aria-level=\"1\"><b>Instalaciones accesibles:<\/b>\u00a0La escuela dispone de aulas amplias y c\u00f3modas, adem\u00e1s de los siguientes\u00a0<a href=\"https:\/\/agora-eoi.xtec.cat\/eoibadalona\/el-servei-educatiu\/serveis\/\">servicios<\/a>:\n<ul>\n<li aria-level=\"2\">Espacio de encuentro con sof\u00e1s, revistas, fuente de agua y m\u00e1quinas de vending.<\/li>\n<li aria-level=\"2\">Espacio para el alumnado para estudiar o relajarse, con enchufes y microondas.<\/li>\n<li aria-level=\"2\">Biblioteca luminosa con una amplia oferta.<\/li>\n<li aria-level=\"2\">Sal\u00f3n de actos.<\/li>\n<li aria-level=\"2\">Parking de bicicletas y patinetes.<\/li>\n<li aria-level=\"2\">Escuela totalmente accesible en silla de ruedas.<\/li>\n<li aria-level=\"2\">Wifi en toda la escuela.<\/li>\n<\/ul>\n<\/li>\n<\/ul>\n<h4><b>Una mirada hacia el futuro<\/b><\/h4>\n<p>El objetivo de la\u00a0<a href=\"https:\/\/agora-eoi.xtec.cat\/eoibadalona\/el-servei-educatiu\/presentacio\/\">Escuela Oficial de Idiomas<\/a>\u00a0es dotar al alumnado de las competencias necesarias para moverse con solvencia en un mundo global. Aprender idiomas no solo ampl\u00eda las posibilidades de buscar trabajo con \u00e9xito, sino que tambi\u00e9n enriquece el perfil cultural y personal de cada persona.<\/p>\n<p>Os invitamos a conocer nuestra oferta formativa y a consolidar vuestro perfil profesional a trav\u00e9s de nuestras aulas.<\/p>\n<p><a href=\"https:\/\/agora-eoi.xtec.cat\/eoibadalona\/\">EOI de Badalona<\/a><\/p>\n<p><a href=\"https:\/\/agora-eoi.xtec.cat\/eoibadalona\/el-servei-educatiu\/on-som\/\">Contacta con nosotros<\/a><\/p>\n<p><a href=\"https:\/\/agora-eoi.xtec.cat\/eoibadalona\/matricula\/nou-alumnat\/\">Preinscripci\u00f3n<\/a><\/p>\n","protected":false},"excerpt":{"rendered":"<p>(Versi\u00f3 en castell\u00e0 m\u00e9s avall)<br \/>\nEl valor de l\u2019aprenentatge de lleng\u00fces en el context professional a Catalunya<br \/>\nL\u2019actual context socioecon\u00f2mic a\u00a0Badalona\u00a0i a l\u2019\u00e0rea metropolitana de Barcelona\u00a0situa el coneixement de lleng\u00fces estrangeres com un dels pilars fonamentals per al desenvolupament professional i personal. Com a\u00a0centre p\u00fablic\u00a0del Departament d\u2019Educaci\u00f3&hellip;  <a href=\"https:\/\/agora-eoi.xtec.cat\/eoibadalona\/el-servei-educatiu\/novetats-en-construccio\/\" title=\"Read Per qu\u00e8 aprendre lleng\u00fces?\">Llegeix m\u00e9s\u00bb<\/a><\/p>\n","protected":false},"author":1,"featured_media":0,"parent":806,"menu_order":5,"comment_status":"closed","ping_status":"closed","template":"page-templates\/side-menu.php","meta":{"_bbp_topic_count":0,"_bbp_reply_count":0,"_bbp_total_topic_count":0,"_bbp_total_reply_count":0,"_bbp_voice_count":0,"_bbp_anonymous_reply_count":0,"_bbp_topic_count_hidden":0,"_bbp_reply_count_hidden":0,"_bbp_forum_subforum_count":0,"footnotes":""},"class_list":["post-13007","page","type-page","status-publish","hentry"],"post_mailing_queue_ids":[],"_links":{"self":[{"href":"https:\/\/agora-eoi.xtec.cat\/eoibadalona\/wp-json\/wp\/v2\/pages\/13007","targetHints":{"allow":["GET"]}}],"collection":[{"href":"https:\/\/agora-eoi.xtec.cat\/eoibadalona\/wp-json\/wp\/v2\/pages"}],"about":[{"href":"https:\/\/agora-eoi.xtec.cat\/eoibadalona\/wp-json\/wp\/v2\/types\/page"}],"author":[{"embeddable":true,"href":"https:\/\/agora-eoi.xtec.cat\/eoibadalona\/wp-json\/wp\/v2\/users\/1"}],"replies":[{"embeddable":true,"href":"https:\/\/agora-eoi.xtec.cat\/eoibadalona\/wp-json\/wp\/v2\/comments?post=13007"}],"version-history":[{"count":3,"href":"https:\/\/agora-eoi.xtec.cat\/eoibadalona\/wp-json\/wp\/v2\/pages\/13007\/revisions"}],"predecessor-version":[{"id":13046,"href":"https:\/\/agora-eoi.xtec.cat\/eoibadalona\/wp-json\/wp\/v2\/pages\/13007\/revisions\/13046"}],"up":[{"embeddable":true,"href":"https:\/\/agora-eoi.xtec.cat\/eoibadalona\/wp-json\/wp\/v2\/pages\/806"}],"wp:attachment":[{"href":"https:\/\/agora-eoi.xtec.cat\/eoibadalona\/wp-json\/wp\/v2\/media?parent=13007"}],"curies":[{"name":"wp","href":"https:\/\/api.w.org\/{rel}","templated":true}]}}