{"id":12998,"date":"2026-02-14T13:27:51","date_gmt":"2026-02-14T12:27:51","guid":{"rendered":"https:\/\/agora-eoi.xtec.cat\/eoibadalona\/?page_id=12998"},"modified":"2026-02-14T13:30:45","modified_gmt":"2026-02-14T12:30:45","slug":"tramitacio-de-titol","status":"publish","type":"page","link":"https:\/\/agora-eoi.xtec.cat\/eoibadalona\/tramits\/instancies-i-sollicituds\/tramitacio-de-titol\/","title":{"rendered":"Tramitaci\u00f3 de t\u00edtol"},"content":{"rendered":"<ul>\n<li><strong>Certificat de nivell B1<\/strong>: Es pot recollir a l\u2019escola en horari de secretaria a partir d\u2019un mes despr\u00e9s de la publicaci\u00f3 dels resultats. Cal presentar el DNI.<\/li>\n<li><strong>Certificat de nivell B2, C1 i C2<\/strong>: Es tramita en l\u00ednia.\n<ul>\n<li>Acc\u00e9s al formulari:\u00a0<a href=\"https:\/\/web.gencat.cat\/ca\/tramits\/tramits-temes\/titols-academics-no-universitaris?category=742b7874-a82c-11e3-a972-000c29052e2c\" target=\"_blank\" rel=\"noopener\">Tramitaci\u00f3 de t\u00edtols acad\u00e8mics i professionals no universitaris.<\/a><\/li>\n<li>En aquest\u00a0<a href=\"https:\/\/tramits.gencat.cat\/web\/shared\/OVT\/Departaments\/ENS\/TramitOVT\/tramitacio-titols\/sollicitud-primera-expedicio.pdf\">enlla\u00e7<\/a>\u00a0trobareu les\u00a0<strong>instruccions<\/strong>\u00a0pas a pas. Recordeu que heu d\u2019avisar el centre un cop envieu la sol\u00b7licitud del t\u00edtol.<\/li>\n<li>Taxa per a l\u2019expedici\u00f3:\u00a078 \u20ac.\u00a0<a href=\"https:\/\/educacio.gencat.cat\/ca\/departament\/normativa\/taxes-preus-publics\/exempcions-bonificacions\/\" target=\"_blank\" rel=\"noopener\">Consulteu les bonificacions i exempcions<\/a>.<\/li>\n<li><a href=\"https:\/\/drive.google.com\/file\/d\/1X6NW9c3KmWWqvr0-p26ZwcQ0K5kPwofM\/view?usp=sharing\" target=\"_blank\" rel=\"noopener\">Autoritzaci\u00f3 per al lliurament de t\u00edtol\/certificat.<\/a><\/li>\n<\/ul>\n<\/li>\n<\/ul>\n","protected":false},"excerpt":{"rendered":"<ul>\n<li>Certificat de nivell B1: Es pot recollir a l\u2019escola en horari de secretaria a partir d\u2019un mes despr\u00e9s de la publicaci\u00f3 dels resultats. Cal presentar el DNI.<\/li>\n<li>Certificat de nivell B2, C1 i C2: Es tramita en l\u00ednia.\n<ul>\n<li>Acc\u00e9s al formulari:\u00a0<a href=\"https:\/\/web.gencat.cat\/ca\/tramits\/tramits-temes\/titols-academics-no-universitaris?category=742b7874-a82c-11e3-a972-000c29052e2c\" target=\"_blank\" rel=\"noopener\">Tramitaci\u00f3 de t\u00edtols acad\u00e8mics&hellip;  <a href=\"https:\/\/agora-eoi.xtec.cat\/eoibadalona\/tramits\/instancies-i-sollicituds\/tramitacio-de-titol\/\" title=\"Read Tramitaci\u00f3 de t\u00edtol\">Llegeix m\u00e9s\u00bb<\/a><br \/>\n","protected":false},"author":1,"featured_media":0,"parent":8370,"menu_order":0,"comment_status":"closed","ping_status":"closed","template":"","meta":{"_bbp_topic_count":0,"_bbp_reply_count":0,"_bbp_total_topic_count":0,"_bbp_total_reply_count":0,"_bbp_voice_count":0,"_bbp_anonymous_reply_count":0,"_bbp_topic_count_hidden":0,"_bbp_reply_count_hidden":0,"_bbp_forum_subforum_count":0,"footnotes":""},"class_list":["post-12998","page","type-page","status-publish","hentry"],"post_mailing_queue_ids":[],"_links":{"self":[{"href":"https:\/\/agora-eoi.xtec.cat\/eoibadalona\/wp-json\/wp\/v2\/pages\/12998","targetHints":{"allow":["GET"]}}],"collection":[{"href":"https:\/\/agora-eoi.xtec.cat\/eoibadalona\/wp-json\/wp\/v2\/pages"}],"about":[{"href":"https:\/\/agora-eoi.xtec.cat\/eoibadalona\/wp-json\/wp\/v2\/types\/page"}],"author":[{"embeddable":true,"href":"https:\/\/agora-eoi.xtec.cat\/eoibadalona\/wp-json\/wp\/v2\/users\/1"}],"replies":[{"embeddable":true,"href":"https:\/\/agora-eoi.xtec.cat\/eoibadalona\/wp-json\/wp\/v2\/comments?post=12998"}],"version-history":[{"count":1,"href":"https:\/\/agora-eoi.xtec.cat\/eoibadalona\/wp-json\/wp\/v2\/pages\/12998\/revisions"}],"predecessor-version":[{"id":12999,"href":"https:\/\/agora-eoi.xtec.cat\/eoibadalona\/wp-json\/wp\/v2\/pages\/12998\/revisions\/12999"}],"up":[{"embeddable":true,"href":"https:\/\/agora-eoi.xtec.cat\/eoibadalona\/wp-json\/wp\/v2\/pages\/8370"}],"wp:attachment":[{"href":"https:\/\/agora-eoi.xtec.cat\/eoibadalona\/wp-json\/wp\/v2\/media?parent=12998"}],"curies":[{"name":"wp","href":"https:\/\/api.w.org\/{rel}","templated":true}]}}