{"id":11050,"date":"2022-09-09T11:54:19","date_gmt":"2022-09-09T09:54:19","guid":{"rendered":"https:\/\/agora-eoi.xtec.cat\/eoibadalona\/?page_id=11050"},"modified":"2025-12-03T11:25:10","modified_gmt":"2025-12-03T10:25:10","slug":"programa-de-certificacio-per-a-centres-de-secundaria","status":"publish","type":"page","link":"https:\/\/agora-eoi.xtec.cat\/eoibadalona\/projectes\/programa-de-certificacio-per-a-centres-de-secundaria\/","title":{"rendered":"Programa de certificaci\u00f3 per a centres de secund\u00e0ria"},"content":{"rendered":"<p>Programa de certificaci\u00f3 dels coneixements de lleng\u00fces estrangeres per a centres d&#8217;Educaci\u00f3 Secund\u00e0ria Obligat\u00f2ria, batxillerat, cicles de formaci\u00f3 professional, cicles d&#8217;arts pl\u00e0stiques i disseny, t\u00edtols propis d&#8217;arts esc\u00e8niques o cicles d&#8217;ensenyaments esportius de r\u00e8gim especial adscrits al programa.<a href=\"https:\/\/agora-eoi.xtec.cat\/eoibadalona\/wp-content\/uploads\/usu2241\/2022\/07\/Programa-certificacio-didiomes-300x300-1.png\"><img loading=\"lazy\" decoding=\"async\" class=\"wp-image-10634 alignright\" src=\"https:\/\/agora-eoi.xtec.cat\/eoibadalona\/wp-content\/uploads\/usu2241\/2022\/07\/Programa-certificacio-didiomes-300x300-1.png\" alt=\"\" width=\"161\" height=\"161\" srcset=\"https:\/\/agora-eoi.xtec.cat\/eoibadalona\/wp-content\/uploads\/usu2241\/2022\/07\/Programa-certificacio-didiomes-300x300-1.png 300w, https:\/\/agora-eoi.xtec.cat\/eoibadalona\/wp-content\/uploads\/usu2241\/2022\/07\/Programa-certificacio-didiomes-300x300-1-150x150.png 150w\" sizes=\"auto, (max-width: 161px) 100vw, 161px\" \/><\/a><\/p>\n<ul>\n<li><a href=\"https:\/\/drive.google.com\/file\/d\/1FPhiST6cRTqLfgqggeaH6K5BbCne5fgL\/view?usp=sharing\" target=\"_blank\" rel=\"noopener\"><strong>Normativa Programa de Certificaci\u00f3<\/strong> (Resoluci\u00f3 EDF\/3402\/2025, de 16 de setembre)<\/a><\/li>\n<li><strong><a href=\"https:\/\/drive.google.com\/file\/d\/1bhwhcuuaRLdUD38To5OqFxhThdR_hj11\/view?usp=sharing\" target=\"_blank\" rel=\"noopener\">Centres adscrits Programa de Certificaci\u00f3 2025-2026<\/a><a href=\"https:\/\/drive.google.com\/file\/d\/1bhwhcuuaRLdUD38To5OqFxhThdR_hj11\/view?usp=sharing\" target=\"_blank\" rel=\"noopener\">\u00a0<\/a><\/strong><\/li>\n<\/ul>\n<hr \/>\n<ul>\n<li style=\"list-style-type: none;\">\n<ul>\n<li><a href=\"https:\/\/www.canva.com\/design\/DAGqsC9HgKY\/-p8Htu4A1frOI5gtTtdC2w\/view?utm_content=DAGqsC9HgKY&amp;utm_campaign=designshare&amp;utm_medium=link2&amp;utm_source=uniquelinks&amp;utlId=hfcddda679e\">Cerim\u00f2nia de lliurament de certificats B1 i B2, curs 2024-2025<\/a><\/li>\n<\/ul>\n<\/li>\n<\/ul>\n<div style=\"position: relative; width: 100%; height: 0; padding-top: 125.0000%; padding-bottom: 0; box-shadow: 0 2px 8px 0 rgba(63,69,81,0.16); margin-top: 1.6em; margin-bottom: 0.9em; overflow: hidden; border-radius: 8px; will-change: transform;\"><iframe style=\"position: absolute; width: 60%; height: 60%; top: 0; left: 0; border: none; padding: 0; margin: 0;\" src=\"https:\/\/www.canva.com\/design\/DAGqsC9HgKY\/Wi5ZUbZ5MFekhEqyx6ndIQ\/view?embed\" allowfullscreen=\"allowfullscreen\"><br \/>\n<\/iframe><\/div>\n<p>&nbsp;<\/p>\n","protected":false},"excerpt":{"rendered":"<p>Programa de certificaci\u00f3 dels coneixements de lleng\u00fces estrangeres per a centres d&#8217;Educaci\u00f3 Secund\u00e0ria Obligat\u00f2ria, batxillerat, cicles de formaci\u00f3 professional, cicles d&#8217;arts pl\u00e0stiques i disseny, t\u00edtols propis d&#8217;arts esc\u00e8niques o cicles d&#8217;ensenyaments esportius de r\u00e8gim especial adscrits al programa.<a href=\"https:\/\/agora-eoi.xtec.cat\/eoibadalona\/wp-content\/uploads\/usu2241\/2022\/07\/Programa-certificacio-didiomes-300x300-1.png\"><\/a><\/p>\n<ul>\n<li><a href=\"https:\/\/drive.google.com\/file\/d\/1FPhiST6cRTqLfgqggeaH6K5BbCne5fgL\/view?usp=sharing\" target=\"_blank\" rel=\"noopener\">Normativa Programa de Certificaci\u00f3&hellip;  <a href=\"https:\/\/agora-eoi.xtec.cat\/eoibadalona\/projectes\/programa-de-certificacio-per-a-centres-de-secundaria\/\" title=\"Read Programa de certificaci\u00f3 per a centres de secund\u00e0ria\">Llegeix m\u00e9s\u00bb<\/a><br \/>\n","protected":false},"author":1,"featured_media":0,"parent":10586,"menu_order":3,"comment_status":"closed","ping_status":"closed","template":"page-templates\/side-menu.php","meta":{"_bbp_topic_count":0,"_bbp_reply_count":0,"_bbp_total_topic_count":0,"_bbp_total_reply_count":0,"_bbp_voice_count":0,"_bbp_anonymous_reply_count":0,"_bbp_topic_count_hidden":0,"_bbp_reply_count_hidden":0,"_bbp_forum_subforum_count":0,"footnotes":""},"class_list":["post-11050","page","type-page","status-publish","hentry"],"post_mailing_queue_ids":[],"_links":{"self":[{"href":"https:\/\/agora-eoi.xtec.cat\/eoibadalona\/wp-json\/wp\/v2\/pages\/11050","targetHints":{"allow":["GET"]}}],"collection":[{"href":"https:\/\/agora-eoi.xtec.cat\/eoibadalona\/wp-json\/wp\/v2\/pages"}],"about":[{"href":"https:\/\/agora-eoi.xtec.cat\/eoibadalona\/wp-json\/wp\/v2\/types\/page"}],"author":[{"embeddable":true,"href":"https:\/\/agora-eoi.xtec.cat\/eoibadalona\/wp-json\/wp\/v2\/users\/1"}],"replies":[{"embeddable":true,"href":"https:\/\/agora-eoi.xtec.cat\/eoibadalona\/wp-json\/wp\/v2\/comments?post=11050"}],"version-history":[{"count":6,"href":"https:\/\/agora-eoi.xtec.cat\/eoibadalona\/wp-json\/wp\/v2\/pages\/11050\/revisions"}],"predecessor-version":[{"id":12889,"href":"https:\/\/agora-eoi.xtec.cat\/eoibadalona\/wp-json\/wp\/v2\/pages\/11050\/revisions\/12889"}],"up":[{"embeddable":true,"href":"https:\/\/agora-eoi.xtec.cat\/eoibadalona\/wp-json\/wp\/v2\/pages\/10586"}],"wp:attachment":[{"href":"https:\/\/agora-eoi.xtec.cat\/eoibadalona\/wp-json\/wp\/v2\/media?parent=11050"}],"curies":[{"name":"wp","href":"https:\/\/api.w.org\/{rel}","templated":true}]}}