{"id":10557,"date":"2022-07-23T01:11:55","date_gmt":"2022-07-22T23:11:55","guid":{"rendered":"https:\/\/agora-eoi.xtec.cat\/eoibadalona\/?page_id=10557"},"modified":"2025-08-28T19:53:50","modified_gmt":"2025-08-28T17:53:50","slug":"nou-alumnat","status":"publish","type":"page","link":"https:\/\/agora-eoi.xtec.cat\/eoibadalona\/matricula\/nou-alumnat\/","title":{"rendered":"Matr\u00edcula nou alumnat"},"content":{"rendered":"<h5 class=\"_aacl _aaco _aacu _aacx _aad6 _aade\" dir=\"auto\">Llen\u00e7a&#8217;t a aprendre idiomes amb l&#8217;Escola Oficial d&#8217;Idiomes de Badalona! Vine i parlar\u00e0s angl\u00e8s, franc\u00e8s o alemany!<\/h5>\n<ul>\n<li>Per accedir als ensenyaments d&#8217;idiomes en les EOI cal tenir 16 anys complerts l&#8217;any que es comencen els estudis. Tamb\u00e9 hi poden accedir els m\u00e9s grans de 14 anys per seguir els ensenyaments d&#8217;un idioma diferent del cursat en l&#8217;ESO.<\/li>\n<li><a href=\"https:\/\/educacio.gencat.cat\/web\/.content\/home\/departament\/publicacions\/infografies\/eoi-10-eoi.pdf\" target=\"_blank\" rel=\"noopener\">Quadre resum del proc\u00e9s<\/a><\/li>\n<li><a href=\"https:\/\/preinscripcio.gencat.cat\/ca\/estudis\/idiomes-eoi\/informat\/busca-centre\/\" target=\"_blank\" rel=\"noopener\">Consulta de vacants i centres<\/a> (publicaci\u00f3: 18 de juliol de 2025)<\/li>\n<li><a href=\"https:\/\/drive.google.com\/file\/d\/1_fsd4IGS7Bzk5QT1JHIfKcMPB2YIYu6f\/view?usp=sharing\" target=\"_blank\" rel=\"noopener\">Horaris per al 2025\/26<\/a><\/li>\n<li><a href=\"https:\/\/agora-eoi.xtec.cat\/eoibadalona\/matricula\/taxes-i-preus-publics\/\" target=\"_blank\" rel=\"noopener\">Taxes i preus p\u00fablics<\/a><\/li>\n<li><a href=\"https:\/\/dogc.gencat.cat\/ca\/document-del-dogc\/?documentId=990876\" target=\"_blank\" rel=\"noopener\">Certificats i t\u00edtols que eximeixen de la prova de nivell<\/a><\/li>\n<\/ul>\n<h3><strong><a href=\"https:\/\/www.eoidigital.com\/eoicat\/alumnes\/\" target=\"_blank\" rel=\"noopener\">Preinscripci\u00f3 d&#8217;A1 a C1 i acc\u00e9s a consultes per internet<\/a> <\/strong><\/h3>\n<p><strong><a href=\"https:\/\/www.eoidigital.com\/eoicat\/alumnes\/\" target=\"_blank\" rel=\"noopener\">Enlla\u00e7 a l&#8217;aplicaci\u00f3 inform\u00e0tica de preinscripci\u00f3 <\/a><\/strong>oberta de les <strong>12.00 h de l&#8217;1 de setembre fins a les 15 hores del 8 de setembre de 2025.<\/strong><\/p>\n<ul>\n<li>En el cas d&#8217;haver d&#8217;ajuntar un<strong> certificat que eximeixi de la prova de nivell<\/strong>, \u00e9s\u00a0<strong>molt important\u00a0<\/strong>assegurar-se que aquest ha estat acceptat abans del <strong>8 de setembre fins a les 15 h<\/strong>\u00a0a la mateixa aplicaci\u00f3 inform\u00e0tica de preinscripci\u00f3. En cas de no ser v\u00e0lid, <strong>cal posar-se en contacte amb l&#8217;escola o canviar la preinscripci\u00f3 a prova de nivell.<\/strong><\/li>\n<li><strong>Test de nivell<\/strong> telem\u00e0tic per tots els idiomes impartits a la nostra escola. Cal fer-lo quan es tenen coneixements de l&#8217;idioma, per\u00f2 no es disposa de cap certificat que acrediti el nivell. El per\u00edode per fer-lo s&#8217;inicia en el moment de fer la preinscripci\u00f3 i <strong>finalitza a les 17.00 hores del 10 de setembre de 2025.<\/strong><\/li>\n<li><strong>Tria d&#8217;horari: <\/strong>des del moment que s&#8217;obt\u00e9 el resultat del test<strong> fins a les 10 h del dia 15 de setembre de 2025.\u00a0<\/strong><\/li>\n<li><strong>Sorteig per a l&#8217;assignaci\u00f3 de places:<\/strong> <strong>15 de setembre<\/strong> de 2025, a les 12.00 hores. <strong>Consulta p\u00fablica de resultats a partir de les 18 hores<\/strong>, a l&#8217;aplicaci\u00f3 de la preinscripci\u00f3.<\/li>\n<li><strong>Per\u00edode de matriculaci\u00f3 en l\u00ednia (alumnes admesos):<\/strong> des de les 18 hores del 15 de setembre fins a les 23.59 hores del 17 de setembre de 2025.<\/li>\n<li><strong>Per\u00edode de matriculaci\u00f3 en l\u00ednia de les places vacants (llista d&#8217;espera):<\/strong> el 19 de setembre de 2025 des de les 12 hores (angl\u00e8s); 20 de setembre de 2025 des de les 9 hores (tots els idiomes, angl\u00e8s incl\u00f2s) fins al 21 de setembre (a les 23.59).<\/li>\n<\/ul>\n<h5>NIVELL C2<\/h5>\n<ul>\n<li><a href=\"https:\/\/drive.google.com\/file\/d\/1IUD8vkayeNhwcTg5vOWEgUfkjj_K46vi\/view?usp=sharing\" target=\"_blank\" rel=\"noopener\">Informaci\u00f3 sobre l&#8217;acc\u00e9s al nivell C2<\/a><\/li>\n<li><a href=\"https:\/\/preinscripcio.gencat.cat\/ca\/estudis\/idiomes-eoi\/informat\/busca-centre\/\" target=\"_blank\" rel=\"noopener\">Centres on s&#8217;impartir\u00e0\u00a0el nivell C2<\/a> (publicaci\u00f3: juliol 2025)<\/li>\n<li><a href=\"https:\/\/www.eoidigital.com\/eoicat\/alumnes\/\" target=\"_blank\" rel=\"noopener\">Preinscripci\u00f3 al nivell C2.1 i acc\u00e9s a consultes en l\u00ednia per a l&#8217;alumnat oficial<\/a> (aplicaci\u00f3 inform\u00e0tica oberta des de les <strong>12.00 h de l&#8217;1 de setembre fins a les 15 hores del 8 de setembre de 2025).<\/strong><\/li>\n<\/ul>\n<h5 style=\"font-weight: 400;\"><strong>IMPORTANT: <\/strong><\/h5>\n<p style=\"font-weight: 400;\">En matricular-vos a l\u2019Escola Oficial d\u2019Idiomes de Badalona, us esteu matriculant en un ensenyament presencial. \u00c9s responsabilitat vostra assistir a les classes, seguir les activitats d\u2019aula, que poden comportar l&#8217;\u00fas del tel\u00e8fon m\u00f2bil, les tasques telem\u00e0tiques (aules Moodle\/ Google Classroom) i altres deures que el professorat us encarregui. Aquesta feina constitueix informaci\u00f3 essencial per a l\u2019avaluaci\u00f3 continuada i per al seguiment que el professorat fa del seu alumnat.<\/p>\n","protected":false},"excerpt":{"rendered":"<p>Llen\u00e7a&#8217;t a aprendre idiomes amb l&#8217;Escola Oficial d&#8217;Idiomes de Badalona! Vine i parlar\u00e0s angl\u00e8s, franc\u00e8s o alemany!<\/p>\n<ul>\n<li>Per accedir als ensenyaments d&#8217;idiomes en les EOI cal tenir 16 anys complerts l&#8217;any que es comencen els estudis. Tamb\u00e9 hi poden accedir els m\u00e9s grans de 14 anys&hellip;  <a href=\"https:\/\/agora-eoi.xtec.cat\/eoibadalona\/matricula\/nou-alumnat\/\" title=\"Read Matr\u00edcula nou alumnat\">Llegeix m\u00e9s\u00bb<\/a><br \/>\n","protected":false},"author":1,"featured_media":0,"parent":8161,"menu_order":0,"comment_status":"closed","ping_status":"closed","template":"page-templates\/side-menu.php","meta":{"_bbp_topic_count":0,"_bbp_reply_count":0,"_bbp_total_topic_count":0,"_bbp_total_reply_count":0,"_bbp_voice_count":0,"_bbp_anonymous_reply_count":0,"_bbp_topic_count_hidden":0,"_bbp_reply_count_hidden":0,"_bbp_forum_subforum_count":0,"footnotes":""},"class_list":["post-10557","page","type-page","status-publish","hentry"],"post_mailing_queue_ids":[],"_links":{"self":[{"href":"https:\/\/agora-eoi.xtec.cat\/eoibadalona\/wp-json\/wp\/v2\/pages\/10557","targetHints":{"allow":["GET"]}}],"collection":[{"href":"https:\/\/agora-eoi.xtec.cat\/eoibadalona\/wp-json\/wp\/v2\/pages"}],"about":[{"href":"https:\/\/agora-eoi.xtec.cat\/eoibadalona\/wp-json\/wp\/v2\/types\/page"}],"author":[{"embeddable":true,"href":"https:\/\/agora-eoi.xtec.cat\/eoibadalona\/wp-json\/wp\/v2\/users\/1"}],"replies":[{"embeddable":true,"href":"https:\/\/agora-eoi.xtec.cat\/eoibadalona\/wp-json\/wp\/v2\/comments?post=10557"}],"version-history":[{"count":7,"href":"https:\/\/agora-eoi.xtec.cat\/eoibadalona\/wp-json\/wp\/v2\/pages\/10557\/revisions"}],"predecessor-version":[{"id":12739,"href":"https:\/\/agora-eoi.xtec.cat\/eoibadalona\/wp-json\/wp\/v2\/pages\/10557\/revisions\/12739"}],"up":[{"embeddable":true,"href":"https:\/\/agora-eoi.xtec.cat\/eoibadalona\/wp-json\/wp\/v2\/pages\/8161"}],"wp:attachment":[{"href":"https:\/\/agora-eoi.xtec.cat\/eoibadalona\/wp-json\/wp\/v2\/media?parent=10557"}],"curies":[{"name":"wp","href":"https:\/\/api.w.org\/{rel}","templated":true}]}}