{"id":270,"date":"2018-01-15T17:10:01","date_gmt":"2018-01-15T17:10:01","guid":{"rendered":"http:\/\/eoiamposta.cat\/?page_id=270"},"modified":"2025-12-03T10:33:25","modified_gmt":"2025-12-03T09:33:25","slug":"certificats-i-titols","status":"publish","type":"page","link":"https:\/\/agora-eoi.xtec.cat\/eoiamposta\/certificats-i-titols\/","title":{"rendered":"Certificats i t\u00edtols"},"content":{"rendered":"<p><strong>L&#8217;EOI d&#8217;Amposta o el Departament d&#8217;Educaci\u00f3 expedeixen els seg\u00fcents certificats:<\/strong><\/p>\n<blockquote><p>Certificat de nivell b\u00e0sic A2 que es correspon amb el nivell A2 del Marc europeu com\u00fa de refer\u00e8ncia per a les lleng\u00fces, del Consell d&#8217;Europa (MERC).<\/p>\n<p>Certificat de nivell intermedi B1 que es correspon amb el nivell B1 del Marc europeu com\u00fa de refer\u00e8ncia per a les lleng\u00fces, del Consell d&#8217;Europa (MERC).<\/p>\n<p>Certificat de nivell intermedi B2 que es correspon amb el nivell B2 del Marc europeu com\u00fa de refer\u00e8ncia per a les lleng\u00fces, del Consell d&#8217;Europa (MERC), t\u00e9 car\u00e0cter oficial i validesa a tot el territori espanyol i europeu.<\/p>\n<p>Certificat de nivell avan\u00e7at C1 que es correspon amb el nivell C1 del Marc europeu com\u00fa de refer\u00e8ncia per a les lleng\u00fces, del Consell d&#8217;Europa (MERC), t\u00e9 car\u00e0cter oficial i validesa a tot el territori espanyol i europeu.<\/p>\n<p>Certificat de nivell avan\u00e7at C2 que es correspon amb el nivell C2 del Marc europeu com\u00fa de refer\u00e8ncia per a les lleng\u00fces, del Consell d&#8217;Europa (MERC), t\u00e9 car\u00e0cter oficial i validesa a tot el territori espanyol i europeu.<\/p>\n<ul class=\"n8H08c UVNKR \">\n<li class=\"zfr3Q TYR86d eD0Rn \" dir=\"ltr\">\n<p class=\"zfr3Q CDt4Ke \" dir=\"ltr\" role=\"presentation\"><span class=\"C9DxTc \">R<\/span><span class=\"C9DxTc \">EAL DECRETO<\/span><span class=\"C9DxTc \">\u00a01\/2019, de 11 de enero, por el que se establecen los principios b\u00e1sicos comunes de evaluaci\u00f3n aplicables a las\u00a0<\/span><span class=\"C9DxTc \">pruebas de certificaci\u00f3n oficial de los niveles Intermedio B1, Intermedio B2, Avanzado C1, y Avanzado C2<\/span><span class=\"C9DxTc \">\u00a0de las ense\u00f1anzas de idiomas de r\u00e9gimen especial.\u00a0<\/span><a class=\"XqQF9c\" href=\"https:\/\/www.boe.es\/eli\/es\/rd\/2019\/01\/11\/1\" target=\"_blank\" rel=\"noopener\"><span class=\"C9DxTc aw5Odc \">https:\/\/www.boe.es\/eli\/es\/rd\/2019\/01\/11\/1\u00a0<\/span><\/a><\/p>\n<\/li>\n<li class=\"zfr3Q TYR86d eD0Rn \" dir=\"ltr\">\n<p class=\"zfr3Q CDt4Ke \" dir=\"ltr\" role=\"presentation\"><span class=\"C9DxTc \">REAL DECRETO 1041\/2017, de 22 de diciembre, por el que se fijan las exigencias m\u00ednimas del nivel b\u00e1sico a efectos de certificaci\u00f3n, se establece el\u00a0<\/span><span class=\"C9DxTc \">curr\u00edculo b\u00e1sico de los niveles Intermedio B1, Intermedio B2, Avanzado C1, y Avanzado C2<\/span><span class=\"C9DxTc \">, de las Ense\u00f1anzas de idiomas de r\u00e9gimen especial reguladas por la Ley Org\u00e1nica 2\/2006, de 3 de mayo, de Educaci\u00f3n, y se establecen las equivalencias entre las Ense\u00f1anzas de idiomas de r\u00e9gimen especial reguladas en diversos planes de estudios y las de este real decreto.\u00a0<\/span><a class=\"XqQF9c\" href=\"https:\/\/www.boe.es\/buscar\/doc.php?id=BOE-A-2017-15367\" target=\"_blank\" rel=\"noopener\"><span class=\"C9DxTc aw5Odc \">https:\/\/www.boe.es\/buscar\/doc.php?id=BOE-A-2017-15367<\/span><\/a><\/p>\n<\/li>\n<\/ul>\n<ul class=\"n8H08c UVNKR \">\n<li class=\"zfr3Q TYR86d eD0Rn \" dir=\"ltr\">\n<p class=\"zfr3Q CDt4Ke \" dir=\"ltr\" role=\"presentation\"><span class=\"C9DxTc \">DECRET 45\/2022, de 15 de mar\u00e7, pel qual s&#8217;estableix l&#8217;ordenaci\u00f3 dels ensenyaments d&#8217;idiomes de r\u00e8gim especial i el curr\u00edculum del nivell Intermedi de diversos idiomes.\u00a0<\/span><a class=\"XqQF9c\" href=\"https:\/\/dogc.gencat.cat\/ca\/document-del-dogc\/?documentId=923138\" target=\"_blank\" rel=\"noopener\"><span class=\"C9DxTc aw5Odc \">https:\/\/dogc.gencat.cat\/ca\/document-del-dogc\/?documentId=923138<\/span><\/a><\/p>\n<\/li>\n<li class=\"zfr3Q TYR86d eD0Rn \" dir=\"ltr\">\n<p class=\"zfr3Q CDt4Ke \" dir=\"ltr\" role=\"presentation\"><span class=\"C9DxTc \">DECRET 243\/2022, de 18 d&#8217;octubre, pel qual s&#8217;estableixen els curr\u00edculums de nivell B\u00e0sic (A2) i del nivell Avan\u00e7at (C1 i C2) dels ensenyaments de r\u00e8gim especial de diversos idiomes.\u00a0<\/span><a class=\"XqQF9c\" href=\"https:\/\/dogc.gencat.cat\/ca\/document-del-dogc\/?documentId=940619\" target=\"_blank\" rel=\"noopener\"><span class=\"C9DxTc aw5Odc \">https:\/\/dogc.gencat.cat\/ca\/document-del-dogc\/?documentId=940619<\/span><\/a><\/p>\n<\/li>\n<\/ul>\n<\/blockquote>\n<h3><span style=\"color: #ff6600;\"><strong>Certificat de nivell b\u00e0sic A2<br \/>\n<\/strong><\/span><\/h3>\n<p>El Certificat de nivell b\u00e0sic A2 <strong>s\u2019obt\u00e9 en aprovar el 2n nivell<\/strong>. No cal sol\u00b7licitar-ne l\u2019expedici\u00f3. L\u2019escola l\u2019expedeix d&#8217;ofici (de manera autom\u00e0tica) a totes les persones aprovades.<\/p>\n<p>Es\u00a0pot passar a <strong>recollir i signar\u00a0personalment<\/strong> el llibre de registre de Certificats, presentant l&#8217;original del DNI en vigor, <strong>a partir del 16 d&#8217;octubre<\/strong><strong> fins el 12 de desembre <\/strong>de l\u2019any que s\u2019ha aprovat. Cal SOL\u00b7LICITAR CITA PR\u00c8VIA per correu electr\u00f2nic.<\/p>\n<p><span style=\"color: #000000;\"><strong>NO\u00a0es lliuraran certificats<\/strong><\/span> durant el mes de setembre ni durant la primera quinzena d&#8217;octubre.<\/p>\n<h3><strong><span style=\"color: #ff6600;\">Certificat de nivell intermedi B1<br \/>\n<\/span><\/strong><\/h3>\n<p>El Certificat de nivell intermedi B1 <strong>s\u2019obt\u00e9 en aprovar el 3r nivell (alumnes oficials) o la prova per a l&#8217;obtenci\u00f3 del certificat d&#8217;idiomes de nivell B1 (candidats lliures)<\/strong>.<\/p>\n<p>No cal sol\u00b7licitar-ne l\u2019expedici\u00f3. L\u2019escola l\u2019expedeix d&#8217;ofici (de manera autom\u00e0tica) a totes les persones aprovades, tant per a l\u2019ensenyament oficial presencial com per als candidats lliures.<\/p>\n<p><strong>ALUMNES OFICIALS<\/strong>: es pot passar a recollir i signar PERSONALMENT el llibre de registre de Certificats, presentant l&#8217;original del DNI en vigor, <strong>a partir del 16 d&#8217;octubre fins el 12 de desembre<\/strong> de l\u2019any que s\u2019ha aprovat. Cal SOL\u00b7LICITAR CITA PR\u00c8VIA per correu electr\u00f2nic.<\/p>\n<p><strong>CANDIDATS LLIURES<\/strong>: es pot passar a recollir i signar PERSONALMENT el llibre de registre de Certificats, presentant l&#8217;original del DNI en vigor, <strong>a partir del 16 d&#8217;octubre fins el 12 de desembre<\/strong> de l&#8217;any que s&#8217;ha aprovat. Cal SOL\u00b7LICITAR CITA PR\u00c8VIA per correu electr\u00f2nic.<\/p>\n<p><span style=\"color: #000000;\"><strong>NO\u00a0es lliuraran certificats<\/strong><\/span> durant el mes de setembre ni durant la primera quinzena d&#8217;octubre.<\/p>\n<h3><strong><span style=\"color: #ff6600;\">T\u00edtol\/Certificat de nivell intermedi B2<br \/>\n<\/span><\/strong><\/h3>\n<p>El T\u00edtol\/Certificat de nivell intermedi B2 <strong>s&#8217;obt\u00e9 en aprovar el\u00a0 nivell B2.2 (5\u00e8) (alumnes oficials) o la prova per a l&#8217;obtenci\u00f3 del certificat d&#8217;idiomes de nivell B2 (alumnes lliures)<\/strong>.<\/p>\n<ul>\n<li><strong>Qui l&#8217;expedeix?<\/strong> L\u2019expedeix el Departament d\u2019Educaci\u00f3, amb pr\u00e8via sol\u00b7licitud, que s&#8217;haur\u00e0 d&#8217;emplenar a la secretaria del centre mitjan\u00e7ant l&#8217;impr\u00e8s\u00a0&#8220;Sol\u00b7licitud de t\u00edtol acad\u00e8mic i professional no universitari&#8221;,\u00a0personalment o per autoritzaci\u00f3, i abonament de les taxes corresponents (<strong>78,00 \u20ac<\/strong>) a qualsevol caixer de <strong>CaixaBank<\/strong> mitjan\u00e7ant targeta de cr\u00e8dit o de d\u00e8bit.<\/li>\n<li><strong>On s&#8217;ha de tramitar?<\/strong> La tramitaci\u00f3 s\u2019ha de fer a la secretaria de l&#8217;EOI, presencialment, i cal portar l&#8217;original i una fotoc\u00f2pia del DNI en vigor (impresa a una sola cara i sense retallar) i, si escau, el carnet vigent que eximeix del pagament parcial (39,00 \u20ac), per ser fam\u00edlia nombrosa general o monoparental, o total de la taxa, per ser fam\u00edlia nombrosa especial, per tenir una discapacitat igual o superior al 33 %, ser v\u00edctima d&#8217;actes terroristes o ser infant o adolescent en acolliment familiar.<\/li>\n<li><strong>On s&#8217;ha de pagar?<\/strong>\u00a0El pagament s&#8217;ha de fer a qualsevol caixer de <strong>CaixaBank<\/strong> amb un codi de barres que es lliura en el moment que es realitza el tr\u00e0mit.<\/li>\n<li><strong>Quan el puc sol\u00b7licitar?<\/strong><\/li>\n<\/ul>\n<p style=\"padding-left: 60px;\"><strong>Oficials<\/strong>: el per\u00edode per sol\u00b7licitar el T\u00edtol\/Certificat de\u00a0nivell intermedi B2,\u00a0per als\u00a0alumnes oficials, ser\u00e0\u00a0<strong> del 30 de juny al 4 de\u00a0 juliol<\/strong> o <strong>a partir del 16 d&#8217;octubre fins el 12 de desembre<\/strong>, de l&#8217;any que s&#8217;ha aprovat, <span style=\"color: #ff0000;\"><strong>AMB CITA PR\u00c8VIA<span style=\"color: #000000;\">\u00a0a la secretaria del centre <\/span><\/strong><span style=\"color: #000000;\"><span style=\"color: #808080;\">per correu electr\u00f2nic<\/span><\/span><\/span>.<\/p>\n<p style=\"padding-left: 60px;\"><strong> Lliures<\/strong>: el per\u00edode per sol\u00b7licitar el T\u00edtol\/Certificat de\u00a0nivell intermedi B2,\u00a0per als\u00a0alumnes lliures\u00a0APTES\u00a0(convocat\u00f2ria <strong>ORDIN\u00c0RIA<\/strong>, juny 2025), ser\u00e0 <strong>del 15 al 18 de juliol<\/strong>\u00a0o <strong>a partir del 16 d&#8217;octubre fins el 12 de desembre, <\/strong>de l&#8217;any que s&#8217;ha aprovat. S&#8217;haur\u00e0 de sol\u00b7licitar\u00a0<strong><span style=\"color: #ff0000;\">CITA PR\u00c8VIA<\/span>\u00a0<span style=\"color: #000000;\">a la secretaria del centre<\/span><\/strong><span style=\"color: #808080;\"> per correu electr\u00f2nic.<\/span><\/p>\n<p><strong>Un cop exhaurit el per\u00edode de sol\u00b7licitud de t\u00edtols, de l&#8217;any natural que s&#8217;ha aprovat, tamb\u00e9 es podr\u00e0 demanar, per\u00f2 s&#8217;haur\u00e0 de sol\u00b7licitar cita pr\u00e8via a secretaria i el tr\u00e0mit s&#8217;haur\u00e0 d&#8217;ajustar als per\u00edodes de sol\u00b7licitud establerts per l&#8217;escola.<\/strong><\/p>\n<ul>\n<li><strong>I el pas final?<\/strong> Una vegada pagades les taxes i recollit el resguard de pagament, amb el segell i la signatura de la secret\u00e0ria del centre, se us informar\u00e0 de l&#8217;arribada del t\u00edtol per correu postal perqu\u00e8 vingueu a recollir-lo i signar personalment el llibre de registre de recepci\u00f3 i lliurament de t\u00edtols, presentant el resguard de la sol\u00b7licitud del t\u00edtol, que s&#8217;haur\u00e0 de RETORNAR a la secretaria del centre, i l&#8217;original del DNI en vigor.<\/li>\n<li><strong>Atenci\u00f3!<\/strong> El resguard de la sol\u00b7licitud de t\u00edtol t\u00e9 els MATEIXOS EFECTES LEGALS QUE EL T\u00cdTOL ACAD\u00c8MIC mentre que aquest es tramita.<\/li>\n<\/ul>\n<p>Cal tenir en compte que\u00a0<strong>NO\u00a0es lliuraran t\u00edtols<\/strong> durant la segona quinzena de juliol, el mes de setembre, ni durant la primera quinzena d&#8217;octubre.<\/p>\n<p>Important per als alumnes que volen cursar el nivell C1: per formalitzar la matr\u00edcula al nivell C1 cal presentar el Certificat de nivell avan\u00e7at o el resguard d\u2019haver-lo sol\u00b7licitat.<\/p>\n<h3><span style=\"color: #ff6600;\"><strong>T\u00edtol\/Certificat de nivell avan\u00e7at C1<\/strong><\/span><\/h3>\n<p>El T\u00edtol\/Certificat de nivell avan\u00e7at C1 <strong>s&#8217;obt\u00e9 en aprovar aquest nivell<\/strong> (alumnes oficials).<\/p>\n<ul>\n<li><strong>Qui l&#8217;expedeix?\u00a0<\/strong>L\u2019expedeix el Departament d\u2019Educaci\u00f3, amb pr\u00e8via sol\u00b7licitud, que s&#8217;haur\u00e0 d&#8217;emplenar a la secretaria del centre mitjan\u00e7ant l&#8217;impr\u00e8s\u00a0&#8220;Sol\u00b7licitud de t\u00edtol acad\u00e8mic i professional no universitari&#8221;,\u00a0personalment o per autoritzaci\u00f3,\u00a0i abonament de les taxes corresponents (<strong>78,00 \u20ac<\/strong>) a qualsevol oficina de &#8220;La Caixa&#8221; mitjan\u00e7ant targeta de cr\u00e8dit o de d\u00e8bit.<\/li>\n<li><strong>On s&#8217;ha de tramitar?\u00a0<\/strong>La tramitaci\u00f3 s\u2019ha de fer a la secretaria de l&#8217;EOI, presencialment, i cal portar l&#8217;original i una fotoc\u00f2pia del DNI en vigor (impresa a una sola cara i sense retallar) i, si escau, el carnet vigent que eximeix del pagament parcial (39,00 \u20ac), per ser fam\u00edlia nombrosa general o monoparental, o total de la taxa, per ser fam\u00edlia nombrosa especial, per tenir una discapacitat igual o superior al 33 %, ser v\u00edctima d&#8217;actes terroristes o ser infant o adolescent en acolliment familiar.<\/li>\n<li><strong>On s&#8217;ha de pagar?\u00a0<\/strong>El pagament s&#8217;ha de fer a qualsevol caixer de <strong>CaixaBank<\/strong> amb un codi de barres que es lliura en el moment que es realitza el tr\u00e0mit.<\/li>\n<li><strong>Quan el puc sol\u00b7licitar?<\/strong><\/li>\n<\/ul>\n<p style=\"padding-left: 60px;\"><strong>Oficials<\/strong>: el per\u00edode per sol\u00b7licitar el T\u00edtol\/Certificat de\u00a0nivell C1,\u00a0per als\u00a0alumnes oficials, ser\u00e0<strong> del 30 de juny al 4 de juliol<\/strong> o <strong>a partir del 16 d&#8217;octubre fins el 12 de desembre<\/strong>, de l&#8217;any que s&#8217;ha aprovat, <strong><span style=\"color: #ff0000;\">AMB CITA PR\u00c8VIA<\/span><\/strong> <span style=\"color: #000000;\"><strong>a la secretaria del centre\u00a0<\/strong><span style=\"color: #808080;\">per correu electr\u00f2nic<\/span><\/span>.<\/p>\n<p style=\"padding-left: 60px;\"><strong>LLiures<\/strong>: el per\u00edode per sol\u00b7licitar el T\u00edtol\/Certificat de nivell C1, per als alumnes lliures APTES (convocat\u00f2ria ORDIN\u00c0RIA juny 2025), ser\u00e0 <strong>del 15 al 18 de juliol<\/strong>\u00a0o <strong>a partir 16 d&#8217;octubre fins el 12 de desembre<\/strong>, de l&#8217;any que s&#8217;ha aprovat,\u00a0<strong><span style=\"color: #ff0000;\">AMB CITA PR\u00c8VIA<\/span><\/strong> <span style=\"color: #000000;\"><strong>a la secretaria del centre<\/strong> <span style=\"color: #808080;\">per correu electr\u00f2nic<\/span><\/span><span style=\"color: #808080;\">.<\/span><\/p>\n<p><strong>Un cop exhaurit el per\u00edode de sol\u00b7licitud de t\u00edtols, de l&#8217;any natural que s&#8217;ha aprovat, tamb\u00e9 es podr\u00e0 demanar, per\u00f2 s&#8217;haur\u00e0 de sol\u00b7licitar cita pr\u00e8via a secretaria i el tr\u00e0mit s&#8217;haur\u00e0 d&#8217;ajustar als per\u00edodes de sol\u00b7licitud establerts per l&#8217;escola.<\/strong><\/p>\n<ul>\n<li><strong>I el pas final?\u00a0<\/strong>Una vegada pagades les taxes i recollit el resguard de pagament, amb el segell i la signatura de la secret\u00e0ria del centre, se us informar\u00e0 de l&#8217;arribada del t\u00edtol per correu postal perqu\u00e8 vingueu a recollir-lo i signar personalment el llibre de registre de recepci\u00f3 i lliurament de t\u00edtols, presentant el resguard de la sol\u00b7licitud del t\u00edtol, que s&#8217;haur\u00e0 de RETORNAR a la secretaria del centre, i l&#8217;original del DNI.<\/li>\n<li><strong>Atenci\u00f3!\u00a0<\/strong>El resguard de la sol\u00b7licitud de t\u00edtol t\u00e9 els\u00a0MATEIXOS EFECTES LEGALS QUE EL T\u00cdTOL ACAD\u00c8MIC\u00a0mentre que aquest es tramita.<\/li>\n<\/ul>\n<p>Cal tenir en compte que\u00a0<strong>NO\u00a0es lliuraran t\u00edtols<\/strong> durant la segona quinzena de juliol, el mes de setembre, ni durant la primera quinzena d&#8217;octubre.<\/p>\n<h3><span style=\"color: #ff6600;\"><strong>T\u00edtol\/Certificat de nivell avan\u00e7at C2 <\/strong><\/span><\/h3>\n<p><span style=\"color: #ff6600;\"><strong>(nom\u00e9s catal\u00e0)<\/strong><\/span><\/p>\n<p>El T\u00edtol\/Certificat de nivell avan\u00e7at C2 <strong>s&#8217;obt\u00e9 en aprovar aquest nivell<\/strong> (alumnes oficials).<\/p>\n<ul>\n<li><strong>Qui l&#8217;expedeix?\u00a0<\/strong>L\u2019expedeix el Departament d\u2019Educaci\u00f3, amb pr\u00e8via sol\u00b7licitud, que s&#8217;haur\u00e0 d&#8217;emplenar a la secretaria del centre mitjan\u00e7ant l&#8217;impr\u00e8s\u00a0&#8220;Sol\u00b7licitud de t\u00edtol acad\u00e8mic i professional no universitari&#8221;,\u00a0personalment o per autoritzaci\u00f3,\u00a0i abonament de les taxes corresponents (<strong>78,00 \u20ac<\/strong>) a qualsevol oficina de &#8220;La Caixa&#8221; mitjan\u00e7ant targeta de cr\u00e8dit o de d\u00e8bit.<\/li>\n<li><strong>On s&#8217;ha de tramitar?\u00a0<\/strong>La tramitaci\u00f3 s\u2019ha de fer a la secretaria de l&#8217;EOI, presencialment, i cal portar l&#8217;original i una fotoc\u00f2pia del DNI en vigor (impresa a una sola cara i sense retallar) i, si escau, el carnet vigent que eximeix del pagament parcial (39,00 \u20ac), per ser fam\u00edlia nombrosa general o monoparental, o total de la taxa, per ser fam\u00edlia nombrosa especial, per tenir una discapacitat igual o superior al 33 %, ser v\u00edctima d&#8217;actes terroristes o ser infant o adolescent en acolliment familiar.<\/li>\n<li><strong>On s&#8217;ha de pagar?\u00a0<\/strong>El pagament s&#8217;ha de fer a qualsevol caixer de <strong>CaixaBank<\/strong> amb un codi de barres que es lliura en el moment que es realitza el tr\u00e0mit.<\/li>\n<li><strong>Quan el puc sol\u00b7licitar?<\/strong><\/li>\n<\/ul>\n<p style=\"padding-left: 60px;\"><strong>Oficials<\/strong>: el per\u00edode per sol\u00b7licitar el T\u00edtol\/Certificat de nivell C2, per als alumnes oficials, ser\u00e0<strong> del 30 de juny al 4 de juliol<\/strong> o <strong>a partir del 16 d&#8217;octubre fins el 12 de desembre<\/strong>, de l&#8217;any que s&#8217;ha aprovat, <strong><span style=\"color: #ff0000;\">AMB CITA PR\u00c8VIA<\/span><\/strong> <span style=\"color: #000000;\"><strong>a la secretaria del centre\u00a0<\/strong><span style=\"color: #808080;\">per correu electr\u00f2nic<\/span><\/span>.<\/p>\n<p><strong>Un cop exhaurit el per\u00edode de sol\u00b7licitud de t\u00edtols, de l&#8217;any natural que s&#8217;ha aprovat, tamb\u00e9 es podr\u00e0 demanar, per\u00f2 s&#8217;haur\u00e0 de sol\u00b7licitar cita pr\u00e8via a secretaria i el tr\u00e0mit s&#8217;haur\u00e0 d&#8217;ajustar als per\u00edodes de sol\u00b7licitud establerts per l&#8217;escola.<\/strong><\/p>\n<ul>\n<li><strong>I el pas final?\u00a0<\/strong>Una vegada pagades les taxes i recollit el resguard de pagament, amb el segell i la signatura de la secret\u00e0ria del centre, se us informar\u00e0 de l&#8217;arribada del t\u00edtol per correu postal perqu\u00e8 vingueu a recollir-lo i signar personalment el llibre de registre de recepci\u00f3 i lliurament de t\u00edtols, presentant el resguard de la sol\u00b7licitud del t\u00edtol, que s&#8217;haur\u00e0 de RETORNAR a la secretaria del centre, i l&#8217;original del DNI.<\/li>\n<li><strong>Atenci\u00f3!\u00a0<\/strong>El resguard de la sol\u00b7licitud de t\u00edtol t\u00e9 els\u00a0MATEIXOS EFECTES LEGALS QUE EL T\u00cdTOL ACAD\u00c8MIC\u00a0mentre que aquest es tramita.<\/li>\n<\/ul>\n<p>Cal tenir en compte que\u00a0<strong>NO\u00a0es lliuraran t\u00edtols<\/strong> durant la segona quinzena de juliol, el mes de setembre, ni durant la primera quinzena d&#8217;octubre.<\/p>\n<h3><strong><span style=\"color: #ff6600;\">Altres certificats<\/span><\/strong><\/h3>\n<p>Els certificats<strong> s&#8217;han de demanar amb un\u00a0m\u00ednim d&#8217;una setmana d&#8217;antelaci\u00f3\u00a0mitjan\u00e7ant el\u00a0<a href=\"https:\/\/agora-eoi.xtec.cat\/eoiamposta\/wp-content\/uploads\/usu2961\/2018\/03\/sollicitudgeneral-1.pdf\">model de sol\u00b7licitud general<\/a>\u00a0i el DNI<\/strong>.<\/p>\n<p>No s&#8217;expedir\u00e0 ni es lliurar\u00e0 cap certificat durant el mes de setembre.<\/p>\n<h3><strong><span style=\"color: #ff6600;\">Autoritzacions a terceres persones <\/span><\/strong><\/h3>\n<h4><sub>L&#8217;EOI aconsella que cada alumne\/a tramiti o reculli personalment el seu certificat o t\u00edtol, per\u00f2 en el cas excepcional que no es pugui recollir personalment podr\u00e0 autoritzar a una altra persona, la qual, a m\u00e9s del seu DNI, haur\u00e0 de presentar la seg\u00fcent documentaci\u00f3:<\/sub><\/h4>\n<p>\u00b7\u00a0\u00a0\u00a0\u00a0\u00a0\u00a0\u00a0\u00a0 Document amb <strong>signatura original<\/strong> d&#8217;<a href=\"https:\/\/agora-eoi.xtec.cat\/eoiamposta\/wp-content\/uploads\/usu2961\/2018\/05\/autoritzacio-a-terceres-persones-1.pdf\"><strong>autoritzaci\u00f3 a terceres persones\u00a0<\/strong><\/a><\/p>\n<p>\u00b7\u00a0\u00a0\u00a0\u00a0\u00a0\u00a0\u00a0\u00a0 <span style=\"color: #ff0000;\"><strong>Original<\/strong><\/span>\u00a0del <span style=\"color: #ff0000;\"><strong>DNI<\/strong><\/span> del\/ la sol\u00b7licitant del certificat o t\u00edtol i de l&#8217;autoritzat\/da.<\/p>\n<p>Al document acreditatiu de l&#8217;autoritzaci\u00f3 hi haur\u00e0 de constar el nom, cognoms i n\u00famero de DNI tant de l&#8217;interessat\/da com de la persona autoritzada, <strong>els quals signaran el document<\/strong>, que expressar\u00e0 que l&#8217;objecte de l&#8217;autoritzaci\u00f3 \u00e9s tramitar o recollir a la secretaria del centre l&#8217;esmentat certificat o t\u00edtol. Cal emplenar-lo amb bol\u00edgraf blau.<\/p>\n<p>&nbsp;<\/p>\n","protected":false},"excerpt":{"rendered":"<p>L&#8217;EOI d&#8217;Amposta o el Departament d&#8217;Educaci\u00f3 expedeixen els seg\u00fcents certificats: Certificat de nivell b\u00e0sic A2 que es correspon amb el nivell A2 del Marc europeu com\u00fa de refer\u00e8ncia per a les lleng\u00fces, del Consell d&#8217;Europa (MERC). Certificat de nivell intermedi B1 que es correspon amb el nivell B1 del Marc europeu com\u00fa de refer\u00e8ncia per [&hellip;]<\/p>\n","protected":false},"author":1,"featured_media":468,"parent":0,"menu_order":0,"comment_status":"closed","ping_status":"closed","template":"","meta":{"_bbp_topic_count":0,"_bbp_reply_count":0,"_bbp_total_topic_count":0,"_bbp_total_reply_count":0,"_bbp_voice_count":0,"_bbp_anonymous_reply_count":0,"_bbp_topic_count_hidden":0,"_bbp_reply_count_hidden":0,"_bbp_forum_subforum_count":0,"site-sidebar-layout":"default","site-content-layout":"","ast-site-content-layout":"default","site-content-style":"default","site-sidebar-style":"default","ast-global-header-display":"","ast-banner-title-visibility":"","ast-main-header-display":"","ast-hfb-above-header-display":"","ast-hfb-below-header-display":"","ast-hfb-mobile-header-display":"","site-post-title":"","ast-breadcrumbs-content":"","ast-featured-img":"","footer-sml-layout":"","theme-transparent-header-meta":"default","adv-header-id-meta":"","stick-header-meta":"","header-above-stick-meta":"","header-main-stick-meta":"","header-below-stick-meta":"","astra-migrate-meta-layouts":"set","ast-page-background-enabled":"default","ast-page-background-meta":{"desktop":{"background-color":"var(--ast-global-color-4)","background-image":"","background-repeat":"repeat","background-position":"center center","background-size":"auto","background-attachment":"scroll","background-type":"","background-media":"","overlay-type":"","overlay-color":"","overlay-opacity":"","overlay-gradient":""},"tablet":{"background-color":"","background-image":"","background-repeat":"repeat","background-position":"center center","background-size":"auto","background-attachment":"scroll","background-type":"","background-media":"","overlay-type":"","overlay-color":"","overlay-opacity":"","overlay-gradient":""},"mobile":{"background-color":"","background-image":"","background-repeat":"repeat","background-position":"center center","background-size":"auto","background-attachment":"scroll","background-type":"","background-media":"","overlay-type":"","overlay-color":"","overlay-opacity":"","overlay-gradient":""}},"ast-content-background-meta":{"desktop":{"background-color":"var(--ast-global-color-5)","background-image":"","background-repeat":"repeat","background-position":"center center","background-size":"auto","background-attachment":"scroll","background-type":"","background-media":"","overlay-type":"","overlay-color":"","overlay-opacity":"","overlay-gradient":""},"tablet":{"background-color":"var(--ast-global-color-5)","background-image":"","background-repeat":"repeat","background-position":"center center","background-size":"auto","background-attachment":"scroll","background-type":"","background-media":"","overlay-type":"","overlay-color":"","overlay-opacity":"","overlay-gradient":""},"mobile":{"background-color":"var(--ast-global-color-5)","background-image":"","background-repeat":"repeat","background-position":"center center","background-size":"auto","background-attachment":"scroll","background-type":"","background-media":"","overlay-type":"","overlay-color":"","overlay-opacity":"","overlay-gradient":""}},"footnotes":""},"class_list":["post-270","page","type-page","status-publish","has-post-thumbnail","hentry"],"post_mailing_queue_ids":[],"_links":{"self":[{"href":"https:\/\/agora-eoi.xtec.cat\/eoiamposta\/wp-json\/wp\/v2\/pages\/270","targetHints":{"allow":["GET"]}}],"collection":[{"href":"https:\/\/agora-eoi.xtec.cat\/eoiamposta\/wp-json\/wp\/v2\/pages"}],"about":[{"href":"https:\/\/agora-eoi.xtec.cat\/eoiamposta\/wp-json\/wp\/v2\/types\/page"}],"author":[{"embeddable":true,"href":"https:\/\/agora-eoi.xtec.cat\/eoiamposta\/wp-json\/wp\/v2\/users\/1"}],"replies":[{"embeddable":true,"href":"https:\/\/agora-eoi.xtec.cat\/eoiamposta\/wp-json\/wp\/v2\/comments?post=270"}],"version-history":[{"count":5,"href":"https:\/\/agora-eoi.xtec.cat\/eoiamposta\/wp-json\/wp\/v2\/pages\/270\/revisions"}],"predecessor-version":[{"id":10439,"href":"https:\/\/agora-eoi.xtec.cat\/eoiamposta\/wp-json\/wp\/v2\/pages\/270\/revisions\/10439"}],"wp:featuredmedia":[{"embeddable":true,"href":"https:\/\/agora-eoi.xtec.cat\/eoiamposta\/wp-json\/wp\/v2\/media\/468"}],"wp:attachment":[{"href":"https:\/\/agora-eoi.xtec.cat\/eoiamposta\/wp-json\/wp\/v2\/media?parent=270"}],"curies":[{"name":"wp","href":"https:\/\/api.w.org\/{rel}","templated":true}]}}