{"id":259,"date":"2018-01-15T17:08:32","date_gmt":"2018-01-15T17:08:32","guid":{"rendered":"http:\/\/eoiamposta.cat\/?page_id=259"},"modified":"2018-01-15T17:08:32","modified_gmt":"2018-01-15T17:08:32","slug":"trasllat-dexpedient","status":"publish","type":"page","link":"https:\/\/agora-eoi.xtec.cat\/eoiamposta\/trasllat-dexpedient\/","title":{"rendered":"Trasllat d&#8217;expedient"},"content":{"rendered":"<p><strong>Trasllats d&#8217;expedients a altres EOIs abans de comen\u00e7ar el curs acad\u00e8mic<\/strong><\/p>\n<p>Els alumnes que tenen algun o tots els cursos d&#8217;un idioma cursats a una altra EOI tenen un expedient obert a aquella EOI. El trasllat d&#8217;expedient \u00e9s obligatori quan l&#8217;alumne\/a es matricula a una altra EOI on no t\u00e9 expedient obert de l&#8217;idioma del qual es matricula. Aquest expedient d\u00f3na informaci\u00f3 sobre les convocat\u00f2ries que ha usat l&#8217;alumne\/a. El trasllat d&#8217;expedient es <a href=\"https:\/\/agora-eoi.xtec.cat\/eoiamposta\/wp-content\/uploads\/usu2961\/2018\/09\/Sol_trasllat_expedient.pdf\">sol\u00b7licita amb un formulari a la Secretaria del centre de destinaci\u00f3<\/a> que posteriorment el demanar\u00e0 a l&#8217;EOI d&#8217;origen.<\/p>\n<p><strong>Entrades<\/strong>: Els alumnes procedents d&#8217;una altra escola que vulguin matricular-se a l&#8217;EOI d&#8217;Amposta s&#8217;hauran de preinscriure, anar a sorteig i, si obtenen pla\u00e7a, sol\u00b7licitar el trasllat a l&#8217;EOI d&#8217;Amposta, la qual demanar\u00e0 el trasllat d&#8217;expedient a l&#8217;EOI d&#8217;origen.<\/p>\n<p><strong>Sortides<\/strong>: Els alumnes de l&#8217;EOI d&#8217;Amposta que vulguin matricular-se a una altra EOI s&#8217;hauran de preinscriure a l&#8217;EOI de dest\u00ed, fer el sorteig i, si obtenen pla\u00e7a, demanar el trasllat a l&#8217;EOI de dest\u00ed, la qual demanar\u00e0 el trasllat a l&#8217;EOI d&#8217;Amposta.<\/p>\n","protected":false},"excerpt":{"rendered":"<p>Trasllats d&#8217;expedients a altres EOIs abans de comen\u00e7ar el curs acad\u00e8mic Els alumnes que tenen algun o tots els cursos d&#8217;un idioma cursats a una altra EOI tenen un expedient obert a aquella EOI. El trasllat d&#8217;expedient \u00e9s obligatori quan l&#8217;alumne\/a es matricula a una altra EOI on no t\u00e9 expedient obert de l&#8217;idioma del [&hellip;]<\/p>\n","protected":false},"author":1,"featured_media":0,"parent":0,"menu_order":0,"comment_status":"closed","ping_status":"closed","template":"","meta":{"_bbp_topic_count":0,"_bbp_reply_count":0,"_bbp_total_topic_count":0,"_bbp_total_reply_count":0,"_bbp_voice_count":0,"_bbp_anonymous_reply_count":0,"_bbp_topic_count_hidden":0,"_bbp_reply_count_hidden":0,"_bbp_forum_subforum_count":0,"site-sidebar-layout":"default","site-content-layout":"","ast-site-content-layout":"","site-content-style":"default","site-sidebar-style":"default","ast-global-header-display":"","ast-banner-title-visibility":"","ast-main-header-display":"","ast-hfb-above-header-display":"","ast-hfb-below-header-display":"","ast-hfb-mobile-header-display":"","site-post-title":"","ast-breadcrumbs-content":"","ast-featured-img":"","footer-sml-layout":"","theme-transparent-header-meta":"","adv-header-id-meta":"","stick-header-meta":"","header-above-stick-meta":"","header-main-stick-meta":"","header-below-stick-meta":"","astra-migrate-meta-layouts":"default","ast-page-background-enabled":"default","ast-page-background-meta":{"desktop":{"background-color":"var(--ast-global-color-4)","background-image":"","background-repeat":"repeat","background-position":"center center","background-size":"auto","background-attachment":"scroll","background-type":"","background-media":"","overlay-type":"","overlay-color":"","overlay-opacity":"","overlay-gradient":""},"tablet":{"background-color":"","background-image":"","background-repeat":"repeat","background-position":"center center","background-size":"auto","background-attachment":"scroll","background-type":"","background-media":"","overlay-type":"","overlay-color":"","overlay-opacity":"","overlay-gradient":""},"mobile":{"background-color":"","background-image":"","background-repeat":"repeat","background-position":"center center","background-size":"auto","background-attachment":"scroll","background-type":"","background-media":"","overlay-type":"","overlay-color":"","overlay-opacity":"","overlay-gradient":""}},"ast-content-background-meta":{"desktop":{"background-color":"var(--ast-global-color-5)","background-image":"","background-repeat":"repeat","background-position":"center center","background-size":"auto","background-attachment":"scroll","background-type":"","background-media":"","overlay-type":"","overlay-color":"","overlay-opacity":"","overlay-gradient":""},"tablet":{"background-color":"var(--ast-global-color-5)","background-image":"","background-repeat":"repeat","background-position":"center center","background-size":"auto","background-attachment":"scroll","background-type":"","background-media":"","overlay-type":"","overlay-color":"","overlay-opacity":"","overlay-gradient":""},"mobile":{"background-color":"var(--ast-global-color-5)","background-image":"","background-repeat":"repeat","background-position":"center center","background-size":"auto","background-attachment":"scroll","background-type":"","background-media":"","overlay-type":"","overlay-color":"","overlay-opacity":"","overlay-gradient":""}},"footnotes":""},"class_list":["post-259","page","type-page","status-publish","hentry"],"post_mailing_queue_ids":[],"_links":{"self":[{"href":"https:\/\/agora-eoi.xtec.cat\/eoiamposta\/wp-json\/wp\/v2\/pages\/259","targetHints":{"allow":["GET"]}}],"collection":[{"href":"https:\/\/agora-eoi.xtec.cat\/eoiamposta\/wp-json\/wp\/v2\/pages"}],"about":[{"href":"https:\/\/agora-eoi.xtec.cat\/eoiamposta\/wp-json\/wp\/v2\/types\/page"}],"author":[{"embeddable":true,"href":"https:\/\/agora-eoi.xtec.cat\/eoiamposta\/wp-json\/wp\/v2\/users\/1"}],"replies":[{"embeddable":true,"href":"https:\/\/agora-eoi.xtec.cat\/eoiamposta\/wp-json\/wp\/v2\/comments?post=259"}],"version-history":[{"count":0,"href":"https:\/\/agora-eoi.xtec.cat\/eoiamposta\/wp-json\/wp\/v2\/pages\/259\/revisions"}],"wp:attachment":[{"href":"https:\/\/agora-eoi.xtec.cat\/eoiamposta\/wp-json\/wp\/v2\/media?parent=259"}],"curies":[{"name":"wp","href":"https:\/\/api.w.org\/{rel}","templated":true}]}}