{"id":1484,"date":"2019-09-16T08:11:55","date_gmt":"2019-09-16T08:11:55","guid":{"rendered":"http:\/\/eoiamposta.cat\/?page_id=1484"},"modified":"2026-04-15T17:37:29","modified_gmt":"2026-04-15T15:37:29","slug":"beques","status":"publish","type":"page","link":"https:\/\/agora-eoi.xtec.cat\/eoiamposta\/beques\/","title":{"rendered":"Beques"},"content":{"rendered":"<p>&nbsp;<\/p>\n<p><strong><span class=\"il\">Beques<\/span> d\u2019ensenyaments postobligatoris del 07\/04\/2026 al 18\/05\/2026<\/strong><\/p>\n<p><a href=\"https:\/\/tramits.gencat.cat\/ca\/tramits\/tramits-temes\/beques-estudis-no-universitaris?moda=1\">Beques per a ensenyaments postobligatoris no universitaris<\/a><\/p>\n<table class=\"taula_base table\" style=\"width: 95.8469%; height: 271px;\" aria-describedby=\"descripciotaula\">\n<thead>\n<tr>\n<th>Estudis<\/th>\n<th>Llindars<\/th>\n<th>Tipus de beca<\/th>\n<th>Import (\u20ac)<\/th>\n<\/tr>\n<\/thead>\n<tbody>\n<tr>\n<td>Cicles formatius de grau b\u00e0sic<\/td>\n<td rowspan=\"3\"><strong>1-2-3<\/strong><\/td>\n<td rowspan=\"3\"><strong>Beca b\u00e0sica + variable m\u00ednima<\/strong><\/td>\n<td rowspan=\"3\"><strong>300 + 60<\/strong><\/td>\n<\/tr>\n<tr>\n<td><strong>Estudis d&#8217;idiomes en escoles oficials (inclosa la modalitat de dist\u00e0ncia)<\/strong><\/td>\n<\/tr>\n<tr>\n<td>Cursos d&#8217;acc\u00e9s i cursos de preparaci\u00f3 per a les proves d&#8217;acc\u00e9s a la formaci\u00f3 professional i cursos de formaci\u00f3 espec\u00edfics per a l&#8217;acc\u00e9s als cicles de grau mitj\u00e0 i de grau superior (en centres p\u00fablics i en privats concertats que tinguin autoritzats estudis de formaci\u00f3 professional)<\/td>\n<\/tr>\n<\/tbody>\n<\/table>\n<p><strong>Beques per a NEE (fora termini)<\/strong><\/p>\n<p>Ajuts per a alumnes amb necessitat espec\u00edfica de suport educatiu<\/p>\n","protected":false},"excerpt":{"rendered":"<p>&nbsp; Beques d\u2019ensenyaments postobligatoris del 07\/04\/2026 al 18\/05\/2026 Beques per a ensenyaments postobligatoris no universitaris Estudis Llindars Tipus de beca Import (\u20ac) Cicles formatius de grau b\u00e0sic 1-2-3 Beca b\u00e0sica + variable m\u00ednima 300 + 60 Estudis d&#8217;idiomes en escoles oficials (inclosa la modalitat de dist\u00e0ncia) Cursos d&#8217;acc\u00e9s i cursos de preparaci\u00f3 per a les [&hellip;]<\/p>\n","protected":false},"author":1,"featured_media":0,"parent":0,"menu_order":0,"comment_status":"closed","ping_status":"closed","template":"","meta":{"_bbp_topic_count":0,"_bbp_reply_count":0,"_bbp_total_topic_count":0,"_bbp_total_reply_count":0,"_bbp_voice_count":0,"_bbp_anonymous_reply_count":0,"_bbp_topic_count_hidden":0,"_bbp_reply_count_hidden":0,"_bbp_forum_subforum_count":0,"site-sidebar-layout":"default","site-content-layout":"","ast-site-content-layout":"default","site-content-style":"default","site-sidebar-style":"default","ast-global-header-display":"","ast-banner-title-visibility":"","ast-main-header-display":"","ast-hfb-above-header-display":"","ast-hfb-below-header-display":"","ast-hfb-mobile-header-display":"","site-post-title":"","ast-breadcrumbs-content":"","ast-featured-img":"","footer-sml-layout":"","theme-transparent-header-meta":"default","adv-header-id-meta":"","stick-header-meta":"","header-above-stick-meta":"","header-main-stick-meta":"","header-below-stick-meta":"","astra-migrate-meta-layouts":"set","ast-page-background-enabled":"default","ast-page-background-meta":{"desktop":{"background-color":"var(--ast-global-color-4)","background-image":"","background-repeat":"repeat","background-position":"center center","background-size":"auto","background-attachment":"scroll","background-type":"","background-media":"","overlay-type":"","overlay-color":"","overlay-opacity":"","overlay-gradient":""},"tablet":{"background-color":"","background-image":"","background-repeat":"repeat","background-position":"center center","background-size":"auto","background-attachment":"scroll","background-type":"","background-media":"","overlay-type":"","overlay-color":"","overlay-opacity":"","overlay-gradient":""},"mobile":{"background-color":"","background-image":"","background-repeat":"repeat","background-position":"center center","background-size":"auto","background-attachment":"scroll","background-type":"","background-media":"","overlay-type":"","overlay-color":"","overlay-opacity":"","overlay-gradient":""}},"ast-content-background-meta":{"desktop":{"background-color":"var(--ast-global-color-5)","background-image":"","background-repeat":"repeat","background-position":"center center","background-size":"auto","background-attachment":"scroll","background-type":"","background-media":"","overlay-type":"","overlay-color":"","overlay-opacity":"","overlay-gradient":""},"tablet":{"background-color":"var(--ast-global-color-5)","background-image":"","background-repeat":"repeat","background-position":"center center","background-size":"auto","background-attachment":"scroll","background-type":"","background-media":"","overlay-type":"","overlay-color":"","overlay-opacity":"","overlay-gradient":""},"mobile":{"background-color":"var(--ast-global-color-5)","background-image":"","background-repeat":"repeat","background-position":"center center","background-size":"auto","background-attachment":"scroll","background-type":"","background-media":"","overlay-type":"","overlay-color":"","overlay-opacity":"","overlay-gradient":""}},"footnotes":""},"class_list":["post-1484","page","type-page","status-publish","hentry"],"post_mailing_queue_ids":[],"_links":{"self":[{"href":"https:\/\/agora-eoi.xtec.cat\/eoiamposta\/wp-json\/wp\/v2\/pages\/1484","targetHints":{"allow":["GET"]}}],"collection":[{"href":"https:\/\/agora-eoi.xtec.cat\/eoiamposta\/wp-json\/wp\/v2\/pages"}],"about":[{"href":"https:\/\/agora-eoi.xtec.cat\/eoiamposta\/wp-json\/wp\/v2\/types\/page"}],"author":[{"embeddable":true,"href":"https:\/\/agora-eoi.xtec.cat\/eoiamposta\/wp-json\/wp\/v2\/users\/1"}],"replies":[{"embeddable":true,"href":"https:\/\/agora-eoi.xtec.cat\/eoiamposta\/wp-json\/wp\/v2\/comments?post=1484"}],"version-history":[{"count":2,"href":"https:\/\/agora-eoi.xtec.cat\/eoiamposta\/wp-json\/wp\/v2\/pages\/1484\/revisions"}],"predecessor-version":[{"id":10550,"href":"https:\/\/agora-eoi.xtec.cat\/eoiamposta\/wp-json\/wp\/v2\/pages\/1484\/revisions\/10550"}],"wp:attachment":[{"href":"https:\/\/agora-eoi.xtec.cat\/eoiamposta\/wp-json\/wp\/v2\/media?parent=1484"}],"curies":[{"name":"wp","href":"https:\/\/api.w.org\/{rel}","templated":true}]}}