{"id":10590,"date":"2026-06-10T12:31:21","date_gmt":"2026-06-10T10:31:21","guid":{"rendered":"https:\/\/agora-eoi.xtec.cat\/eoiamposta\/?page_id=10590"},"modified":"2026-09-02T11:34:25","modified_gmt":"2026-09-02T09:34:25","slug":"test-de-nivell","status":"publish","type":"page","link":"https:\/\/agora-eoi.xtec.cat\/eoiamposta\/test-de-nivell\/","title":{"rendered":"Test de nivell"},"content":{"rendered":"<h2><strong>Test de Nivell<\/strong>\u00a0(nom\u00e9s per als alumnes que hagin triat aquesta opci\u00f3)<\/h2>\n<p>&nbsp;<\/p>\n<p class=\"ng-star-inserted\"><strong class=\"ng-star-inserted\"><span class=\"ng-star-inserted\">NOVETAT!<\/span><\/strong><\/p>\n<ul class=\"ng-star-inserted\">\n<li class=\"ng-star-inserted\">\n<p class=\"ng-star-inserted\"><strong class=\"ng-star-inserted\"><span class=\"ng-star-inserted\">Proves de nivell\u00a0<\/span><\/strong><strong><span class=\"ng-star-inserted\">escrites<\/span><\/strong><strong class=\"ng-star-inserted\"><span class=\"ng-star-inserted\">\u00a0en l\u00ednia ANGL\u00c8S I FRANC\u00c8S<\/span><\/strong><\/p>\n<\/li>\n<li>El per\u00edode de test de nivell s\u2019inicia en el moment de fer la preinscripci\u00f3 (dia 31 d&#8217;agost) i <strong>fins al dia 9 <\/strong><strong>de setembre a les 17.00 h<\/strong>.<\/li>\n<li class=\"ng-star-inserted\">\n<ul class=\"ng-star-inserted\">\n<li class=\"ng-star-inserted\">\n<p class=\"ng-star-inserted\"><strong class=\"ng-star-inserted\"><span class=\"ng-star-inserted\">Proves de nivell orals (presencials) nom\u00e9s per a alumnes amb acc\u00e9s a NIVELL B2.1 o superior:<\/span><\/strong><span class=\"ng-star-inserted\">\u00a09 de setembre (18:00 h) o 10 de setembre (10:00 h).\u00a0<\/span><span class=\"ng-star-inserted\">Reserveu aquestes dates en cas que hagueu de validar el vostre nivell.<\/span><\/p>\n<\/li>\n<li class=\"ng-star-inserted\">\n<p class=\"ng-star-inserted\">Consistir\u00e0 en una entrevista presencial de 5 minuts per acabar de validar el nivell de l\u2019idioma de l\u2019alumnat.<\/p>\n<\/li>\n<li class=\"ng-star-inserted\">\n<p class=\"ng-star-inserted\"><strong>IMPORTANT! TEST DE NIVELL DE CATAL\u00c0 (PRESENCIAL!)<\/strong><\/p>\n<ul>\n<li>Es realitzaran proves els dies\u00a0<strong>9 de setembre a les 17:00 h i el dia 10 de setembre a les 10:00 h<\/strong>.<\/li>\n<\/ul>\n<\/li>\n<\/ul>\n<\/li>\n<\/ul>\n<ul>\n<li style=\"list-style-type: none;\"><\/li>\n<\/ul>\n<p><a href=\"https:\/\/agora-eoi.xtec.cat\/eoiamposta\/wp-content\/uploads\/usu2961\/2025\/07\/Equivalencies-titols-acreditatius-llengues-extrangeres.pdf\">RESOLUCI\u00d3 certificats i diplomes que acrediten compet\u00e8ncia en llengua estrangera de nivell B1 o superior, segons el Marc europeu com\u00fa de refer\u00e8ncia per a les lleng\u00fces (MECR)<\/a><\/p>\n<p class=\"basic_title col-sm-12 pd-10\"><strong>Test de nivell en l\u00ednia\u00a0<\/strong><\/p>\n<div class=\"col-xs-12 columna_esquerra\">\n<div class=\"cos_bloc basic_text_peq pd-15\">\n<p>La prova consisteix en un test de preguntes d\u2019opci\u00f3 m\u00faltiple repartides en tres blocs de preguntes. El primer bloc avalua l\u2019\u00fas de la llengua, el segon i el tercer bloc avaluen l\u2019\u00fas de la llengua i la comprensi\u00f3 oral. Tamb\u00e9 hi haur\u00e0 una petita prova escrita si el nivell supera el nivell B1. La dificultat de les preguntes augmenta progressivament. En acabar cada bloc els alumnes coneixeran el curs al qual han estat assignats i, segons el resultat obtingut, se\u2019ls permetr\u00e0 continuar al bloc seg\u00fcent, si \u00e9s el cas. L\u2019alumnat al qual se li ofereixi la possibilitat de continuar al bloc seg\u00fcent, podr\u00e0 rebutjar-ho i quedar-se amb l\u2019assignaci\u00f3 obtinguda al bloc anterior, si aix\u00ed ho vol.<\/p>\n<p>La durada del primer bloc \u00e9s de 45 minuts, la del segon bloc \u00e9s de 30 minuts i la del tercer \u00e9s de 35 minuts.<\/p>\n<p>&nbsp;<\/p>\n<p>&nbsp;<\/p>\n<p>&nbsp;<\/p>\n<\/div>\n<\/div>\n","protected":false},"excerpt":{"rendered":"<p>Test de Nivell\u00a0(nom\u00e9s per als alumnes que hagin triat aquesta opci\u00f3) &nbsp; NOVETAT! Proves de nivell\u00a0escrites\u00a0en l\u00ednia ANGL\u00c8S I FRANC\u00c8S El per\u00edode de test de nivell s\u2019inicia en el moment de fer la preinscripci\u00f3 (dia 31 d&#8217;agost) i fins al dia 9 de setembre a les 17.00 h. Proves de nivell orals (presencials) nom\u00e9s per [&hellip;]<\/p>\n","protected":false},"author":1,"featured_media":0,"parent":0,"menu_order":0,"comment_status":"closed","ping_status":"closed","template":"","meta":{"_bbp_topic_count":0,"_bbp_reply_count":0,"_bbp_total_topic_count":0,"_bbp_total_reply_count":0,"_bbp_voice_count":0,"_bbp_anonymous_reply_count":0,"_bbp_topic_count_hidden":0,"_bbp_reply_count_hidden":0,"_bbp_forum_subforum_count":0,"site-sidebar-layout":"default","site-content-layout":"","ast-site-content-layout":"default","site-content-style":"default","site-sidebar-style":"default","ast-global-header-display":"","ast-banner-title-visibility":"","ast-main-header-display":"","ast-hfb-above-header-display":"","ast-hfb-below-header-display":"","ast-hfb-mobile-header-display":"","site-post-title":"","ast-breadcrumbs-content":"","ast-featured-img":"","footer-sml-layout":"","theme-transparent-header-meta":"default","adv-header-id-meta":"","stick-header-meta":"","header-above-stick-meta":"","header-main-stick-meta":"","header-below-stick-meta":"","astra-migrate-meta-layouts":"set","ast-page-background-enabled":"default","ast-page-background-meta":{"desktop":{"background-color":"var(--ast-global-color-4)","background-image":"","background-repeat":"repeat","background-position":"center center","background-size":"auto","background-attachment":"scroll","background-type":"","background-media":"","overlay-type":"","overlay-color":"","overlay-opacity":"","overlay-gradient":""},"tablet":{"background-color":"","background-image":"","background-repeat":"repeat","background-position":"center center","background-size":"auto","background-attachment":"scroll","background-type":"","background-media":"","overlay-type":"","overlay-color":"","overlay-opacity":"","overlay-gradient":""},"mobile":{"background-color":"","background-image":"","background-repeat":"repeat","background-position":"center center","background-size":"auto","background-attachment":"scroll","background-type":"","background-media":"","overlay-type":"","overlay-color":"","overlay-opacity":"","overlay-gradient":""}},"ast-content-background-meta":{"desktop":{"background-color":"var(--ast-global-color-5)","background-image":"","background-repeat":"repeat","background-position":"center center","background-size":"auto","background-attachment":"scroll","background-type":"","background-media":"","overlay-type":"","overlay-color":"","overlay-opacity":"","overlay-gradient":""},"tablet":{"background-color":"var(--ast-global-color-5)","background-image":"","background-repeat":"repeat","background-position":"center center","background-size":"auto","background-attachment":"scroll","background-type":"","background-media":"","overlay-type":"","overlay-color":"","overlay-opacity":"","overlay-gradient":""},"mobile":{"background-color":"var(--ast-global-color-5)","background-image":"","background-repeat":"repeat","background-position":"center center","background-size":"auto","background-attachment":"scroll","background-type":"","background-media":"","overlay-type":"","overlay-color":"","overlay-opacity":"","overlay-gradient":""}},"footnotes":""},"class_list":["post-10590","page","type-page","status-publish","hentry"],"post_mailing_queue_ids":[],"_links":{"self":[{"href":"https:\/\/agora-eoi.xtec.cat\/eoiamposta\/wp-json\/wp\/v2\/pages\/10590","targetHints":{"allow":["GET"]}}],"collection":[{"href":"https:\/\/agora-eoi.xtec.cat\/eoiamposta\/wp-json\/wp\/v2\/pages"}],"about":[{"href":"https:\/\/agora-eoi.xtec.cat\/eoiamposta\/wp-json\/wp\/v2\/types\/page"}],"author":[{"embeddable":true,"href":"https:\/\/agora-eoi.xtec.cat\/eoiamposta\/wp-json\/wp\/v2\/users\/1"}],"replies":[{"embeddable":true,"href":"https:\/\/agora-eoi.xtec.cat\/eoiamposta\/wp-json\/wp\/v2\/comments?post=10590"}],"version-history":[{"count":4,"href":"https:\/\/agora-eoi.xtec.cat\/eoiamposta\/wp-json\/wp\/v2\/pages\/10590\/revisions"}],"predecessor-version":[{"id":10749,"href":"https:\/\/agora-eoi.xtec.cat\/eoiamposta\/wp-json\/wp\/v2\/pages\/10590\/revisions\/10749"}],"wp:attachment":[{"href":"https:\/\/agora-eoi.xtec.cat\/eoiamposta\/wp-json\/wp\/v2\/media?parent=10590"}],"curies":[{"name":"wp","href":"https:\/\/api.w.org\/{rel}","templated":true}]}}

<h2><strong>Test de Nivell</strong> (només per als alumnes que hagin triat aquesta opció)</h2>
<p>&nbsp;</p>
<p class="ng-star-inserted"><strong class="ng-star-inserted"><span class="ng-star-inserted">NOVETAT!</span></strong></p>
<ul class="ng-star-inserted">
<li class="ng-star-inserted">
<p class="ng-star-inserted"><strong class="ng-star-inserted"><span class="ng-star-inserted">Proves de nivell </span></strong><strong><span class="ng-star-inserted">escrites</span></strong><strong class="ng-star-inserted"><span class="ng-star-inserted"> en línia ANGLÈS I FRANCÈS</span></strong></p>
</li>
<li>El període de test de nivell s’inicia en el moment de fer la preinscripció (dia 31 d&#8217;agost) i <strong>fins al dia 9 </strong><strong>de setembre a les 17.00 h</strong>.</li>
<li class="ng-star-inserted">
<ul class="ng-star-inserted">
<li class="ng-star-inserted">
<p class="ng-star-inserted"><strong class="ng-star-inserted"><span class="ng-star-inserted">Proves de nivell orals (presencials) només per a alumnes amb accés a NIVELL B2.1 o superior:</span></strong><span class="ng-star-inserted"> 9 de setembre (18:00 h) o 10 de setembre (10:00 h). </span><span class="ng-star-inserted">Reserveu aquestes dates en cas que hagueu de validar el vostre nivell.</span></p>
</li>
<li class="ng-star-inserted">
<p class="ng-star-inserted">Consistirà en una entrevista presencial de 5 minuts per acabar de validar el nivell de l’idioma de l’alumnat.</p>
</li>
<li class="ng-star-inserted">
<p class="ng-star-inserted"><strong>IMPORTANT! TEST DE NIVELL DE CATALÀ (PRESENCIAL!)</strong></p>
<ul>
<li>Es realitzaran proves els dies <strong>9 de setembre a les 17:00 h i el dia 10 de setembre a les 10:00 h</strong>.</li>
</ul>
</li>
</ul>
</li>
</ul>
<ul>
<li style="list-style-type: none;"></li>
</ul>
<p><a href="https://agora-eoi.xtec.cat/eoiamposta/wp-content/uploads/usu2961/2025/07/Equivalencies-titols-acreditatius-llengues-extrangeres.pdf">RESOLUCIÓ certificats i diplomes que acrediten competència en llengua estrangera de nivell B1 o superior, segons el Marc europeu comú de referència per a les llengües (MECR)</a></p>
<p class="basic_title col-sm-12 pd-10"><strong>Test de nivell en línia </strong></p>
<div class="col-xs-12 columna_esquerra">
<div class="cos_bloc basic_text_peq pd-15">
<p>La prova consisteix en un test de preguntes d’opció múltiple repartides en tres blocs de preguntes. El primer bloc avalua l’ús de la llengua, el segon i el tercer bloc avaluen l’ús de la llengua i la comprensió oral. També hi haurà una petita prova escrita si el nivell supera el nivell B1. La dificultat de les preguntes augmenta progressivament. En acabar cada bloc els alumnes coneixeran el curs al qual han estat assignats i, segons el resultat obtingut, se’ls permetrà continuar al bloc següent, si és el cas. L’alumnat al qual se li ofereixi la possibilitat de continuar al bloc següent, podrà rebutjar-ho i quedar-se amb l’assignació obtinguda al bloc anterior, si així ho vol.</p>
<p>La durada del primer bloc és de 45 minuts, la del segon bloc és de 30 minuts i la del tercer és de 35 minuts.</p>
<p>&nbsp;</p>
<p>&nbsp;</p>
<p>&nbsp;</p>
</div>
</div>

<p>Test de Nivell (només per als alumnes que hagin triat aquesta opció) &nbsp; NOVETAT! Proves de nivell escrites en línia ANGLÈS I FRANCÈS El període de test de nivell s’inicia en el moment de fer la preinscripció (dia 31 d&#8217;agost) i fins al dia 9 de setembre a les 17.00 h. Proves de nivell orals (presencials) només per [&hellip;]</p>
