{"id":8414,"date":"2016-06-14T14:55:48","date_gmt":"2016-06-14T13:55:48","guid":{"rendered":"http:\/\/agora-eoi.xtec.cat\/eoialtpenedes\/?page_id=8414"},"modified":"2026-03-18T14:32:33","modified_gmt":"2026-03-18T13:32:33","slug":"biblioteca","status":"publish","type":"page","link":"https:\/\/agora-eoi.xtec.cat\/eoialtpenedes\/alumnat\/biblioteca\/","title":{"rendered":"Biblioteca en l\u00ednia"},"content":{"rendered":"<p>&nbsp;<\/p>\n<p>L&#8217;escola disposa d&#8217;un servei de biblioteca en l\u00ednia amb material de les lleng\u00fces objecte d&#8217;estudi del centre (llibres, premsa i revistes entre d&#8217;altres). Podeu accedir a la plataforma fent clic a l&#8217;enlla\u00e7 seg\u00fcent:<\/p>\n<p><strong><a href=\"https:\/\/eoialtpenedes.heura.gestioeducativa.gencat.cat\/\">eoialtpenedes.heura.gestioeducativa.gencat.cat<\/a><\/strong><\/p>\n<p><strong><span style=\"color: #800000;\">Funcionament:<\/span><br \/>\n<\/strong><\/p>\n<ul>\n<li style=\"list-style-type: none;\">\n<ul>\n<li style=\"text-align: justify;\">Podeu fer les vostres reserves en l\u00ednia a trav\u00e9s de la plataforma.<\/li>\n<li style=\"text-align: justify;\">Un cop el material reservat, podeu passar a recollir-lo per consergeria.<\/li>\n<li style=\"text-align: justify;\">L&#8217;horari de consergeria \u00e9s de dilluns a dijous de 15:30h a 20:30h i divendres de 9:00h a 14:00h.<\/li>\n<li style=\"text-align: justify;\">El termini de pr\u00e9stec del material de\u00a0 la biblioteca \u00e9s de <strong>15 dies<\/strong> (prorrogables).<\/li>\n<li style=\"text-align: justify;\">Es podr\u00e0 <strong>renovar<\/strong> el pr\u00e9stec, sempre que no hagin estat reservats per un altre usuari, durant els tres \u00faltims dies del seu termini.<\/li>\n<li style=\"text-align: justify;\">En cas de deteriorament o p\u00e8rdua dels materials prestats, l\u2019usuari estar\u00e0 obligat a adquirir un nou exemplar (exceptuant el cas de robatori si l\u2019usuari presenta la den\u00fancia corresponent).<\/li>\n<\/ul>\n<\/li>\n<\/ul>\n<p>&nbsp;<\/p>\n","protected":false},"excerpt":{"rendered":"<p>&nbsp; L&#8217;escola disposa d&#8217;un servei de biblioteca en l\u00ednia amb material de les lleng\u00fces objecte d&#8217;estudi del centre (llibres, premsa i revistes entre d&#8217;altres). Podeu accedir a la plataforma fent clic a l&#8217;enlla\u00e7 seg\u00fcent: eoialtpenedes.heura.gestioeducativa.gencat.cat Funcionament: Podeu fer les vostres reserves en l\u00ednia a trav\u00e9s de la plataforma. Un cop el material reservat, podeu passar [&hellip;]<\/p>\n","protected":false},"author":1,"featured_media":0,"parent":11794,"menu_order":20,"comment_status":"closed","ping_status":"closed","template":"","meta":{"_bbp_topic_count":0,"_bbp_reply_count":0,"_bbp_total_topic_count":0,"_bbp_total_reply_count":0,"_bbp_voice_count":0,"_bbp_anonymous_reply_count":0,"_bbp_topic_count_hidden":0,"_bbp_reply_count_hidden":0,"_bbp_forum_subforum_count":0,"site-sidebar-layout":"default","site-content-layout":"","ast-site-content-layout":"default","site-content-style":"default","site-sidebar-style":"default","ast-global-header-display":"","ast-banner-title-visibility":"","ast-main-header-display":"","ast-hfb-above-header-display":"","ast-hfb-below-header-display":"","ast-hfb-mobile-header-display":"","site-post-title":"","ast-breadcrumbs-content":"","ast-featured-img":"","footer-sml-layout":"","theme-transparent-header-meta":"default","adv-header-id-meta":"","stick-header-meta":"","header-above-stick-meta":"","header-main-stick-meta":"","header-below-stick-meta":"","astra-migrate-meta-layouts":"set","ast-page-background-enabled":"default","ast-page-background-meta":{"desktop":{"background-color":"var(--ast-global-color-4)","background-image":"","background-repeat":"repeat","background-position":"center center","background-size":"auto","background-attachment":"scroll","background-type":"","background-media":"","overlay-type":"","overlay-color":"","overlay-opacity":"","overlay-gradient":""},"tablet":{"background-color":"","background-image":"","background-repeat":"repeat","background-position":"center center","background-size":"auto","background-attachment":"scroll","background-type":"","background-media":"","overlay-type":"","overlay-color":"","overlay-opacity":"","overlay-gradient":""},"mobile":{"background-color":"","background-image":"","background-repeat":"repeat","background-position":"center center","background-size":"auto","background-attachment":"scroll","background-type":"","background-media":"","overlay-type":"","overlay-color":"","overlay-opacity":"","overlay-gradient":""}},"ast-content-background-meta":{"desktop":{"background-color":"var(--ast-global-color-5)","background-image":"","background-repeat":"repeat","background-position":"center center","background-size":"auto","background-attachment":"scroll","background-type":"","background-media":"","overlay-type":"","overlay-color":"","overlay-opacity":"","overlay-gradient":""},"tablet":{"background-color":"var(--ast-global-color-5)","background-image":"","background-repeat":"repeat","background-position":"center center","background-size":"auto","background-attachment":"scroll","background-type":"","background-media":"","overlay-type":"","overlay-color":"","overlay-opacity":"","overlay-gradient":""},"mobile":{"background-color":"var(--ast-global-color-5)","background-image":"","background-repeat":"repeat","background-position":"center center","background-size":"auto","background-attachment":"scroll","background-type":"","background-media":"","overlay-type":"","overlay-color":"","overlay-opacity":"","overlay-gradient":""}},"footnotes":""},"class_list":["post-8414","page","type-page","status-publish","hentry"],"post_mailing_queue_ids":[],"_links":{"self":[{"href":"https:\/\/agora-eoi.xtec.cat\/eoialtpenedes\/wp-json\/wp\/v2\/pages\/8414","targetHints":{"allow":["GET"]}}],"collection":[{"href":"https:\/\/agora-eoi.xtec.cat\/eoialtpenedes\/wp-json\/wp\/v2\/pages"}],"about":[{"href":"https:\/\/agora-eoi.xtec.cat\/eoialtpenedes\/wp-json\/wp\/v2\/types\/page"}],"author":[{"embeddable":true,"href":"https:\/\/agora-eoi.xtec.cat\/eoialtpenedes\/wp-json\/wp\/v2\/users\/1"}],"replies":[{"embeddable":true,"href":"https:\/\/agora-eoi.xtec.cat\/eoialtpenedes\/wp-json\/wp\/v2\/comments?post=8414"}],"version-history":[{"count":7,"href":"https:\/\/agora-eoi.xtec.cat\/eoialtpenedes\/wp-json\/wp\/v2\/pages\/8414\/revisions"}],"predecessor-version":[{"id":11896,"href":"https:\/\/agora-eoi.xtec.cat\/eoialtpenedes\/wp-json\/wp\/v2\/pages\/8414\/revisions\/11896"}],"up":[{"embeddable":true,"href":"https:\/\/agora-eoi.xtec.cat\/eoialtpenedes\/wp-json\/wp\/v2\/pages\/11794"}],"wp:attachment":[{"href":"https:\/\/agora-eoi.xtec.cat\/eoialtpenedes\/wp-json\/wp\/v2\/media?parent=8414"}],"curies":[{"name":"wp","href":"https:\/\/api.w.org\/{rel}","templated":true}]}}