{"id":8141,"date":"2021-07-19T22:48:54","date_gmt":"2021-07-19T20:48:54","guid":{"rendered":"http:\/\/agora-eoi.xtec.cat\/eoialtpenedes\/?page_id=8141"},"modified":"2025-09-05T19:37:02","modified_gmt":"2025-09-05T17:37:02","slug":"organigrama","status":"publish","type":"page","link":"https:\/\/agora-eoi.xtec.cat\/eoialtpenedes\/lescola\/organigrama\/","title":{"rendered":"Organigrama"},"content":{"rendered":"<p>&nbsp;<\/p>\n<p><a href=\"https:\/\/agora-eoi.xtec.cat\/eoialtpenedes\/wp-content\/uploads\/usu2251\/2025\/07\/Jacob-Barrett-VP-Operations-4.png\"><img loading=\"lazy\" decoding=\"async\" class=\"alignnone wp-image-11497\" src=\"https:\/\/agora-eoi.xtec.cat\/eoialtpenedes\/wp-content\/uploads\/usu2251\/2025\/07\/Jacob-Barrett-VP-Operations-4-300x225.png\" alt=\"\" width=\"751\" height=\"563\" srcset=\"https:\/\/agora-eoi.xtec.cat\/eoialtpenedes\/wp-content\/uploads\/usu2251\/2025\/07\/Jacob-Barrett-VP-Operations-4-300x225.png 300w, https:\/\/agora-eoi.xtec.cat\/eoialtpenedes\/wp-content\/uploads\/usu2251\/2025\/07\/Jacob-Barrett-VP-Operations-4-768x576.png 768w, https:\/\/agora-eoi.xtec.cat\/eoialtpenedes\/wp-content\/uploads\/usu2251\/2025\/07\/Jacob-Barrett-VP-Operations-4-200x150.png 200w, https:\/\/agora-eoi.xtec.cat\/eoialtpenedes\/wp-content\/uploads\/usu2251\/2025\/07\/Jacob-Barrett-VP-Operations-4.png 1024w\" sizes=\"auto, (max-width: 751px) 100vw, 751px\" \/><\/a><\/p>\n<p><span style=\"color: #800000;\"><strong>Director del centre \/ Responsable Erasmus +\u00a0<\/strong><\/span><\/p>\n<p><span style=\"color: #800000;\"><b><span style=\"color: #800000;\">Agust\u00edn<\/span> Serrano Barroso &#8211; <a href=\"https:\/\/agora-eoi.xtec.cat\/eoialtpenedes\/wp-content\/uploads\/usu2251\/2025\/07\/Agustin-Serrano-Barroso.pdf\">Perfil i traject\u00f2ria professional<\/a><\/b><\/span><\/p>\n<p>Horari d\u2019atenci\u00f3: dimarts\u00a0 de 10:00h a 13:00h. <strong>\u00a0<\/strong><\/p>\n<p>Correu electr\u00f2nic: aserr2@xtec.cat<\/p>\n<p>Cal demanar cita pr\u00e8via per correu electr\u00f2nic o trucar al 938905206.<\/p>\n<p><span style=\"color: #800000;\"><strong>Secretari acad\u00e8mic i cap del Departament de Lleng\u00fces<\/strong><\/span><\/p>\n<p><span style=\"color: #800000;\"><strong>Jose Miguel Sanchis Alejos &#8211; <a href=\"https:\/\/agora-eoi.xtec.cat\/eoialtpenedes\/wp-content\/uploads\/usu2251\/2025\/07\/Jose-Miguel-Sanchis-Alejos.pdf\">Perfil i traject\u00f2ria professional<\/a><\/strong><\/span><\/p>\n<p>Horari d\u2019atenci\u00f3: dilluns de 10:00h a 13:00h.<\/p>\n<p>Correu electr\u00f2nic: jsanchi5@xtec.cat<\/p>\n<p>Cal demanar cita pr\u00e8via per correu electr\u00f2nic o trucar al 938905206.<\/p>\n<p><span style=\"color: #800000;\"><strong>Coordinadora digital, riscos laborals, ling\u00fc\u00edstica i COCOBE<\/strong><\/span><\/p>\n<p><strong><span style=\"color: #800000;\">Elisa Santos Cerme\u00f1o\u00a0<\/span><\/strong><\/p>\n<p>Horari d\u2019atenci\u00f3: dilluns de 10:00h a 13:00h.<\/p>\n<p>Correu electr\u00f2nic: esanto10@xtec.cat<\/p>\n<p>Cal demanar cita pr\u00e8via per correu electr\u00f2nic o trucar al 938905206.<\/p>\n","protected":false},"excerpt":{"rendered":"<p>&nbsp; Director del centre \/ Responsable Erasmus +\u00a0 Agust\u00edn Serrano Barroso &#8211; Perfil i traject\u00f2ria professional Horari d\u2019atenci\u00f3: dimarts\u00a0 de 10:00h a 13:00h. \u00a0 Correu electr\u00f2nic: aserr2@xtec.cat Cal demanar cita pr\u00e8via per correu electr\u00f2nic o trucar al 938905206. Secretari acad\u00e8mic i cap del Departament de Lleng\u00fces Jose Miguel Sanchis Alejos &#8211; Perfil i traject\u00f2ria professional [&hellip;]<\/p>\n","protected":false},"author":1,"featured_media":0,"parent":11759,"menu_order":30,"comment_status":"closed","ping_status":"closed","template":"","meta":{"_bbp_topic_count":0,"_bbp_reply_count":0,"_bbp_total_topic_count":0,"_bbp_total_reply_count":0,"_bbp_voice_count":0,"_bbp_anonymous_reply_count":0,"_bbp_topic_count_hidden":0,"_bbp_reply_count_hidden":0,"_bbp_forum_subforum_count":0,"site-sidebar-layout":"default","site-content-layout":"","ast-site-content-layout":"default","site-content-style":"default","site-sidebar-style":"default","ast-global-header-display":"","ast-banner-title-visibility":"","ast-main-header-display":"","ast-hfb-above-header-display":"","ast-hfb-below-header-display":"","ast-hfb-mobile-header-display":"","site-post-title":"","ast-breadcrumbs-content":"","ast-featured-img":"","footer-sml-layout":"","theme-transparent-header-meta":"default","adv-header-id-meta":"","stick-header-meta":"","header-above-stick-meta":"","header-main-stick-meta":"","header-below-stick-meta":"","astra-migrate-meta-layouts":"set","ast-page-background-enabled":"default","ast-page-background-meta":{"desktop":{"background-color":"var(--ast-global-color-4)","background-image":"","background-repeat":"repeat","background-position":"center center","background-size":"auto","background-attachment":"scroll","background-type":"","background-media":"","overlay-type":"","overlay-color":"","overlay-opacity":"","overlay-gradient":""},"tablet":{"background-color":"","background-image":"","background-repeat":"repeat","background-position":"center center","background-size":"auto","background-attachment":"scroll","background-type":"","background-media":"","overlay-type":"","overlay-color":"","overlay-opacity":"","overlay-gradient":""},"mobile":{"background-color":"","background-image":"","background-repeat":"repeat","background-position":"center center","background-size":"auto","background-attachment":"scroll","background-type":"","background-media":"","overlay-type":"","overlay-color":"","overlay-opacity":"","overlay-gradient":""}},"ast-content-background-meta":{"desktop":{"background-color":"var(--ast-global-color-5)","background-image":"","background-repeat":"repeat","background-position":"center center","background-size":"auto","background-attachment":"scroll","background-type":"","background-media":"","overlay-type":"","overlay-color":"","overlay-opacity":"","overlay-gradient":""},"tablet":{"background-color":"var(--ast-global-color-5)","background-image":"","background-repeat":"repeat","background-position":"center center","background-size":"auto","background-attachment":"scroll","background-type":"","background-media":"","overlay-type":"","overlay-color":"","overlay-opacity":"","overlay-gradient":""},"mobile":{"background-color":"var(--ast-global-color-5)","background-image":"","background-repeat":"repeat","background-position":"center center","background-size":"auto","background-attachment":"scroll","background-type":"","background-media":"","overlay-type":"","overlay-color":"","overlay-opacity":"","overlay-gradient":""}},"footnotes":""},"class_list":["post-8141","page","type-page","status-publish","hentry"],"post_mailing_queue_ids":[],"_links":{"self":[{"href":"https:\/\/agora-eoi.xtec.cat\/eoialtpenedes\/wp-json\/wp\/v2\/pages\/8141","targetHints":{"allow":["GET"]}}],"collection":[{"href":"https:\/\/agora-eoi.xtec.cat\/eoialtpenedes\/wp-json\/wp\/v2\/pages"}],"about":[{"href":"https:\/\/agora-eoi.xtec.cat\/eoialtpenedes\/wp-json\/wp\/v2\/types\/page"}],"author":[{"embeddable":true,"href":"https:\/\/agora-eoi.xtec.cat\/eoialtpenedes\/wp-json\/wp\/v2\/users\/1"}],"replies":[{"embeddable":true,"href":"https:\/\/agora-eoi.xtec.cat\/eoialtpenedes\/wp-json\/wp\/v2\/comments?post=8141"}],"version-history":[{"count":6,"href":"https:\/\/agora-eoi.xtec.cat\/eoialtpenedes\/wp-json\/wp\/v2\/pages\/8141\/revisions"}],"predecessor-version":[{"id":10419,"href":"https:\/\/agora-eoi.xtec.cat\/eoialtpenedes\/wp-json\/wp\/v2\/pages\/8141\/revisions\/10419"}],"up":[{"embeddable":true,"href":"https:\/\/agora-eoi.xtec.cat\/eoialtpenedes\/wp-json\/wp\/v2\/pages\/11759"}],"wp:attachment":[{"href":"https:\/\/agora-eoi.xtec.cat\/eoialtpenedes\/wp-json\/wp\/v2\/media?parent=8141"}],"curies":[{"name":"wp","href":"https:\/\/api.w.org\/{rel}","templated":true}]}}