{"id":11754,"date":"2025-09-05T19:16:44","date_gmt":"2025-09-05T17:16:44","guid":{"rendered":"https:\/\/agora-eoi.xtec.cat\/eoialtpenedes\/?page_id=11754"},"modified":"2025-09-05T19:38:17","modified_gmt":"2025-09-05T17:38:17","slug":"oferta-formativa","status":"publish","type":"page","link":"https:\/\/agora-eoi.xtec.cat\/eoialtpenedes\/lescola\/oferta-formativa\/","title":{"rendered":"Oferta formativa"},"content":{"rendered":"<p data-start=\"89\" data-end=\"340\">A la nostra escola teniu l\u2019oportunitat d\u2019aprendre\u00a0<strong>angl\u00e8s<\/strong>\u00a0i\u00a0<strong>franc\u00e8s<\/strong>\u00a0en diferents horaris i nivells.<\/p>\n<p data-start=\"89\" data-end=\"340\">Aqu\u00ed podeu consultar la seg\u00fcent informaci\u00f3 rellevant sobre l\u2019organitzaci\u00f3 del\u00a0<strong>curs 2025-2026<\/strong>:<\/p>\n<ul data-start=\"375\" data-end=\"518\">\n<li data-start=\"375\" data-end=\"434\"><strong><a class=\"customize-unpreviewable\" href=\"https:\/\/agora-eoi.xtec.cat\/eoialtpenedes\/wp-content\/uploads\/usu2251\/2025\/06\/Horaris-de-classe-2025-26.pdf\">Horaris de les classes d\u2019angl\u00e8s i franc\u00e8s.<\/a><\/strong><\/li>\n<\/ul>\n<p>En aquest document trobareu els horaris detallats de les classes d\u2019<strong>angl\u00e8s<\/strong>\u00a0i\u00a0<strong>franc\u00e8s<\/strong>, organitzats per nivells i franges hor\u00e0ries.<\/p>\n<ul data-start=\"375\" data-end=\"518\">\n<li data-start=\"435\" data-end=\"518\">\n<p data-start=\"437\" data-end=\"518\">El\u00a0<strong><a class=\"customize-unpreviewable\" href=\"https:\/\/agora-eoi.xtec.cat\/eoialtpenedes\/wp-content\/uploads\/usu2251\/2025\/06\/Calendari-alumnat-2025-26-1.pdf\">calendari escolar del curs 2025-2026.<\/a><\/strong><\/p>\n<\/li>\n<\/ul>\n<p data-start=\"437\" data-end=\"518\">En aquest document podeu consultar totes les dates rellevants del curs: inici i final de les classes, per\u00edodes de evaluaci\u00f3, de vacances, festius, i dias de lliure disposici\u00f3.<\/p>\n","protected":false},"excerpt":{"rendered":"<p>A la nostra escola teniu l\u2019oportunitat d\u2019aprendre\u00a0angl\u00e8s\u00a0i\u00a0franc\u00e8s\u00a0en diferents horaris i nivells. Aqu\u00ed podeu consultar la seg\u00fcent informaci\u00f3 rellevant sobre l\u2019organitzaci\u00f3 del\u00a0curs 2025-2026: Horaris de les classes d\u2019angl\u00e8s i franc\u00e8s. En aquest document trobareu els horaris detallats de les classes d\u2019angl\u00e8s\u00a0i\u00a0franc\u00e8s, organitzats per nivells i franges hor\u00e0ries. El\u00a0calendari escolar del curs 2025-2026. En aquest document podeu [&hellip;]<\/p>\n","protected":false},"author":1,"featured_media":0,"parent":11759,"menu_order":0,"comment_status":"closed","ping_status":"closed","template":"","meta":{"_bbp_topic_count":0,"_bbp_reply_count":0,"_bbp_total_topic_count":0,"_bbp_total_reply_count":0,"_bbp_voice_count":0,"_bbp_anonymous_reply_count":0,"_bbp_topic_count_hidden":0,"_bbp_reply_count_hidden":0,"_bbp_forum_subforum_count":0,"site-sidebar-layout":"default","site-content-layout":"","ast-site-content-layout":"default","site-content-style":"default","site-sidebar-style":"default","ast-global-header-display":"","ast-banner-title-visibility":"","ast-main-header-display":"","ast-hfb-above-header-display":"","ast-hfb-below-header-display":"","ast-hfb-mobile-header-display":"","site-post-title":"","ast-breadcrumbs-content":"","ast-featured-img":"","footer-sml-layout":"","theme-transparent-header-meta":"default","adv-header-id-meta":"","stick-header-meta":"","header-above-stick-meta":"","header-main-stick-meta":"","header-below-stick-meta":"","astra-migrate-meta-layouts":"set","ast-page-background-enabled":"default","ast-page-background-meta":{"desktop":{"background-color":"var(--ast-global-color-4)","background-image":"","background-repeat":"repeat","background-position":"center center","background-size":"auto","background-attachment":"scroll","background-type":"","background-media":"","overlay-type":"","overlay-color":"","overlay-opacity":"","overlay-gradient":""},"tablet":{"background-color":"","background-image":"","background-repeat":"repeat","background-position":"center center","background-size":"auto","background-attachment":"scroll","background-type":"","background-media":"","overlay-type":"","overlay-color":"","overlay-opacity":"","overlay-gradient":""},"mobile":{"background-color":"","background-image":"","background-repeat":"repeat","background-position":"center center","background-size":"auto","background-attachment":"scroll","background-type":"","background-media":"","overlay-type":"","overlay-color":"","overlay-opacity":"","overlay-gradient":""}},"ast-content-background-meta":{"desktop":{"background-color":"var(--ast-global-color-5)","background-image":"","background-repeat":"repeat","background-position":"center center","background-size":"auto","background-attachment":"scroll","background-type":"","background-media":"","overlay-type":"","overlay-color":"","overlay-opacity":"","overlay-gradient":""},"tablet":{"background-color":"var(--ast-global-color-5)","background-image":"","background-repeat":"repeat","background-position":"center center","background-size":"auto","background-attachment":"scroll","background-type":"","background-media":"","overlay-type":"","overlay-color":"","overlay-opacity":"","overlay-gradient":""},"mobile":{"background-color":"var(--ast-global-color-5)","background-image":"","background-repeat":"repeat","background-position":"center center","background-size":"auto","background-attachment":"scroll","background-type":"","background-media":"","overlay-type":"","overlay-color":"","overlay-opacity":"","overlay-gradient":""}},"footnotes":""},"class_list":["post-11754","page","type-page","status-publish","hentry"],"post_mailing_queue_ids":[],"_links":{"self":[{"href":"https:\/\/agora-eoi.xtec.cat\/eoialtpenedes\/wp-json\/wp\/v2\/pages\/11754","targetHints":{"allow":["GET"]}}],"collection":[{"href":"https:\/\/agora-eoi.xtec.cat\/eoialtpenedes\/wp-json\/wp\/v2\/pages"}],"about":[{"href":"https:\/\/agora-eoi.xtec.cat\/eoialtpenedes\/wp-json\/wp\/v2\/types\/page"}],"author":[{"embeddable":true,"href":"https:\/\/agora-eoi.xtec.cat\/eoialtpenedes\/wp-json\/wp\/v2\/users\/1"}],"replies":[{"embeddable":true,"href":"https:\/\/agora-eoi.xtec.cat\/eoialtpenedes\/wp-json\/wp\/v2\/comments?post=11754"}],"version-history":[{"count":1,"href":"https:\/\/agora-eoi.xtec.cat\/eoialtpenedes\/wp-json\/wp\/v2\/pages\/11754\/revisions"}],"predecessor-version":[{"id":11755,"href":"https:\/\/agora-eoi.xtec.cat\/eoialtpenedes\/wp-json\/wp\/v2\/pages\/11754\/revisions\/11755"}],"up":[{"embeddable":true,"href":"https:\/\/agora-eoi.xtec.cat\/eoialtpenedes\/wp-json\/wp\/v2\/pages\/11759"}],"wp:attachment":[{"href":"https:\/\/agora-eoi.xtec.cat\/eoialtpenedes\/wp-json\/wp\/v2\/media?parent=11754"}],"curies":[{"name":"wp","href":"https:\/\/api.w.org\/{rel}","templated":true}]}}