{"id":10332,"date":"2021-07-15T13:03:40","date_gmt":"2021-07-15T11:03:40","guid":{"rendered":"https:\/\/agora-eoi.xtec.cat\/eoialtpenedes\/?page_id=10332"},"modified":"2026-09-02T13:27:34","modified_gmt":"2026-09-02T11:27:34","slug":"llibres-2","status":"publish","type":"page","link":"https:\/\/agora-eoi.xtec.cat\/eoialtpenedes\/idiomes\/frances\/llibres-2\/","title":{"rendered":"Llibres de text franc\u00e8s 2026-27"},"content":{"rendered":"<table style=\"width: 100%; border-collapse: collapse; font-family: Arial, Helvetica, sans-serif; font-size: 14px; border: 1px solid #d9d9d9; height: 166px;\">\n<thead>\n<tr style=\"background-color: #f2f2f2;\">\n<th style=\"border: 1px solid #d9d9d9; padding: 12px; text-align: left; height: 47px; width: 6.91964%;\">\n<h5><span style=\"color: #800000;\">Nivell<\/span><\/h5>\n<\/th>\n<th style=\"border: 1px solid #d9d9d9; padding: 12px; text-align: left; height: 47px; width: 45.65%;\">\n<h5><span style=\"color: #800000;\">Llibre<\/span><\/h5>\n<\/th>\n<th style=\"border: 1px solid #d9d9d9; padding: 12px; text-align: left; height: 47px; width: 27.8991%;\">\n<h5><span style=\"color: #800000;\">Editorial<\/span><\/h5>\n<\/th>\n<th style=\"border: 1px solid #d9d9d9; padding: 12px; text-align: center; height: 47px; width: 5.80357%;\">\n<h5><span style=\"color: #800000;\">Any<\/span><\/h5>\n<\/th>\n<th style=\"border: 1px solid #d9d9d9; padding: 12px; text-align: center; height: 47px; width: 13.6161%;\">\n<h5><span style=\"color: #800000;\">ISBN<\/span><\/h5>\n<\/th>\n<\/tr>\n<\/thead>\n<tbody>\n<tr style=\"height: 73px;\">\n<td style=\"border: 1px solid #d9d9d9; padding: 10px; height: 10px; width: 6.91964%; text-align: left;\">\n<h5><span style=\"color: #800000;\"><strong>A1<\/strong><\/span><\/h5>\n<\/td>\n<td style=\"border: 1px solid #d9d9d9; padding: 10px; height: 10px; width: 45.65%; text-align: left;\">AA.VV. <em>D\u00e9fi actuel 1. Livre de l\u2019\u00e9l\u00e8ve. \u00c9dition hybride.<\/em><\/td>\n<td style=\"border: 1px solid #d9d9d9; padding: 10px; height: 10px; width: 27.8991%; text-align: left;\">\u00c9ditions Maison des langues<\/td>\n<td style=\"border: 1px solid #d9d9d9; padding: 10px; height: 10px; width: 5.80357%; text-align: left;\">2025<\/td>\n<td style=\"border: 1px solid #d9d9d9; padding: 10px; height: 10px; width: 13.6161%; text-align: left;\">9788411571517<\/td>\n<\/tr>\n<tr style=\"background-color: #fafafa;\">\n<td style=\"border: 1px solid #d9d9d9; padding: 10px; height: 13px; width: 6.91964%; text-align: left;\">\n<h5><span style=\"color: #800000;\"><strong>A2<\/strong><\/span><\/h5>\n<\/td>\n<td style=\"border: 1px solid #d9d9d9; padding: 10px; height: 13px; width: 45.65%; text-align: left;\">AA.VV. <em>D\u00e9fi actuel 2. Livre de l\u2019\u00e9l\u00e8ve. \u00c9dition hybride.<\/em><\/td>\n<td style=\"border: 1px solid #d9d9d9; padding: 10px; height: 13px; width: 27.8991%; text-align: left;\">\u00c9ditions Maison des langues<\/td>\n<td style=\"border: 1px solid #d9d9d9; padding: 10px; height: 13px; width: 5.80357%; text-align: left;\">2025<\/td>\n<td style=\"border: 1px solid #d9d9d9; padding: 10px; height: 13px; width: 13.6161%; text-align: left;\">9788411571548<\/td>\n<\/tr>\n<tr style=\"height: 73px;\">\n<td style=\"border: 1px solid #d9d9d9; padding: 10px; height: 37px; width: 6.91964%; text-align: left;\">\n<h5><span style=\"color: #800000;\"><strong>B1<\/strong><\/span><\/h5>\n<\/td>\n<td style=\"border: 1px solid #d9d9d9; padding: 10px; height: 37px; width: 45.65%; text-align: left;\">AA.VV. <em>Entre nous 3. Livre et cahier. \u00c9dition hybride.<\/em><\/td>\n<td style=\"border: 1px solid #d9d9d9; padding: 10px; height: 37px; width: 27.8991%; text-align: left;\">\u00c9ditions Maison des langues<\/td>\n<td style=\"border: 1px solid #d9d9d9; padding: 10px; height: 37px; width: 5.80357%; text-align: left;\">2016<\/td>\n<td style=\"border: 1px solid #d9d9d9; padding: 10px; height: 37px; width: 13.6161%; text-align: left;\">9788419236616<\/td>\n<\/tr>\n<tr style=\"background-color: #fafafa;\">\n<td style=\"border: 1px solid #d9d9d9; padding: 10px; height: 17px; width: 6.91964%; text-align: left;\">\n<h5><span style=\"color: #800000;\"><strong>B2.1<\/strong><\/span><\/h5>\n<\/td>\n<td style=\"border: 1px solid #d9d9d9; padding: 10px; height: 17px; width: 45.65%; text-align: left;\">AA.VV. <em>D\u00e9fi actuel 4. Livre de l\u2019\u00e9l\u00e8ve. \u00c9dition hybride.<\/em><\/td>\n<td style=\"border: 1px solid #d9d9d9; padding: 10px; height: 17px; width: 27.8991%; text-align: left;\">\u00c9ditions Maison des langues<\/td>\n<td style=\"border: 1px solid #d9d9d9; padding: 10px; height: 17px; width: 5.80357%; text-align: left;\">2026<\/td>\n<td style=\"border: 1px solid #d9d9d9; padding: 10px; height: 17px; width: 13.6161%; text-align: left;\">9788411573733<\/td>\n<\/tr>\n<tr style=\"height: 73px;\">\n<td style=\"border: 1px solid #d9d9d9; padding: 10px; height: 42px; width: 6.91964%; text-align: left;\">\n<h5><span style=\"color: #800000;\"><strong>B2.2<\/strong><\/span><\/h5>\n<\/td>\n<td style=\"border: 1px solid #d9d9d9; padding: 10px; height: 42px; width: 45.65%; text-align: left;\">AA.VV. <em>Mon alter ego 4. Livre de l\u2019\u00e9l\u00e8ve + parcours digital.<\/em><\/td>\n<td style=\"border: 1px solid #d9d9d9; padding: 10px; height: 42px; width: 27.8991%; text-align: left;\">\u00c9ditions Hachette Fran\u00e7ais Langue \u00c9trang\u00e8re<\/td>\n<td style=\"border: 1px solid #d9d9d9; padding: 10px; height: 42px; width: 5.80357%; text-align: left;\">2026<\/td>\n<td style=\"border: 1px solid #d9d9d9; padding: 10px; height: 42px; width: 13.6161%; text-align: left;\">9782017277217<\/td>\n<\/tr>\n<\/tbody>\n<\/table>\n<p><span style=\"color: #800000;\"><em><strong>*Les lectures de tots els cursos seran comunicades pel docent el primer dia de classe.<\/strong><\/em><\/span><\/p>\n","protected":false},"excerpt":{"rendered":"<p>Nivell Llibre Editorial Any ISBN A1 AA.VV. D\u00e9fi actuel 1. Livre de l\u2019\u00e9l\u00e8ve. \u00c9dition hybride. \u00c9ditions Maison des langues 2025 9788411571517 A2 AA.VV. D\u00e9fi actuel 2. Livre de l\u2019\u00e9l\u00e8ve. \u00c9dition hybride. \u00c9ditions Maison des langues 2025 9788411571548 B1 AA.VV. Entre nous 3. Livre et cahier. \u00c9dition hybride. \u00c9ditions Maison des langues 2016 9788419236616 B2.1 AA.VV. [&hellip;]<\/p>\n","protected":false},"author":1,"featured_media":0,"parent":11785,"menu_order":0,"comment_status":"closed","ping_status":"closed","template":"","meta":{"_bbp_topic_count":0,"_bbp_reply_count":0,"_bbp_total_topic_count":0,"_bbp_total_reply_count":0,"_bbp_voice_count":0,"_bbp_anonymous_reply_count":0,"_bbp_topic_count_hidden":0,"_bbp_reply_count_hidden":0,"_bbp_forum_subforum_count":0,"site-sidebar-layout":"default","site-content-layout":"","ast-site-content-layout":"default","site-content-style":"default","site-sidebar-style":"default","ast-global-header-display":"","ast-banner-title-visibility":"","ast-main-header-display":"","ast-hfb-above-header-display":"","ast-hfb-below-header-display":"","ast-hfb-mobile-header-display":"","site-post-title":"","ast-breadcrumbs-content":"","ast-featured-img":"","footer-sml-layout":"","theme-transparent-header-meta":"default","adv-header-id-meta":"","stick-header-meta":"","header-above-stick-meta":"","header-main-stick-meta":"","header-below-stick-meta":"","astra-migrate-meta-layouts":"set","ast-page-background-enabled":"default","ast-page-background-meta":{"desktop":{"background-color":"var(--ast-global-color-4)","background-image":"","background-repeat":"repeat","background-position":"center center","background-size":"auto","background-attachment":"scroll","background-type":"","background-media":"","overlay-type":"","overlay-color":"","overlay-opacity":"","overlay-gradient":""},"tablet":{"background-color":"","background-image":"","background-repeat":"repeat","background-position":"center center","background-size":"auto","background-attachment":"scroll","background-type":"","background-media":"","overlay-type":"","overlay-color":"","overlay-opacity":"","overlay-gradient":""},"mobile":{"background-color":"","background-image":"","background-repeat":"repeat","background-position":"center center","background-size":"auto","background-attachment":"scroll","background-type":"","background-media":"","overlay-type":"","overlay-color":"","overlay-opacity":"","overlay-gradient":""}},"ast-content-background-meta":{"desktop":{"background-color":"var(--ast-global-color-5)","background-image":"","background-repeat":"repeat","background-position":"center center","background-size":"auto","background-attachment":"scroll","background-type":"","background-media":"","overlay-type":"","overlay-color":"","overlay-opacity":"","overlay-gradient":""},"tablet":{"background-color":"var(--ast-global-color-5)","background-image":"","background-repeat":"repeat","background-position":"center center","background-size":"auto","background-attachment":"scroll","background-type":"","background-media":"","overlay-type":"","overlay-color":"","overlay-opacity":"","overlay-gradient":""},"mobile":{"background-color":"var(--ast-global-color-5)","background-image":"","background-repeat":"repeat","background-position":"center center","background-size":"auto","background-attachment":"scroll","background-type":"","background-media":"","overlay-type":"","overlay-color":"","overlay-opacity":"","overlay-gradient":""}},"footnotes":""},"class_list":["post-10332","page","type-page","status-publish","hentry"],"post_mailing_queue_ids":[],"_links":{"self":[{"href":"https:\/\/agora-eoi.xtec.cat\/eoialtpenedes\/wp-json\/wp\/v2\/pages\/10332","targetHints":{"allow":["GET"]}}],"collection":[{"href":"https:\/\/agora-eoi.xtec.cat\/eoialtpenedes\/wp-json\/wp\/v2\/pages"}],"about":[{"href":"https:\/\/agora-eoi.xtec.cat\/eoialtpenedes\/wp-json\/wp\/v2\/types\/page"}],"author":[{"embeddable":true,"href":"https:\/\/agora-eoi.xtec.cat\/eoialtpenedes\/wp-json\/wp\/v2\/users\/1"}],"replies":[{"embeddable":true,"href":"https:\/\/agora-eoi.xtec.cat\/eoialtpenedes\/wp-json\/wp\/v2\/comments?post=10332"}],"version-history":[{"count":6,"href":"https:\/\/agora-eoi.xtec.cat\/eoialtpenedes\/wp-json\/wp\/v2\/pages\/10332\/revisions"}],"predecessor-version":[{"id":12146,"href":"https:\/\/agora-eoi.xtec.cat\/eoialtpenedes\/wp-json\/wp\/v2\/pages\/10332\/revisions\/12146"}],"up":[{"embeddable":true,"href":"https:\/\/agora-eoi.xtec.cat\/eoialtpenedes\/wp-json\/wp\/v2\/pages\/11785"}],"wp:attachment":[{"href":"https:\/\/agora-eoi.xtec.cat\/eoialtpenedes\/wp-json\/wp\/v2\/media?parent=10332"}],"curies":[{"name":"wp","href":"https:\/\/api.w.org\/{rel}","templated":true}]}}

Llibres de text francès 2026-27

<table style="width: 100%; border-collapse: collapse; font-family: Arial, Helvetica, sans-serif; font-size: 14px; border: 1px solid #d9d9d9; height: 166px;">
<thead>
<tr style="background-color: #f2f2f2;">
<th style="border: 1px solid #d9d9d9; padding: 12px; text-align: left; height: 47px; width: 6.91964%;">
<h5><span style="color: #800000;">Nivell</span></h5>
</th>
<th style="border: 1px solid #d9d9d9; padding: 12px; text-align: left; height: 47px; width: 45.65%;">
<h5><span style="color: #800000;">Llibre</span></h5>
</th>
<th style="border: 1px solid #d9d9d9; padding: 12px; text-align: left; height: 47px; width: 27.8991%;">
<h5><span style="color: #800000;">Editorial</span></h5>
</th>
<th style="border: 1px solid #d9d9d9; padding: 12px; text-align: center; height: 47px; width: 5.80357%;">
<h5><span style="color: #800000;">Any</span></h5>
</th>
<th style="border: 1px solid #d9d9d9; padding: 12px; text-align: center; height: 47px; width: 13.6161%;">
<h5><span style="color: #800000;">ISBN</span></h5>
</th>
</tr>
</thead>
<tbody>
<tr style="height: 73px;">
<td style="border: 1px solid #d9d9d9; padding: 10px; height: 10px; width: 6.91964%; text-align: left;">
<h5><span style="color: #800000;"><strong>A1</strong></span></h5>
</td>
<td style="border: 1px solid #d9d9d9; padding: 10px; height: 10px; width: 45.65%; text-align: left;">AA.VV. <em>Défi actuel 1. Livre de l’élève. Édition hybride.</em></td>
<td style="border: 1px solid #d9d9d9; padding: 10px; height: 10px; width: 27.8991%; text-align: left;">Éditions Maison des langues</td>
<td style="border: 1px solid #d9d9d9; padding: 10px; height: 10px; width: 5.80357%; text-align: left;">2025</td>
<td style="border: 1px solid #d9d9d9; padding: 10px; height: 10px; width: 13.6161%; text-align: left;">9788411571517</td>
</tr>
<tr style="background-color: #fafafa;">
<td style="border: 1px solid #d9d9d9; padding: 10px; height: 13px; width: 6.91964%; text-align: left;">
<h5><span style="color: #800000;"><strong>A2</strong></span></h5>
</td>
<td style="border: 1px solid #d9d9d9; padding: 10px; height: 13px; width: 45.65%; text-align: left;">AA.VV. <em>Défi actuel 2. Livre de l’élève. Édition hybride.</em></td>
<td style="border: 1px solid #d9d9d9; padding: 10px; height: 13px; width: 27.8991%; text-align: left;">Éditions Maison des langues</td>
<td style="border: 1px solid #d9d9d9; padding: 10px; height: 13px; width: 5.80357%; text-align: left;">2025</td>
<td style="border: 1px solid #d9d9d9; padding: 10px; height: 13px; width: 13.6161%; text-align: left;">9788411571548</td>
</tr>
<tr style="height: 73px;">
<td style="border: 1px solid #d9d9d9; padding: 10px; height: 37px; width: 6.91964%; text-align: left;">
<h5><span style="color: #800000;"><strong>B1</strong></span></h5>
</td>
<td style="border: 1px solid #d9d9d9; padding: 10px; height: 37px; width: 45.65%; text-align: left;">AA.VV. <em>Entre nous 3. Livre et cahier. Édition hybride.</em></td>
<td style="border: 1px solid #d9d9d9; padding: 10px; height: 37px; width: 27.8991%; text-align: left;">Éditions Maison des langues</td>
<td style="border: 1px solid #d9d9d9; padding: 10px; height: 37px; width: 5.80357%; text-align: left;">2016</td>
<td style="border: 1px solid #d9d9d9; padding: 10px; height: 37px; width: 13.6161%; text-align: left;">9788419236616</td>
</tr>
<tr style="background-color: #fafafa;">
<td style="border: 1px solid #d9d9d9; padding: 10px; height: 17px; width: 6.91964%; text-align: left;">
<h5><span style="color: #800000;"><strong>B2.1</strong></span></h5>
</td>
<td style="border: 1px solid #d9d9d9; padding: 10px; height: 17px; width: 45.65%; text-align: left;">AA.VV. <em>Défi actuel 4. Livre de l’élève. Édition hybride.</em></td>
<td style="border: 1px solid #d9d9d9; padding: 10px; height: 17px; width: 27.8991%; text-align: left;">Éditions Maison des langues</td>
<td style="border: 1px solid #d9d9d9; padding: 10px; height: 17px; width: 5.80357%; text-align: left;">2026</td>
<td style="border: 1px solid #d9d9d9; padding: 10px; height: 17px; width: 13.6161%; text-align: left;">9788411573733</td>
</tr>
<tr style="height: 73px;">
<td style="border: 1px solid #d9d9d9; padding: 10px; height: 42px; width: 6.91964%; text-align: left;">
<h5><span style="color: #800000;"><strong>B2.2</strong></span></h5>
</td>
<td style="border: 1px solid #d9d9d9; padding: 10px; height: 42px; width: 45.65%; text-align: left;">AA.VV. <em>Mon alter ego 4. Livre de l’élève + parcours digital.</em></td>
<td style="border: 1px solid #d9d9d9; padding: 10px; height: 42px; width: 27.8991%; text-align: left;">Éditions Hachette Français Langue Étrangère</td>
<td style="border: 1px solid #d9d9d9; padding: 10px; height: 42px; width: 5.80357%; text-align: left;">2026</td>
<td style="border: 1px solid #d9d9d9; padding: 10px; height: 42px; width: 13.6161%; text-align: left;">9782017277217</td>
</tr>
</tbody>
</table>
<p><span style="color: #800000;"><em><strong>*Les lectures de tots els cursos seran comunicades pel docent el primer dia de classe.</strong></em></span></p>

<p>Nivell Llibre Editorial Any ISBN A1 AA.VV. Défi actuel 1. Livre de l’élève. Édition hybride. Éditions Maison des langues 2025 9788411571517 A2 AA.VV. Défi actuel 2. Livre de l’élève. Édition hybride. Éditions Maison des langues 2025 9788411571548 B1 AA.VV. Entre nous 3. Livre et cahier. Édition hybride. Éditions Maison des langues 2016 9788419236616 B2.1 AA.VV. [&hellip;]</p>
