{"id":10319,"date":"2021-07-15T13:00:01","date_gmt":"2021-07-15T11:00:01","guid":{"rendered":"https:\/\/agora-eoi.xtec.cat\/eoialtpenedes\/?page_id=10319"},"modified":"2025-11-17T12:05:29","modified_gmt":"2025-11-17T11:05:29","slug":"professorat","status":"publish","type":"page","link":"https:\/\/agora-eoi.xtec.cat\/eoialtpenedes\/idiomes\/angles\/professorat\/","title":{"rendered":"Professorat angl\u00e8s"},"content":{"rendered":"<div class=\"flex_column av_one_full flex_column_div av-zero-column-padding first avia-builder-el-2 el_after_av_one_full el_before_av_one_full column-top-margin\">\n<div class=\"av-special-heading av-special-heading-h3 avia-builder-el-3 el_before_av_textblock avia-builder-el-first \">\n<div class=\"special-heading-border\">\n<p><span style=\"color: #800000;\"><strong style=\"font-family: inherit; font-size: 1em;\">Jose Miguel Sanchis Alejos<\/strong><\/span><\/p>\n<\/div>\n<\/div>\n<section class=\"av_textblock_section \">\n<div class=\"avia_textblock \">\n<p>Secretari acad\u00e8mic, cap del departament de lleng\u00fces i professor d&#8217;angl\u00e8s dels nivells C2.1 i C2.2.<\/p>\n<p>Correu electr\u00f2nic: jsanchi5@xtec.cat<\/p>\n<p><span style=\"color: #800000;\"><strong>Elisa Santos Cerme\u00f1o<\/strong><\/span><\/p>\n<p>Coordinadora digital, ling\u00fc\u00edstica, riscos laborals, COCOBE i professora d&#8217;angl\u00e8s del nivell C1.<\/p>\n<p>Correu electr\u00f2nic: esanto10@xtec.cat<\/p>\n<p><span style=\"color: #800000;\"><strong>Esther S\u00e1nchez Romero<\/strong><\/span><\/p>\n<p>Professora d&#8217;angl\u00e8s del nivell A1.<\/p>\n<p>Correu electr\u00f2nic: esanc152@xtec.cat<\/p>\n<p><span style=\"color: #800000;\"><strong>Amparo Fabregat Mundo<\/strong><\/span><\/p>\n<p>Professora d&#8217;angl\u00e8s dels nivells A2 i B2.1<\/p>\n<p>Correu electr\u00f2nic: afabreg7@xtec.cat<\/p>\n<p><span style=\"color: #800000;\"><strong>Melania Luengo Fern\u00e1ndez<\/strong><\/span><\/p>\n<p>Professora d&#8217;angl\u00e8s del nivell B1<\/p>\n<p>Correu electr\u00f2nic: mluengo8@xtec.cat<\/p>\n<p><span style=\"color: #800000;\"><b>\u00a0Natalia Salgado Garc\u00eda<\/b><\/span><\/p>\n<p>Professora d&#8217;angl\u00e8s del nivell B2.2<\/p>\n<p>Correu electr\u00f2nic: nsalgad1@xtec.cat<\/p>\n<p>&nbsp;<\/p>\n<p>&nbsp;<\/p>\n<p>&nbsp;<\/p>\n<p>&nbsp;<\/p>\n<\/div>\n<\/section>\n<\/div>\n<div class=\"flex_column av_one_full flex_column_div av-zero-column-padding first avia-builder-el-5 el_after_av_one_full el_before_av_one_full column-top-margin\">\n<div class=\"av-special-heading av-special-heading-h3 avia-builder-el-6 el_before_av_textblock avia-builder-el-first \"><\/div>\n<\/div>\n<p>&nbsp;<\/p>\n","protected":false},"excerpt":{"rendered":"<p>Jose Miguel Sanchis Alejos Secretari acad\u00e8mic, cap del departament de lleng\u00fces i professor d&#8217;angl\u00e8s dels nivells C2.1 i C2.2. Correu electr\u00f2nic: jsanchi5@xtec.cat Elisa Santos Cerme\u00f1o Coordinadora digital, ling\u00fc\u00edstica, riscos laborals, COCOBE i professora d&#8217;angl\u00e8s del nivell C1. Correu electr\u00f2nic: esanto10@xtec.cat Esther S\u00e1nchez Romero Professora d&#8217;angl\u00e8s del nivell A1. Correu electr\u00f2nic: esanc152@xtec.cat Amparo Fabregat Mundo Professora [&hellip;]<\/p>\n","protected":false},"author":1,"featured_media":0,"parent":11776,"menu_order":0,"comment_status":"closed","ping_status":"closed","template":"","meta":{"_bbp_topic_count":0,"_bbp_reply_count":0,"_bbp_total_topic_count":0,"_bbp_total_reply_count":0,"_bbp_voice_count":0,"_bbp_anonymous_reply_count":0,"_bbp_topic_count_hidden":0,"_bbp_reply_count_hidden":0,"_bbp_forum_subforum_count":0,"site-sidebar-layout":"default","site-content-layout":"","ast-site-content-layout":"default","site-content-style":"default","site-sidebar-style":"default","ast-global-header-display":"","ast-banner-title-visibility":"","ast-main-header-display":"","ast-hfb-above-header-display":"","ast-hfb-below-header-display":"","ast-hfb-mobile-header-display":"","site-post-title":"","ast-breadcrumbs-content":"","ast-featured-img":"","footer-sml-layout":"","theme-transparent-header-meta":"default","adv-header-id-meta":"","stick-header-meta":"","header-above-stick-meta":"","header-main-stick-meta":"","header-below-stick-meta":"","astra-migrate-meta-layouts":"set","ast-page-background-enabled":"default","ast-page-background-meta":{"desktop":{"background-color":"var(--ast-global-color-4)","background-image":"","background-repeat":"repeat","background-position":"center center","background-size":"auto","background-attachment":"scroll","background-type":"","background-media":"","overlay-type":"","overlay-color":"","overlay-opacity":"","overlay-gradient":""},"tablet":{"background-color":"","background-image":"","background-repeat":"repeat","background-position":"center center","background-size":"auto","background-attachment":"scroll","background-type":"","background-media":"","overlay-type":"","overlay-color":"","overlay-opacity":"","overlay-gradient":""},"mobile":{"background-color":"","background-image":"","background-repeat":"repeat","background-position":"center center","background-size":"auto","background-attachment":"scroll","background-type":"","background-media":"","overlay-type":"","overlay-color":"","overlay-opacity":"","overlay-gradient":""}},"ast-content-background-meta":{"desktop":{"background-color":"var(--ast-global-color-5)","background-image":"","background-repeat":"repeat","background-position":"center center","background-size":"auto","background-attachment":"scroll","background-type":"","background-media":"","overlay-type":"","overlay-color":"","overlay-opacity":"","overlay-gradient":""},"tablet":{"background-color":"var(--ast-global-color-5)","background-image":"","background-repeat":"repeat","background-position":"center center","background-size":"auto","background-attachment":"scroll","background-type":"","background-media":"","overlay-type":"","overlay-color":"","overlay-opacity":"","overlay-gradient":""},"mobile":{"background-color":"var(--ast-global-color-5)","background-image":"","background-repeat":"repeat","background-position":"center center","background-size":"auto","background-attachment":"scroll","background-type":"","background-media":"","overlay-type":"","overlay-color":"","overlay-opacity":"","overlay-gradient":""}},"footnotes":""},"class_list":["post-10319","page","type-page","status-publish","hentry"],"post_mailing_queue_ids":[],"_links":{"self":[{"href":"https:\/\/agora-eoi.xtec.cat\/eoialtpenedes\/wp-json\/wp\/v2\/pages\/10319","targetHints":{"allow":["GET"]}}],"collection":[{"href":"https:\/\/agora-eoi.xtec.cat\/eoialtpenedes\/wp-json\/wp\/v2\/pages"}],"about":[{"href":"https:\/\/agora-eoi.xtec.cat\/eoialtpenedes\/wp-json\/wp\/v2\/types\/page"}],"author":[{"embeddable":true,"href":"https:\/\/agora-eoi.xtec.cat\/eoialtpenedes\/wp-json\/wp\/v2\/users\/1"}],"replies":[{"embeddable":true,"href":"https:\/\/agora-eoi.xtec.cat\/eoialtpenedes\/wp-json\/wp\/v2\/comments?post=10319"}],"version-history":[{"count":6,"href":"https:\/\/agora-eoi.xtec.cat\/eoialtpenedes\/wp-json\/wp\/v2\/pages\/10319\/revisions"}],"predecessor-version":[{"id":11888,"href":"https:\/\/agora-eoi.xtec.cat\/eoialtpenedes\/wp-json\/wp\/v2\/pages\/10319\/revisions\/11888"}],"up":[{"embeddable":true,"href":"https:\/\/agora-eoi.xtec.cat\/eoialtpenedes\/wp-json\/wp\/v2\/pages\/11776"}],"wp:attachment":[{"href":"https:\/\/agora-eoi.xtec.cat\/eoialtpenedes\/wp-json\/wp\/v2\/media?parent=10319"}],"curies":[{"name":"wp","href":"https:\/\/api.w.org\/{rel}","templated":true}]}}