{"id":9759,"date":"2022-10-30T15:07:39","date_gmt":"2022-10-30T14:07:39","guid":{"rendered":"https:\/\/agora-eoi.xtec.cat\/eoi-lapau\/?page_id=9759"},"modified":"2025-05-13T13:05:05","modified_gmt":"2025-05-13T11:05:05","slug":"instancies-i-sollicituds","status":"publish","type":"page","link":"https:\/\/agora-eoi.xtec.cat\/eoi-lapau\/secretaria\/instancies-i-sollicituds\/","title":{"rendered":"Inst\u00e0ncies i sol\u00b7licituds"},"content":{"rendered":"<p><a href=\"https:\/\/agora-eoi.xtec.cat\/eoi-lapau\/wp-content\/uploads\/usu1668\/2022\/11\/Dowload-icon-Word.png\"><img loading=\"lazy\" decoding=\"async\" class=\"alignnone size-full wp-image-9999\" src=\"https:\/\/agora-eoi.xtec.cat\/eoi-lapau\/wp-content\/uploads\/usu1668\/2022\/11\/Dowload-icon-Word.png\" alt=\"\" width=\"225\" height=\"225\" srcset=\"https:\/\/agora-eoi.xtec.cat\/eoi-lapau\/wp-content\/uploads\/usu1668\/2022\/11\/Dowload-icon-Word.png 225w, https:\/\/agora-eoi.xtec.cat\/eoi-lapau\/wp-content\/uploads\/usu1668\/2022\/11\/Dowload-icon-Word-150x150.png 150w\" sizes=\"auto, (max-width: 225px) 100vw, 225px\" \/><\/a><a href=\"https:\/\/agora-eoi.xtec.cat\/eoi-lapau\/wp-content\/uploads\/usu1668\/2022\/11\/Dowload-icon.png\">\u00a0<\/a><\/p>\n<p>Per facilitar la realitzaci\u00f3 de gestions administratives, podeu <strong>descarregar-vos les seg\u00fcents inst\u00e0ncies i sol\u00b7licituds.\u00a0<\/strong><\/p>\n<p><strong>Ompliu-les i lliureu-les a secretaria<\/strong>, tot\u00a0aportant la documentaci\u00f3 requerida\u00a0per cada gesti\u00f3.<\/p>\n<ul>\n<li><a href=\"https:\/\/agora-eoi.xtec.cat\/eoi-lapau\/wp-content\/uploads\/usu1668\/2022\/10\/eoi-lapau-renunciar-matricula-sollicitar-reserva_NOU1.doc\" target=\"_blank\" rel=\"noopener\">Renunciar als drets de la matr\u00edcula i sol\u00b7licitar reserva de pla\u00e7a per al curs vinent<\/a><\/li>\n<li><a href=\"https:\/\/agora-eoi.xtec.cat\/eoi-lapau\/wp-content\/uploads\/usu1668\/2022\/10\/eoi-lapau-renunciar-matricula-no-sollicitar-reserva_NOU.doc\" target=\"_blank\" rel=\"noopener\">Renunciar als drets de la matr\u00edcula i NO sol\u00b7licitar reserva de pla\u00e7a per al curs vinent<\/a><\/li>\n<li><a href=\"https:\/\/agora-eoi.xtec.cat\/eoi-lapau\/wp-content\/uploads\/usu1668\/2023\/02\/SOL.LICITUD-TRASLLATS-DEXPEDIENT.pdf\" target=\"_blank\" rel=\"noopener\">Sol\u00b7licitud de trasllat d\u2019expedient<\/a><\/li>\n<li><a href=\"https:\/\/agora-eoi.xtec.cat\/eoi-lapau\/wp-content\/uploads\/usu1668\/2022\/10\/eoi-lapau-sol-revisio-qualificacions_NOU.doc\" target=\"_blank\" rel=\"noopener\">Sol.licitud de revisi\u00f3 de qualificacions finals<\/a><\/li>\n<li><a href=\"https:\/\/agora-eoi.xtec.cat\/eoi-lapau\/wp-content\/uploads\/usu1668\/2022\/10\/eoi-lapau-justif-faltes-menors.doc\" target=\"_blank\" rel=\"noopener\">Justificaci\u00f3 de faltes d\u2019assist\u00e8ncia de menors<\/a><\/li>\n<li><a href=\"https:\/\/agora-eoi.xtec.cat\/eoi-lapau\/wp-content\/uploads\/usu1668\/2022\/10\/eoi-lapau-convocatoria-addicional_NOU.doc\" target=\"_blank\" rel=\"noopener\">Convocat\u00f2ria addicional<\/a><\/li>\n<li><a href=\"https:\/\/agora-eoi.xtec.cat\/eoi-lapau\/wp-content\/uploads\/usu1668\/2022\/10\/eoi-lapau-sol-canvi-horari_NOU.doc\" target=\"_blank\" rel=\"noopener\">Sol\u00b7licitud canvi d\u2019horari<\/a><\/li>\n<li><a href=\"https:\/\/agora-eoi.xtec.cat\/eoi-lapau\/wp-content\/uploads\/usu1668\/2022\/10\/eoi-lapau-sol-permuta_NOU.doc\" target=\"_blank\" rel=\"noopener\">Sol\u00b7licitud de permuta<\/a><\/li>\n<li><a href=\"https:\/\/agora-eoi.xtec.cat\/eoi-lapau\/wp-content\/uploads\/usu1668\/2022\/10\/eoi-lapau-altres-instancies_NOU-1.doc\" target=\"_blank\" rel=\"noopener\">Altres inst\u00e0ncies<\/a><\/li>\n<li><a href=\"https:\/\/agora-eoi.xtec.cat\/eoi-lapau\/wp-content\/uploads\/usu1668\/2022\/10\/IMPRES-MATRICULA_NOU.pdf\" target=\"_blank\" rel=\"noopener\">Impr\u00e8s de matr\u00edcula- cursos oficials<\/a><\/li>\n<\/ul>\n<p>&nbsp;<\/p>\n","protected":false},"excerpt":{"rendered":"<p><a href=\"https:\/\/agora-eoi.xtec.cat\/eoi-lapau\/wp-content\/uploads\/usu1668\/2022\/11\/Dowload-icon-Word.png\"><\/a><a href=\"https:\/\/agora-eoi.xtec.cat\/eoi-lapau\/wp-content\/uploads\/usu1668\/2022\/11\/Dowload-icon.png\">\u00a0<\/a><br \/>\nPer facilitar la realitzaci\u00f3 de gestions administratives, podeu descarregar-vos les seg\u00fcents inst\u00e0ncies i sol\u00b7licituds.\u00a0<br \/>\nOmpliu-les i lliureu-les a secretaria, tot\u00a0aportant la documentaci\u00f3 requerida\u00a0per cada gesti\u00f3.<\/p>\n<ul>\n<li><a href=\"https:\/\/agora-eoi.xtec.cat\/eoi-lapau\/wp-content\/uploads\/usu1668\/2022\/10\/eoi-lapau-renunciar-matricula-sollicitar-reserva_NOU1.doc\" target=\"_blank\" rel=\"noopener\">Renunciar als drets de la matr\u00edcula i sol\u00b7licitar reserva de pla\u00e7a per al curs vinent<\/a><\/li>\n<li><a href=\"https:\/\/agora-eoi.xtec.cat\/eoi-lapau\/wp-content\/uploads\/usu1668\/2022\/10\/eoi-lapau-renunciar-matricula-no-sollicitar-reserva_NOU.doc\" target=\"_blank\"&hellip;  <a href=\"https:\/\/agora-eoi.xtec.cat\/eoi-lapau\/secretaria\/instancies-i-sollicituds\/\" title=\"Read Inst\u00e0ncies i sol\u00b7licituds\">Llegeix m\u00e9s\u00bb<\/a><br \/>\n","protected":false},"author":1,"featured_media":0,"parent":9680,"menu_order":2,"comment_status":"closed","ping_status":"closed","template":"page-templates\/side-menu.php","meta":{"_bbp_topic_count":0,"_bbp_reply_count":0,"_bbp_total_topic_count":0,"_bbp_total_reply_count":0,"_bbp_voice_count":0,"_bbp_anonymous_reply_count":0,"_bbp_topic_count_hidden":0,"_bbp_reply_count_hidden":0,"_bbp_forum_subforum_count":0,"footnotes":""},"class_list":["post-9759","page","type-page","status-publish","hentry"],"post_mailing_queue_ids":[],"_links":{"self":[{"href":"https:\/\/agora-eoi.xtec.cat\/eoi-lapau\/wp-json\/wp\/v2\/pages\/9759","targetHints":{"allow":["GET"]}}],"collection":[{"href":"https:\/\/agora-eoi.xtec.cat\/eoi-lapau\/wp-json\/wp\/v2\/pages"}],"about":[{"href":"https:\/\/agora-eoi.xtec.cat\/eoi-lapau\/wp-json\/wp\/v2\/types\/page"}],"author":[{"embeddable":true,"href":"https:\/\/agora-eoi.xtec.cat\/eoi-lapau\/wp-json\/wp\/v2\/users\/1"}],"replies":[{"embeddable":true,"href":"https:\/\/agora-eoi.xtec.cat\/eoi-lapau\/wp-json\/wp\/v2\/comments?post=9759"}],"version-history":[{"count":5,"href":"https:\/\/agora-eoi.xtec.cat\/eoi-lapau\/wp-json\/wp\/v2\/pages\/9759\/revisions"}],"predecessor-version":[{"id":9800,"href":"https:\/\/agora-eoi.xtec.cat\/eoi-lapau\/wp-json\/wp\/v2\/pages\/9759\/revisions\/9800"}],"up":[{"embeddable":true,"href":"https:\/\/agora-eoi.xtec.cat\/eoi-lapau\/wp-json\/wp\/v2\/pages\/9680"}],"wp:attachment":[{"href":"https:\/\/agora-eoi.xtec.cat\/eoi-lapau\/wp-json\/wp\/v2\/media?parent=9759"}],"curies":[{"name":"wp","href":"https:\/\/api.w.org\/{rel}","templated":true}]}}