{"id":9245,"date":"2022-10-28T19:50:10","date_gmt":"2022-10-28T17:50:10","guid":{"rendered":"https:\/\/agora-eoi.xtec.cat\/eoi-lapau\/?page_id=9245"},"modified":"2025-09-15T19:09:53","modified_gmt":"2025-09-15T17:09:53","slug":"cursos-semipresencials","status":"publish","type":"page","link":"https:\/\/agora-eoi.xtec.cat\/eoi-lapau\/cursos\/cursos-semipresencials\/","title":{"rendered":"Cursos semipresencials"},"content":{"rendered":"<p><a href=\"https:\/\/agora-eoi.xtec.cat\/eoi-lapau\/wp-content\/uploads\/usu1668\/2022\/10\/Online-learning.jpeg\"><img loading=\"lazy\" decoding=\"async\" class=\"alignnone size-full wp-image-9888\" src=\"https:\/\/agora-eoi.xtec.cat\/eoi-lapau\/wp-content\/uploads\/usu1668\/2022\/10\/Online-learning.jpeg\" alt=\"\" width=\"284\" height=\"177\" \/><\/a><\/p>\n<p>En els cursos amb modalitat semipresencial, la c\u00e0rrega lectiva del curs es reparteix entre el treball presencial al centre i el treball individual online.<\/p>\n<p>La formaci\u00f3 en aquesta modalitat comporta:<\/p>\n<ul>\n<li>L\u2019assist\u00e8ncia a una classe setmanal de dues hores i quart.<\/li>\n<li>El\u00a0treball individual\u00a0a trav\u00e9s de l\u2019entorn virtual d\u2019aprenentatge Moodle. Aix\u00f2 equival a un treball individual de quatre hores setmanals aproximadament. Aquesta \u00e9s una modalitat de curs on l\u2019alumnat ha de ser aut\u00f2nom en el seu aprenentatge i ser capa\u00e7 de treure el m\u00e0xim profit de les activitats online.<\/li>\n<li>El curs pot incloure, a m\u00e9s, l\u2019\u00fas d\u2019un llibre de text.<\/li>\n<li>Pel que fa a drets i deures dels alumnes, s\u00f3n els mateixos que els de qualsevol alumne\/a del centre.<\/li>\n<\/ul>\n<p>Per consultar l\u2019oferta de cursos semipresencials a l\u2019EOI La Pau aneu a l&#8217;apartat\u00a0 d&#8217;idiomes.<\/p>\n<p>&nbsp;<\/p>\n","protected":false},"excerpt":{"rendered":"<p><a href=\"https:\/\/agora-eoi.xtec.cat\/eoi-lapau\/wp-content\/uploads\/usu1668\/2022\/10\/Online-learning.jpeg\"><\/a><br \/>\nEn els cursos amb modalitat semipresencial, la c\u00e0rrega lectiva del curs es reparteix entre el treball presencial al centre i el treball individual online.<br \/>\nLa formaci\u00f3 en aquesta modalitat comporta:<\/p>\n<ul>\n<li>L\u2019assist\u00e8ncia a una classe setmanal de dues hores i quart.<\/li>\n<li>El\u00a0treball individual\u00a0a trav\u00e9s de l\u2019entorn virtual d\u2019aprenentatge&hellip;  <a href=\"https:\/\/agora-eoi.xtec.cat\/eoi-lapau\/cursos\/cursos-semipresencials\/\" title=\"Read Cursos semipresencials\">Llegeix m\u00e9s\u00bb<\/a><br \/>\n","protected":false},"author":1,"featured_media":0,"parent":9512,"menu_order":2,"comment_status":"closed","ping_status":"closed","template":"page-templates\/side-menu.php","meta":{"_bbp_topic_count":0,"_bbp_reply_count":0,"_bbp_total_topic_count":0,"_bbp_total_reply_count":0,"_bbp_voice_count":0,"_bbp_anonymous_reply_count":0,"_bbp_topic_count_hidden":0,"_bbp_reply_count_hidden":0,"_bbp_forum_subforum_count":0,"footnotes":""},"class_list":["post-9245","page","type-page","status-publish","hentry"],"post_mailing_queue_ids":[],"_links":{"self":[{"href":"https:\/\/agora-eoi.xtec.cat\/eoi-lapau\/wp-json\/wp\/v2\/pages\/9245","targetHints":{"allow":["GET"]}}],"collection":[{"href":"https:\/\/agora-eoi.xtec.cat\/eoi-lapau\/wp-json\/wp\/v2\/pages"}],"about":[{"href":"https:\/\/agora-eoi.xtec.cat\/eoi-lapau\/wp-json\/wp\/v2\/types\/page"}],"author":[{"embeddable":true,"href":"https:\/\/agora-eoi.xtec.cat\/eoi-lapau\/wp-json\/wp\/v2\/users\/1"}],"replies":[{"embeddable":true,"href":"https:\/\/agora-eoi.xtec.cat\/eoi-lapau\/wp-json\/wp\/v2\/comments?post=9245"}],"version-history":[{"count":4,"href":"https:\/\/agora-eoi.xtec.cat\/eoi-lapau\/wp-json\/wp\/v2\/pages\/9245\/revisions"}],"predecessor-version":[{"id":11620,"href":"https:\/\/agora-eoi.xtec.cat\/eoi-lapau\/wp-json\/wp\/v2\/pages\/9245\/revisions\/11620"}],"up":[{"embeddable":true,"href":"https:\/\/agora-eoi.xtec.cat\/eoi-lapau\/wp-json\/wp\/v2\/pages\/9512"}],"wp:attachment":[{"href":"https:\/\/agora-eoi.xtec.cat\/eoi-lapau\/wp-json\/wp\/v2\/media?parent=9245"}],"curies":[{"name":"wp","href":"https:\/\/api.w.org\/{rel}","templated":true}]}}