{"id":9121,"date":"2022-10-27T12:23:47","date_gmt":"2022-10-27T10:23:47","guid":{"rendered":"https:\/\/agora-eoi.xtec.cat\/eoi-lapau\/?page_id=9121"},"modified":"2023-09-01T13:40:48","modified_gmt":"2023-09-01T11:40:48","slug":"preguntes-frequents","status":"publish","type":"page","link":"https:\/\/agora-eoi.xtec.cat\/eoi-lapau\/lescola\/preguntes-frequents\/","title":{"rendered":"Preguntes freq\u00fcents"},"content":{"rendered":"<p><img loading=\"lazy\" decoding=\"async\" class=\"\" src=\"https:\/\/agora-eoi.xtec.cat\/eoi-lapau\/wp-content\/uploads\/usu1668\/2022\/11\/Preguntes-frequents3png.png\" width=\"174\" height=\"174\" \/><\/p>\n<table style=\"width: 100%; border-collapse: collapse; background-color: #d9cccc;\">\n<tbody>\n<tr>\n<td style=\"width: 100%;\">\n<p class=\"toggle active\"><strong><span class=\"toggle-title\">L\u2019Examen de Certificat de Nivell Intermedi equival al First Certificate?<\/span><\/strong><\/p>\n<div class=\"toggle-content\">\n<p>No. S\u00f3n dos ex\u00e0mens diferents. El \u201cFirst Certificate\u201d \u00e9s un t\u00edtol que d\u00f3na la Universitat de Cambridge. Quant al grau de dificultat, es recomana presentar-se al First Certificate un cop acabat el 5\u00e8 curs d\u2019EOI.<\/p>\n<\/div>\n<\/td>\n<\/tr>\n<tr>\n<td style=\"width: 100%;\">\n<p class=\"toggle active\"><strong><span class=\"toggle-title\">Qu\u00e8 passa si em matriculo en un horari al qual no puc assistir?<\/span><\/strong><\/p>\n<div class=\"toggle-content\">\n<p>Si et matricules en un horari que no et va b\u00e9 pots demanar canvi d\u2019horari a comen\u00e7aments de curs. Per\u00f2 has de saber que \u00e9s dif\u00edcil que te\u2019l concedeixin, sobretot si demanes canvi a un grup de 19.00 a 21.00 h, ja que s\u00f3n els m\u00e9s demanats.<\/p>\n<\/div>\n<\/td>\n<\/tr>\n<tr>\n<td style=\"width: 100%;\">\n<p class=\"toggle active\"><strong><span class=\"toggle-title\">Quants anys tinc per aprovar un curs?<\/span><\/strong><\/p>\n<div class=\"toggle-content\">\n<p>Dins de cada nivell \u2013 b\u00e0sic (1r i 2n), intermedi (3r) i avan\u00e7at (4t i 5\u00e8) -, et pots matricular com a alumne\/a oficial un m\u00e0xim de vegades equivalents al doble dels cursos ordenats per al nivell de l\u2019idioma corresponent, per\u00f2 en cap cas pots repetir el mateix curs m\u00e9s de tres vegades. Si has accedit directament al 2n o al 4t curs mitjan\u00e7ant un test de nivell, pots cursar aquest curs un m\u00e0xim de dues vegades. Un cop superat el nombre m\u00e0xim de cursos autoritzats i sempre que no representi fer el mateix curs per quarta vegada, podras sol\u00b7licitar excepcionalment a la direcci\u00f3 de l\u2019escola una convocat\u00f2ria addicional per nivell. La direcci\u00f3 del centre estudiar\u00e0 la sol\u00b7licitud i podr\u00e0 autoritzar, si s\u2019escau, la repetici\u00f3 d\u2019un curs m\u00e9s en aquell nivell en r\u00e8gim oficial.<\/p>\n<\/div>\n<\/td>\n<\/tr>\n<tr>\n<td style=\"width: 100%;\">\n<p class=\"toggle active\"><strong><span class=\"toggle-title\">De quantes hores consta un curs acad\u00e8mic?<\/span><\/strong><\/p>\n<div class=\"toggle-content\">D\u2019un m\u00ednim de 130 hores.<\/div>\n<\/td>\n<\/tr>\n<tr>\n<td style=\"width: 100%;\">\n<p class=\"toggle active\"><strong><span class=\"toggle-title\">Podem convalidar un curs d\u2019EOI per cr\u00e8dits de lliure elecci\u00f3 a les universitats de Catalunya?<\/span><\/strong><\/p>\n<div class=\"toggle-content\">\n<p>S\u00ed. Informa-te\u2019n a la teva universitat.<\/p>\n<\/div>\n<\/td>\n<\/tr>\n<tr>\n<td style=\"width: 100%;\">\n<p class=\"toggle active\"><strong><span class=\"toggle-title\">Quins s\u00f3n els horaris del curs?<\/span><\/strong><\/p>\n<div class=\"toggle-content\">\n<p>Les classes tenen una durada de dues hores i quinze minuts i s&#8217;imparteixen els dilluns i dimecres o els dimarts i dijous en horari de 16.00 a 18.15 i de 18.45 a 21.00 h.<\/p>\n<p>Alguns cursos d\u2019alemany ofereixen l\u2019horari de 16.30 a 18.45 h.<\/p>\n<\/div>\n<\/td>\n<\/tr>\n<tr>\n<td style=\"width: 100%;\">\n<p class=\"toggle active\"><strong><span class=\"toggle-title\">Qu\u00e8 passa si no em presento a l\u2019examen final?<\/span><\/strong><\/p>\n<div class=\"toggle-content\">\n<p>Si no et presentes a l\u2019examen final perdr\u00e0s igualment una convocat\u00f2ria de les que tens per aprovar un curs. Per aix\u00f2, si penses que per alguna ra\u00f3 no podr\u00e0s presentar-te, \u00e9s millor que vagis a secretaria i demanis com es pot fer una ren\u00fancia de pla\u00e7a. D\u2019aquesta forma no perdr\u00e0s la convocat\u00f2ria. Per\u00f2 v\u00e9s amb compte, perqu\u00e8 has de presentar la ren\u00fancia en un termini que acabar\u00e0 abans d\u2019haver transcorregut una tercera part del curs.<\/p>\n<\/div>\n<\/td>\n<\/tr>\n<tr>\n<td style=\"width: 100%;\">\n<p class=\"toggle active\"><strong><span class=\"toggle-title\">Si ja he estudiat un idioma a l\u2019EOI Barcelona-La Pau, tinc prefer\u00e8ncia davant d\u2019un alumne nou a l\u2019hora d\u2019estudiar un altre idioma?<\/span><\/strong><\/p>\n<div class=\"toggle-content\">\n<p>No. Si canvies d\u2019idioma, ets alumne nou d\u2019aquell idioma.<\/p>\n<\/div>\n<\/td>\n<\/tr>\n<\/tbody>\n<\/table>\n<p>&nbsp;<\/p>\n","protected":false},"excerpt":{"rendered":"<p>L\u2019Examen de Certificat de Nivell Intermedi equival al First Certificate?<\/p>\n<p>No. S\u00f3n dos ex\u00e0mens diferents. El \u201cFirst Certificate\u201d \u00e9s un t\u00edtol que d\u00f3na la Universitat de Cambridge. Quant al grau de dificultat, es recomana presentar-se al First Certificate un cop acabat el 5\u00e8 curs d\u2019EOI.<\/p>\n<p>Qu\u00e8 passa&hellip;  <a href=\"https:\/\/agora-eoi.xtec.cat\/eoi-lapau\/lescola\/preguntes-frequents\/\" title=\"Read Preguntes freq\u00fcents\">Llegeix m\u00e9s\u00bb<\/a><\/p>\n","protected":false},"author":1,"featured_media":0,"parent":9510,"menu_order":7,"comment_status":"closed","ping_status":"closed","template":"page-templates\/side-menu.php","meta":{"_bbp_topic_count":0,"_bbp_reply_count":0,"_bbp_total_topic_count":0,"_bbp_total_reply_count":0,"_bbp_voice_count":0,"_bbp_anonymous_reply_count":0,"_bbp_topic_count_hidden":0,"_bbp_reply_count_hidden":0,"_bbp_forum_subforum_count":0,"footnotes":""},"class_list":["post-9121","page","type-page","status-publish","hentry"],"post_mailing_queue_ids":[],"_links":{"self":[{"href":"https:\/\/agora-eoi.xtec.cat\/eoi-lapau\/wp-json\/wp\/v2\/pages\/9121","targetHints":{"allow":["GET"]}}],"collection":[{"href":"https:\/\/agora-eoi.xtec.cat\/eoi-lapau\/wp-json\/wp\/v2\/pages"}],"about":[{"href":"https:\/\/agora-eoi.xtec.cat\/eoi-lapau\/wp-json\/wp\/v2\/types\/page"}],"author":[{"embeddable":true,"href":"https:\/\/agora-eoi.xtec.cat\/eoi-lapau\/wp-json\/wp\/v2\/users\/1"}],"replies":[{"embeddable":true,"href":"https:\/\/agora-eoi.xtec.cat\/eoi-lapau\/wp-json\/wp\/v2\/comments?post=9121"}],"version-history":[{"count":3,"href":"https:\/\/agora-eoi.xtec.cat\/eoi-lapau\/wp-json\/wp\/v2\/pages\/9121\/revisions"}],"predecessor-version":[{"id":11145,"href":"https:\/\/agora-eoi.xtec.cat\/eoi-lapau\/wp-json\/wp\/v2\/pages\/9121\/revisions\/11145"}],"up":[{"embeddable":true,"href":"https:\/\/agora-eoi.xtec.cat\/eoi-lapau\/wp-json\/wp\/v2\/pages\/9510"}],"wp:attachment":[{"href":"https:\/\/agora-eoi.xtec.cat\/eoi-lapau\/wp-json\/wp\/v2\/media?parent=9121"}],"curies":[{"name":"wp","href":"https:\/\/api.w.org\/{rel}","templated":true}]}}