{"id":10878,"date":"2023-03-18T21:56:44","date_gmt":"2023-03-18T20:56:44","guid":{"rendered":"https:\/\/agora-eoi.xtec.cat\/eoi-lapau\/?page_id=10878"},"modified":"2023-06-22T16:30:53","modified_gmt":"2023-06-22T14:30:53","slug":"indicadors-i-activitats","status":"publish","type":"page","link":"https:\/\/agora-eoi.xtec.cat\/eoi-lapau\/edc\/estrategia-digital\/objectius\/indicadors-i-activitats\/","title":{"rendered":"Indicadors i activitats"},"content":{"rendered":"<p>Un cop definits els objectius de l&#8217;Estrat\u00e8gia Digital de Centre, s&#8217;estableixen uns indicadors per mesurar el grau d&#8217;assoliment de cada objectiu i es proposen diverses activitats, tal i com mostra la taula seg\u00fcent:<\/p>\n<table style=\"width: 98.9984%; background-color: #d9cccc;\">\n<tbody>\n<tr>\n<td style=\"width: 95.1447%;\" colspan=\"2\">\n<p style=\"text-align: left;\"><span style=\"color: #0000ff;\"><strong>OBJECTIU 1:\u00a0<\/strong><\/span><\/p>\n<p><strong style=\"font-family: inherit; font-size: 1em;\">Proporcionar a l&#8217;alumnat orientacions metodol\u00f2giques i d\u2019avaluaci\u00f3 que donin suport als diferents estils i situacions d\u2019aprenentatge per a l\u2019assoliment de la compet\u00e8ncia digital.<\/strong><\/p>\n<p><em>(eix 1 Alumnat DIG COMP)<\/em><\/td>\n<\/tr>\n<tr>\n<td style=\"width: 18.4234%;\"><strong>Indicador<\/strong><\/td>\n<td style=\"width: 76.7213%;\">Quin % de l&#8217;alumnat ha fet servir el Moodle en el primer mes de curs. [Criteri d&#8217;assoliment: 65%]<\/td>\n<\/tr>\n<tr>\n<td style=\"width: 18.4234%;\"><strong>Responsable<\/strong><\/td>\n<td style=\"width: 76.7213%;\">Comissi\u00f3 Digital<\/td>\n<\/tr>\n<tr>\n<td style=\"width: 18.4234%;\"><strong>Activitats<\/strong><\/td>\n<td style=\"width: 76.7213%;\">\n<ul>\n<li>La primera setmana de curs es presenta la plataforma Moodle a l&#8217;alumnat i s&#8217;explica com funciona i es mostren les seves utilitats pr\u00e0ctiques.<\/li>\n<li>Donar espai a les tutories per als alumnes que tenen dificultat amb la plataforma d&#8217;EVA.<\/li>\n<\/ul>\n<\/td>\n<\/tr>\n<\/tbody>\n<\/table>\n<p>&nbsp;<\/p>\n<table style=\"width: 98.927%; background-color: #d9cccc;\">\n<tbody>\n<tr>\n<td style=\"width: 96.0142%;\" colspan=\"2\"><span style=\"color: #0000ff;\"><strong>OBJECTIU 2: <\/strong><\/span><\/p>\n<p><strong style=\"font-family: inherit; font-size: 1em;\">Posar a l\u2019abast del professorat un entorn virtual que permeti crear i compartir continguts digitals i pr\u00e0ctiques d\u2019ensenyament i aprenentatge.<\/strong><\/p>\n<p><em>(eix 2 Docents DIG COMP)<\/em><\/td>\n<\/tr>\n<tr>\n<td style=\"width: 18.4234%;\"><strong>Indicador<\/strong><\/td>\n<td style=\"width: 77.5908%;\">N\u00famero de docents que col\u00b7laboren en la compartici\u00f3 i difusi\u00f3 de bones pr\u00e0ctiques. [Criteri d&#8217;assoliment: 5]<\/td>\n<\/tr>\n<tr>\n<td style=\"width: 18.4234%;\"><strong>Responsable<\/strong><\/td>\n<td style=\"width: 77.5908%;\">Comissi\u00f3 Digital<\/td>\n<\/tr>\n<tr>\n<td style=\"width: 18.4234%;\"><strong>Activitats<\/strong><\/td>\n<td style=\"width: 77.5908%;\">\n<ul>\n<li>Creaci\u00f3 d&#8217;un <a href=\"https:\/\/sites.google.com\/new\" target=\"_blank\" rel=\"noopener\">Google Sites<\/a> per compartir activitats virtuals.<\/li>\n<li>Compartici\u00f3 de bones pr\u00e0ctiques digitals.<\/li>\n<li>Difusi\u00f3 de bones pr\u00e0ctiques entre el professorat.<\/li>\n<\/ul>\n<\/td>\n<\/tr>\n<\/tbody>\n<\/table>\n<p>&nbsp;<\/p>\n<table style=\"width: 99.1434%; background-color: #d9cccc;\">\n<tbody>\n<tr>\n<td style=\"width: 96.3584%;\" colspan=\"2\"><span style=\"color: #0000ff;\"><strong>OBJECTIU 3: <\/strong><\/span><\/p>\n<p><strong>Dissenyar accions formatives i d\u2019assessorament del professorat en relaci\u00f3 a la creaci\u00f3 de continguts digitals.<\/strong><\/p>\n<p><em>(eix 2 Docents DIG. COMP.)<\/em><\/td>\n<\/tr>\n<tr>\n<td style=\"width: 18.4234%;\"><strong>Indicador<\/strong><\/td>\n<td style=\"width: 77.935%;\">Nombre d&#8217;activitats formatives ofertes pel centre cada curs escolar. [Criteri d&#8217;assoliment: 1]<\/td>\n<\/tr>\n<tr>\n<td style=\"width: 18.4234%;\"><strong>Responsable<\/strong><\/td>\n<td style=\"width: 77.935%;\">Comissi\u00f3 Digital<\/td>\n<\/tr>\n<tr>\n<td style=\"width: 18.4234%;\"><strong>Activitats<\/strong><\/td>\n<td style=\"width: 77.935%;\">\n<ul>\n<li>Realitzaci\u00f3 d&#8217;activitats formatives en entorn digital.<\/li>\n<\/ul>\n<\/td>\n<\/tr>\n<\/tbody>\n<\/table>\n<p>&nbsp;<\/p>\n<table style=\"width: 98.927%; background-color: #d9cccc;\">\n<tbody>\n<tr>\n<td style=\"width: 96.0142%;\" colspan=\"2\"><span style=\"color: #0000ff;\"><strong>OBJECTIU 4: <\/strong><\/span><\/p>\n<p><strong>Millorar el portal web de centre i potenciar els canals de comunicaci\u00f3 amb els alumnes i les fam\u00edlies (dels menors).<\/strong><\/p>\n<p><em>(eix 3 Centres DIG. COMP.)<\/em><\/td>\n<\/tr>\n<tr>\n<td style=\"width: 18.4234%;\"><strong>Indicador<\/strong><\/td>\n<td style=\"width: 77.5908%;\">Creaci\u00f3 de la p\u00e0gina web en el termini establert. [Criteri d&#8217;assoliment: Fet\/No fet]<\/td>\n<\/tr>\n<tr>\n<td style=\"width: 18.4234%;\"><strong>Responsable<\/strong><\/td>\n<td style=\"width: 77.5908%;\">Comissi\u00f3 Digital<\/td>\n<\/tr>\n<tr>\n<td style=\"width: 18.4234%;\"><strong>Activitats<\/strong><\/td>\n<td style=\"width: 77.5908%;\">\n<ul>\n<li>Creaci\u00f3 d&#8217;una nova p\u00e0gina web (NODES) en el termini establert.<\/li>\n<li>Creaci\u00f3 d&#8217;un compte Instagran del centre i iniciar activitat.<\/li>\n<\/ul>\n<\/td>\n<\/tr>\n<\/tbody>\n<\/table>\n<p>&nbsp;<\/p>\n","protected":false},"excerpt":{"rendered":"<p>Un cop definits els objectius de l&#8217;Estrat\u00e8gia Digital de Centre, s&#8217;estableixen uns indicadors per mesurar el grau d&#8217;assoliment de cada objectiu i es proposen diverses activitats, tal i com mostra la taula seg\u00fcent:<\/p>\n<p>OBJECTIU 1:\u00a0<br \/>\nProporcionar a l&#8217;alumnat orientacions metodol\u00f2giques i d\u2019avaluaci\u00f3 que donin suport als diferents&hellip;  <a href=\"https:\/\/agora-eoi.xtec.cat\/eoi-lapau\/edc\/estrategia-digital\/objectius\/indicadors-i-activitats\/\" title=\"Read Indicadors i activitats\">Llegeix m\u00e9s\u00bb<\/a><\/p>\n","protected":false},"author":1,"featured_media":0,"parent":8885,"menu_order":1,"comment_status":"closed","ping_status":"closed","template":"page-templates\/side-menu.php","meta":{"_bbp_topic_count":0,"_bbp_reply_count":0,"_bbp_total_topic_count":0,"_bbp_total_reply_count":0,"_bbp_voice_count":0,"_bbp_anonymous_reply_count":0,"_bbp_topic_count_hidden":0,"_bbp_reply_count_hidden":0,"_bbp_forum_subforum_count":0,"footnotes":""},"class_list":["post-10878","page","type-page","status-publish","hentry"],"post_mailing_queue_ids":[],"_links":{"self":[{"href":"https:\/\/agora-eoi.xtec.cat\/eoi-lapau\/wp-json\/wp\/v2\/pages\/10878","targetHints":{"allow":["GET"]}}],"collection":[{"href":"https:\/\/agora-eoi.xtec.cat\/eoi-lapau\/wp-json\/wp\/v2\/pages"}],"about":[{"href":"https:\/\/agora-eoi.xtec.cat\/eoi-lapau\/wp-json\/wp\/v2\/types\/page"}],"author":[{"embeddable":true,"href":"https:\/\/agora-eoi.xtec.cat\/eoi-lapau\/wp-json\/wp\/v2\/users\/1"}],"replies":[{"embeddable":true,"href":"https:\/\/agora-eoi.xtec.cat\/eoi-lapau\/wp-json\/wp\/v2\/comments?post=10878"}],"version-history":[{"count":4,"href":"https:\/\/agora-eoi.xtec.cat\/eoi-lapau\/wp-json\/wp\/v2\/pages\/10878\/revisions"}],"predecessor-version":[{"id":11055,"href":"https:\/\/agora-eoi.xtec.cat\/eoi-lapau\/wp-json\/wp\/v2\/pages\/10878\/revisions\/11055"}],"up":[{"embeddable":true,"href":"https:\/\/agora-eoi.xtec.cat\/eoi-lapau\/wp-json\/wp\/v2\/pages\/8885"}],"wp:attachment":[{"href":"https:\/\/agora-eoi.xtec.cat\/eoi-lapau\/wp-json\/wp\/v2\/media?parent=10878"}],"curies":[{"name":"wp","href":"https:\/\/api.w.org\/{rel}","templated":true}]}}